-- Table structure for table `sales_target`
--

CREATE TABLE `sales_target` (
  `id` int(11) NOT NULL,
  `userid` int(11) DEFAULT NULL,
  `customer_target` int(11) DEFAULT NULL,
  `sell_target` decimal(10,2) DEFAULT NULL,
  `month` varchar(20) DEFAULT NULL,
  `year` int(11) DEFAULT NULL,
  `created_at` timestamp NULL DEFAULT NULL,
  `updated_at` timestamp NOT NULL DEFAULT CURRENT_TIMESTAMP
) ENGINE=InnoDB DEFAULT CHARSET=latin1;

--
-- Dumping data for table `sales_target`
--

INSERT INTO `sales_target` (`id`, `userid`, `customer_target`, `sell_target`, `month`, `year`, `created_at`, `updated_at`) VALUES
(1, 316, 200, 100000.00, 'Jan', 2022, '2022-02-08 16:15:54', '2022-02-08 16:15:54'),
(2, 316, 300, 300000.00, 'Feb', 2022, '2022-02-08 16:16:16', '2022-02-08 16:16:16'),
(3, 316, 300, 300000.00, 'Feb', 2022, '2022-02-08 16:16:46', '2022-02-08 16:16:46'),
(4, 316, 300, 300000.00, 'Mar', 2022, '2022-04-07 14:04:02', '2022-04-07 14:04:02'),
(5, 316, 300, 300000.00, 'Apr', 2022, '2022-04-07 14:04:16', '2022-04-07 14:04:16'),
(6, 316, 300, 300000.00, 'May', 2022, NULL, '2022-05-02 06:08:23'),
(7, 316, 300, 300000.00, 'May', 2023, '2023-05-22 15:02:18', '2023-05-22 15:02:18'),
(8, 316, 300, 9000000.00, 'Sep', 2023, '2023-09-10 03:30:18', '2023-09-10 03:30:18'),
(9, 316, 300, 9000000.00, 'Sep', 2023, '2023-09-10 03:32:50', '2023-09-10 03:32:50'),
(10, 316, 300, 9000000.00, 'Sep', 2023, '2023-09-10 03:33:14', '2023-09-10 03:33:14');

-- --------------------------------------------------------

--
-- Table structure for table `sessions`
--

CREATE TABLE `sessions` (
  `id` varchar(255) COLLATE utf8mb4_unicode_ci NOT NULL,
  `user_id` bigint(20) UNSIGNED DEFAULT NULL,
  `ip_address` varchar(45) COLLATE utf8mb4_unicode_ci DEFAULT NULL,
  `user_agent` text COLLATE utf8mb4_unicode_ci,
  `payload` text COLLATE utf8mb4_unicode_ci NOT NULL,
  `last_activity` int(11) NOT NULL
) ENGINE=InnoDB DEFAULT CHARSET=utf8mb4 COLLATE=utf8mb4_unicode_ci;

--
-- Dumping data for table `sessions`
--

INSERT INTO `sessions` (`id`, `user_id`, `ip_address`, `user_agent`, `payload`, `last_activity`) VALUES
('bU6R7ymhkVf17FWU5bEpimNdAbmmtADzQjfTqBZl', 763, '49.37.114.180', 'Mozilla/5.0 (Windows NT 10.0; Win64; x64) AppleWebKit/537.36 (KHTML, like Gecko) Chrome/116.0.0.0 Safari/537.36', 'YTo1OntzOjY6Il90b2tlbiI7czo0MDoiWkZTenhjNEJvRFpaUWROTnhvSFlROVpVenhMOXZaT2Jwb3R6OGlVayI7czo5OiJfcHJldmlvdXMiO2E6MTp7czozOiJ1cmwiO3M6Nzg6Imh0dHBzOi8vd3d3LmFkbWluLmpldG1hcnRpbmRpYS5jb20vZGF5X2NvbGxlY3Rpb24/ZGF0ZT0yMDIzLTA5LTIzJmRlbGl2ZXJ5Ym95PSI7fXM6NjoiX2ZsYXNoIjthOjI6e3M6Mzoib2xkIjthOjA6e31zOjM6Im5ldyI7YTowOnt9fXM6NTA6ImxvZ2luX3dlYl81OWJhMzZhZGRjMmIyZjk0MDE1ODBmMDE0YzdmNThlYTRlMzA5ODlkIjtpOjc2MztzOjE3OiJwYXNzd29yZF9oYXNoX3dlYiI7czo2MDoiJDJ5JDEwJFZySkc4NDF4Tmw3UmltdVBOa1oxZk9wdHFEdzNkbThhY2FZNGdxNmlYNG5VWTdIUVpqVDdDIjt9', 1695627350),
('Gigw8vjeR8znif4iMCrF3FyDKx4dBl1tRdeviuUL', 763, '49.37.116.107', 'Mozilla/5.0 (Linux; Android 13; SAMSUNG SM-A225F) AppleWebKit/537.36 (KHTML, like Gecko) SamsungBrowser/22.0 Chrome/111.0.5563.116 Mobile Safari/537.36', 'YTo1OntzOjY6Il90b2tlbiI7czo0MDoieHI0dEVKRnhvVVA4SnAxWFc2Z05jTG5hUjV0bjU5THNvc1FqMkhGVyI7czo5OiJfcHJldmlvdXMiO2E6MTp7czozOiJ1cmwiO3M6NDA6Imh0dHBzOi8vd3d3LmFkbWluLmpldG1hcnRpbmRpYS5jb20vb3JkZXIiO31zOjY6Il9mbGFzaCI7YToyOntzOjM6Im9sZCI7YTowOnt9czozOiJuZXciO2E6MDp7fX1zOjUwOiJsb2dpbl93ZWJfNTliYTM2YWRkYzJiMmY5NDAxNTgwZjAxNGM3ZjU4ZWE0ZTMwOTg5ZCI7aTo3NjM7czoxNzoicGFzc3dvcmRfaGFzaF93ZWIiO3M6NjA6IiQyeSQxMCRWckpHODQxeE5sN1JpbXVQTmtaMWZPcHRxRHczZG04YWNhWTRncTZpWDRuVVk3SFFaalQ3QyI7fQ==', 1695627096),
('rRf7dMIrxJCObN2QZlJ5Iexi8PHokYOS3HGwewzF', 1, '49.37.114.180', 'Mozilla/5.0 (Windows NT 10.0; Win64; x64) AppleWebKit/537.36 (KHTML, like Gecko) Chrome/116.0.0.0 Safari/537.36', 'YTo1OntzOjY6Il90b2tlbiI7czo0MDoiaFRyMjZDWFVSQ3FVbFlyOE05cVhVS2NDaGxTcTNVRUxORDFGdGlkVCI7czo5OiJfcHJldmlvdXMiO2E6MTp7czozOiJ1cmwiO3M6NDA6Imh0dHBzOi8vd3d3LmFkbWluLmpldG1hcnRpbmRpYS5jb20vb3JkZXIiO31zOjY6Il9mbGFzaCI7YToyOntzOjM6Im9sZCI7YTowOnt9czozOiJuZXciO2E6MDp7fX1zOjUwOiJsb2dpbl93ZWJfNTliYTM2YWRkYzJiMmY5NDAxNTgwZjAxNGM3ZjU4ZWE0ZTMwOTg5ZCI7aToxO3M6MTc6InBhc3N3b3JkX2hhc2hfd2ViIjtzOjYwOiIkMnkkMTAkZU9KY2pPVDJrNDlZSjZaeWx3TTV4TzgycE9HOFNGS1lZSGYudEhhOVZ6dEdmWllxMGl1QXEiO30=', 1695628684),
('leCRdtmNML8wVmQYkSUrTX9dDIgBDjuSZJK0KMxg', 1069, '49.37.114.180', 'Mozilla/5.0 (Windows NT 10.0; Win64; x64) AppleWebKit/537.36 (KHTML, like Gecko) Chrome/116.0.0.0 Safari/537.36', 'YTo1OntzOjY6Il90b2tlbiI7czo0MDoiRlNFVlRibFdkN3hvN2dYc2dlM1l0Tk85Y21KVXNnRFlmR2pHNGxRbiI7czo5OiJfcHJldmlvdXMiO2E6MTp7czozOiJ1cmwiO3M6NjI6Imh0dHBzOi8vd3d3LmFkbWluLmpldG1hcnRpbmRpYS5jb20vZGVsaXZlcnkvb3JkZXItZGV0YWlscy83MTU5Ijt9czo2OiJfZmxhc2giO2E6Mjp7czozOiJvbGQiO2E6MDp7fXM6MzoibmV3IjthOjA6e319czo1MDoibG9naW5fd2ViXzU5YmEzNmFkZGMyYjJmOTQwMTU4MGYwMTRjN2Y1OGVhNGUzMDk4OWQiO2k6MTA2OTtzOjE3OiJwYXNzd29yZF9oYXNoX3dlYiI7czo2MDoiJDJ5JDEwJDc2elN6cWtxbzk2QzNVRm1FZ1JEZ2VzLnhBYlo2Um5KSTdZUFR5LzRFRGhHS1pibWFneVFXIjt9', 1695620347),
('nCwyKsJfNFtVvA5x268zJbjLET1TJTsunBt5hQPh', NULL, '66.249.66.199', 'Mozilla/5.0 (compatible; Googlebot/2.1; +http://www.google.com/bot.html)', 'YTozOntzOjY6Il90b2tlbiI7czo0MDoiYVZyajF0cjAzaERCWXpXb2VPN2hCTjJBdTVrTlFQeVY4ZEx5SE81ayI7czo5OiJfcHJldmlvdXMiO2E6MTp7czozOiJ1cmwiO3M6NTI6Imh0dHBzOi8vamV0bWFydGluZGlhLmNvbS9jYXRlZ29yeS9kZW8tYW5kLWZyYWdyYW5jZXMiO31zOjY6Il9mbGFzaCI7YToyOntzOjM6Im9sZCI7YTowOnt9czozOiJuZXciO2E6MDp7fX19', 1695620294),
('bSyWDtsykcTohnAY5ILT18rQkkCHEFiXxrEkp7MA', NULL, '114.119.148.187', 'Mozilla/5.0 (Linux; Android 7.0;) AppleWebKit/537.36 (KHTML, like Gecko) Mobile Safari/537.36 (compatible; PetalBot;+https://webmaster.petalsearch.com/site/petalbot)', 'YTozOntzOjY6Il90b2tlbiI7czo0MDoiM3g5VjY0aWdyd2dOMXBmbjIxdUxQN3FoR0pIOU5lTEZTUDdma3JlWiI7czo5OiJfcHJldmlvdXMiO2E6MTp7czozOiJ1cmwiO3M6NTM6Imh0dHBzOi8vd3d3LmpldG1hcnRpbmRpYS5jb20vcHJvZHVjdC9zdWJoYWxhYmhhLWRodXBhIjt9czo2OiJfZmxhc2giO2E6Mjp7czozOiJvbGQiO2E6MDp7fXM6MzoibmV3IjthOjA6e319fQ==', 1695620316),
('PDaM6xiitXKQx8lrAve6D35rINYEPHHIalcSbV6A', NULL, '66.249.66.197', 'Mozilla/5.0 (compatible; Googlebot/2.1; +http://www.google.com/bot.html)', 'YTozOntzOjY6Il90b2tlbiI7czo0MDoiT09VYzJFMGdDU0lobE9DSGhtRXdTUFZkdnMzZ0hqV010NUJlME5DMCI7czo5OiJfcHJldmlvdXMiO2E6MTp7czozOiJ1cmwiO3M6NTc6Imh0dHBzOi8vamV0bWFydGluZGlhLmNvbS9wdWJsaWMvcHJvZHVjdC9zdGF5ZnJlZS1jb3Rvbi03cyI7fXM6NjoiX2ZsYXNoIjthOjI6e3M6Mzoib2xkIjthOjA6e31zOjM6Im5ldyI7YTowOnt9fX0=', 1695620407),
('RO0QNQdJwxl21BCQPHG5XcnbPI9AefFVO30VhlMY', NULL, '193.186.4.136', 'Mozilla/5.0 (Linux; Android 10; K) AppleWebKit/537.36 (KHTML, like Gecko) Chrome/117.0.0.0 Mobile Safari/537.36', 'YToyOntzOjY6Il90b2tlbiI7czo0MDoid2Q2WVlCc3ZHeGFQOVlMTm1BS0VZVFRvQmZWQW1rWmJBbVpTdXM4MSI7czo2OiJfZmxhc2giO2E6Mjp7czozOiJvbGQiO2E6MDp7fXM6MzoibmV3IjthOjA6e319fQ==', 1695620428),
('WMBt8dp32GXw1dMHqD76XkCV3sRXUMJNpugZT3az', NULL, '114.119.134.182', 'Mozilla/5.0 (Linux; Android 7.0;) AppleWebKit/537.36 (KHTML, like Gecko) Mobile Safari/537.36 (compatible; PetalBot;+https://webmaster.petalsearch.com/site/petalbot)', 'YTozOntzOjY6Il90b2tlbiI7czo0MDoiNFEzUmlVSFBIcUFtVURnanprdzlHU0NxRXZybVlnWjduQXBxWDJSZSI7czo5OiJfcHJldmlvdXMiO2E6MTp7czozOiJ1cmwiO3M6NjM6Imh0dHBzOi8vd3d3LmpldG1hcnRpbmRpYS5jb20vcHJvZHVjdC9zb3lhYmFkaS1iaGFyYXQtcnMtMTAtbWluaSI7fXM6NjoiX2ZsYXNoIjthOjI6e3M6Mzoib2xkIjthOjA6e31zOjM6Im5ldyI7YTowOnt9fX0=', 1695620503),
('Ij6Z6wzcPKVW7MCCVZDlgfIJvwDUtegBYRkdcwYz', NULL, '66.249.66.197', 'Googlebot-Image/1.0', 'YTozOntzOjY6Il90b2tlbiI7czo0MDoidUxzVHE1eEhsaW1rTllYVzJYZk9GUnkyMFlmc0Y4eGdjZmJjOEJEeiI7czo5OiJfcHJldmlvdXMiO2E6MTp7czozOiJ1cmwiO3M6Njg6Imh0dHBzOi8vamV0bWFydGluZGlhLmNvbS91cGxvYWQvMjAzMDcxMTU2MlBBTlRFRU4lMjBTQU1QT08lMjA2TUwuanBnIjt9czo2OiJfZmxhc2giO2E6Mjp7czozOiJvbGQiO2E6MDp7fXM6MzoibmV3IjthOjA6e319fQ==', 1695620588),
('w36Xg51QSpRcUYq6n4MLijpRYXbGuWKZBorN8KfO', NULL, '66.249.66.197', 'Googlebot-Image/1.0', 'YTozOntzOjY6Il90b2tlbiI7czo0MDoibDFaZEtDUUY3ZXlEOXBzODRoYVRuem9CWko5SXBUUHA4aEFiSE5IZiI7czo5OiJfcHJldmlvdXMiO2E6MTp7czozOiJ1cmwiO3M6Njg6Imh0dHBzOi8vamV0bWFydGluZGlhLmNvbS91cGxvYWQvMjAzMDcxMTU2MlBBTlRFRU4lMjBTQU1QT08lMjA2TUwuanBnIjt9czo2OiJfZmxhc2giO2E6Mjp7czozOiJvbGQiO2E6MDp7fXM6MzoibmV3IjthOjA6e319fQ==', 1695620590),
('U4Qj2h2bJGmAqkX9lyf1ZVrG2c2Ir9d0tYKb07i0', NULL, '64.233.172.237', 'Mozilla/5.0 (X11; Linux x86_64) AppleWebKit/537.36 (KHTML, like Gecko) Chrome/56.0.2924.87 Safari/537.36 Google-PageRenderer Google (+https://developers.google.com/+/web/snippet/)', 'YTozOntzOjY6Il90b2tlbiI7czo0MDoiVWpqZ0JRcDFqVmFKdGpPNG1WeVE0bjFTQU9xOHlEM0pmb0dOcjRzWSI7czo5OiJfcHJldmlvdXMiO2E6MTp7czozOiJ1cmwiO3M6MjQ6Imh0dHBzOi8vamV0bWFydGluZGlhLmNvbSI7fXM6NjoiX2ZsYXNoIjthOjI6e3M6Mzoib2xkIjthOjA6e31zOjM6Im5ldyI7YTowOnt9fX0=', 1695620638),
('hTTe5hrs3THdZdvwLxYYSWIYzq4ukUuYzZFt2OCj', NULL, '64.233.172.237', 'Mozilla/5.0 (X11; Linux x86_64) AppleWebKit/537.36 (KHTML, like Gecko) Chrome/56.0.2924.87 Safari/537.36 Google-PageRenderer Google (+https://developers.google.com/+/web/snippet/)', 'YTozOntzOjY6Il90b2tlbiI7czo0MDoiZ3AxVG5kQXdDdmV0TzJMOFNQWXZCcWNzTU94czRJODFnNE0yeVZIbCI7czo5OiJfcHJldmlvdXMiO2E6MTp7czozOiJ1cmwiO3M6NTk6Imh0dHBzOi8vamV0bWFydGluZGlhLmNvbS91cGxvYWQvMTAzMzQwMjk5OWJoYXJhdF9iYW5uZXIuanBnIjt9czo2OiJfZmxhc2giO2E6Mjp7czozOiJvbGQiO2E6MDp7fXM6MzoibmV3IjthOjA6e319fQ==', 1695620639),
('tj83TMZlBVWOINR9rbqmcVEktupdMZhaiYLym7qi', NULL, '64.233.172.237', 'Mozilla/5.0 (X11; Linux x86_64) AppleWebKit/537.36 (KHTML, like Gecko) Chrome/56.0.2924.87 Safari/537.36 Google-PageRenderer Google (+https://developers.google.com/+/web/snippet/)', 'YTozOntzOjY6Il90b2tlbiI7czo0MDoiR1htc1k4SXdER3pLSUZkZ1NKMVVLcFY3NHdKVWtaN05ZdUxqazhFeiI7czo5OiJfcHJldmlvdXMiO2E6MTp7czozOiJ1cmwiO3M6NTE6Imh0dHBzOi8vamV0bWFydGluZGlhLmNvbS91cGxvYWQvNjUzNTg5MDA5cGdsb2dvLmpwZyI7fXM6NjoiX2ZsYXNoIjthOjI6e3M6Mzoib2xkIjthOjA6e31zOjM6Im5ldyI7YTowOnt9fX0=', 1695620639),
('fu5c8seXBZIdGMakObmESyheIRNEQpJomNQypxHC', NULL, '64.233.172.237', 'Mozilla/5.0 (X11; Linux x86_64) AppleWebKit/537.36 (KHTML, like Gecko) Chrome/56.0.2924.87 Safari/537.36 Google-PageRenderer Google (+https://developers.google.com/+/web/snippet/)', 'YTozOntzOjY6Il90b2tlbiI7czo0MDoiSWZ1aEE5QmNkQ2RBOTdZTElydk1QSlVZVXhoS0hCdlRib0I2NjhhcSI7czo5OiJfcHJldmlvdXMiO2E6MTp7czozOiJ1cmwiO3M6NjQ6Imh0dHBzOi8vamV0bWFydGluZGlhLmNvbS91cGxvYWQvMTc3OTI4OTAzMFJpZ2h0LWJhbm5lcl8yZGRmNS5qcGciO31zOjY6Il9mbGFzaCI7YToyOntzOjM6Im9sZCI7YTowOnt9czozOiJuZXciO2E6MDp7fX19', 1695620639),
('FLjf5XRw0uuj5mvVSYDxVAyUCfXXyehSPvuaa5Rz', NULL, '64.233.172.235', 'Mozilla/5.0 (X11; Linux x86_64) AppleWebKit/537.36 (KHTML, like Gecko) Chrome/56.0.2924.87 Safari/537.36 Google-PageRenderer Google (+https://developers.google.com/+/web/snippet/)', 'YTozOntzOjY6Il90b2tlbiI7czo0MDoid3poYjJZckJ0TGF0WnhkZnY1WW5HNWZWZ0l4bWx3dWNMcWt4T1k3RCI7czo5OiJfcHJldmlvdXMiO2E6MTp7czozOiJ1cmwiO3M6NTA6Imh0dHBzOi8vamV0bWFydGluZGlhLmNvbS91cGxvYWQvMjAzNzU3Mjk2MGJhYnkuanBnIjt9czo2OiJfZmxhc2giO2E6Mjp7czozOiJvbGQiO2E6MDp7fXM6MzoibmV3IjthOjA6e319fQ==', 1695620639),
('urAPL1Di07f1vLiY37eFd3WFmfFK9uN5sATqyn40', NULL, '64.233.172.236', 'Mozilla/5.0 (X11; Linux x86_64) AppleWebKit/537.36 (KHTML, like Gecko) Chrome/56.0.2924.87 Safari/537.36 Google-PageRenderer Google (+https://developers.google.com/+/web/snippet/)', 'YTozOntzOjY6Il90b2tlbiI7czo0MDoiamt4eXBEYnFlNWdoYjFmYTdrNVA1WjFKQXBYT1Y3WE9WSldjZzAwViI7czo5OiJfcHJldmlvdXMiO2E6MTp7czozOiJ1cmwiO3M6NTA6Imh0dHBzOi8vamV0bWFydGluZGlhLmNvbS91cGxvYWQvNzY2NjQwMDc4ZGF3YXQuanBnIjt9czo2OiJfZmxhc2giO2E6Mjp7czozOiJvbGQiO2E6MDp7fXM6MzoibmV3IjthOjA6e319fQ==', 1695620639),
('knwK5bhl0x5Vrxhw2lwY5i7z39XZOcHpsaI0YR7G', NULL, '64.233.172.235', 'Mozilla/5.0 (X11; Linux x86_64) AppleWebKit/537.36 (KHTML, like Gecko) Chrome/56.0.2924.87 Safari/537.36 Google-PageRenderer Google (+https://developers.google.com/+/web/snippet/)', 'YTozOntzOjY6Il90b2tlbiI7czo0MDoiTTFQVmRVZkhvTWwxcDI1ZlpCZWpPTUplOEptVlp3eHBvRWlYUlQxYyI7czo5OiJfcHJldmlvdXMiO2E6MTp7czozOiJ1cmwiO3M6Njk6Imh0dHBzOi8vamV0bWFydGluZGlhLmNvbS91cGxvYWQvNzMwODk5MTdMYWZ0LWJhbm5lcl8yNzB4NTAwXzFlMTVjLmpwZyI7fXM6NjoiX2ZsYXNoIjthOjI6e3M6Mzoib2xkIjthOjA6e31zOjM6Im5ldyI7YTowOnt9fX0=', 1695620639),
('zL9vMsW6jeKWv1iF7oCt2f1QU7ztVrFMaBOiOe3r', NULL, '64.233.172.235', 'Mozilla/5.0 (X11; Linux x86_64) AppleWebKit/537.36 (KHTML, like Gecko) Chrome/56.0.2924.87 Safari/537.36 Google-PageRenderer Google (+https://developers.google.com/+/web/snippet/)', 'YTozOntzOjY6Il90b2tlbiI7czo0MDoiOWlpbU5wZ3o5bUplNXlHanZYVXh4TGJRdWVUTEVBdjdMZmcxcWpKaiI7czo5OiJfcHJldmlvdXMiO2E6MTp7czozOiJ1cmwiO3M6NDk6Imh0dHBzOi8vamV0bWFydGluZGlhLmNvbS91cGxvYWQvMjAxOTY2MTg4MW5lcy5KUEciO31zOjY6Il9mbGFzaCI7YToyOntzOjM6Im9sZCI7YTowOnt9czozOiJuZXciO2E6MDp7fX19', 1695620639),
('ibnPFO5U0qLF1IvaLyTzcCRqxX3l80sTaP5uVTLM', NULL, '64.233.172.235', 'Mozilla/5.0 (X11; Linux x86_64) AppleWebKit/537.36 (KHTML, like Gecko) Chrome/56.0.2924.87 Safari/537.36 Google-PageRenderer Google (+https://developers.google.com/+/web/snippet/)', 'YTozOntzOjY6Il90b2tlbiI7czo0MDoiemVPRmk0clZmMlB4M2Z1RlN4ZnZJNFhVbkJLUWo3c3NGSDllYTZrbCI7czo5OiJfcHJldmlvdXMiO2E6MTp7czozOiJ1cmwiO3M6NTI6Imh0dHBzOi8vamV0bWFydGluZGlhLmNvbS91cGxvYWQvMTQ0ODcyOTk0OGhlYWx0aC5qcGciO31zOjY6Il9mbGFzaCI7YToyOntzOjM6Im9sZCI7YTowOnt9czozOiJuZXciO2E6MDp7fX19', 1695620639),
('ULTGTv8Hz7jSu04zG0Xcs1lbIZWVjPGx4bA44Grw', NULL, '64.233.172.237', 'Mozilla/5.0 (X11; Linux x86_64) AppleWebKit/537.36 (KHTML, like Gecko) Chrome/56.0.2924.87 Safari/537.36 Google-PageRenderer Google (+https://developers.google.com/+/web/snippet/)', 'YTozOntzOjY6Il90b2tlbiI7czo0MDoiN2VJZzFYem82VVY0NEJFbWlHb012Z1hJNFRlVFpKV2ozWTZXTENrOCI7czo5OiJfcHJldmlvdXMiO2E6MTp7czozOiJ1cmwiO3M6NjE6Imh0dHBzOi8vamV0bWFydGluZGlhLmNvbS91cGxvYWQvMTE1MjUyMzA2OWRpcnktYW5kLWJha2VyeS5qcGciO31zOjY6Il9mbGFzaCI7YToyOntzOjM6Im9sZCI7YTowOnt9czozOiJuZXciO2E6MDp7fX19', 1695620639),
('GkGSoj9EXBEED7mMnGGxU9iDleVlRfjJlJv9gFQb', NULL, '64.233.172.235', 'Mozilla/5.0 (X11; Linux x86_64) AppleWebKit/537.36 (KHTML, like Gecko) Chrome/56.0.2924.87 Safari/537.36 Google-PageRenderer Google (+https://developers.google.com/+/web/snippet/)', 'YTozOntzOjY6Il90b2tlbiI7czo0MDoiMUQ5OXdvMzlsYmJoQ0Z2MFFsMDVpNTlNb3dCOHlrVTlVTVZ3elJDYiI7czo5OiJfcHJldmlvdXMiO2E6MTp7czozOiJ1cmwiO3M6NTk6Imh0dHBzOi8vamV0bWFydGluZGlhLmNvbS91cGxvYWQvMjA2MTQ0MDAzOHBlcnNvbmFsLWNhcmUuanBnIjt9czo2OiJfZmxhc2giO2E6Mjp7czozOiJvbGQiO2E6MDp7fXM6MzoibmV3IjthOjA6e319fQ==', 1695620639),
('z5XYMApgVKSLu2p10HE0ayvdwgUQ4CWw25m53R8d', NULL, '64.233.172.237', 'Mozilla/5.0 (X11; Linux x86_64) AppleWebKit/537.36 (KHTML, like Gecko) Chrome/56.0.2924.87 Safari/537.36 Google-PageRenderer Google (+https://developers.google.com/+/web/snippet/)', 'YTozOntzOjY6Il90b2tlbiI7czo0MDoibFRrdzQ3eGhadEd5eUJtSW40NnNuYXlhWmNaZUNtSW4wOFp3YWdibSI7czo5OiJfcHJldmlvdXMiO2E6MTp7czozOiJ1cmwiO3M6NTM6Imh0dHBzOi8vamV0bWFydGluZGlhLmNvbS91cGxvYWQvMTQ0MDMwMTM2Mmdyb2NlcnkuanBnIjt9czo2OiJfZmxhc2giO2E6Mjp7czozOiJvbGQiO2E6MDp7fXM6MzoibmV3IjthOjA6e319fQ==', 1695620639),
('qmUq4AERdWU5D1iwMrDQJeNnHwq4YCglRUjPh1bh', NULL, '64.233.172.236', 'Mozilla/5.0 (X11; Linux x86_64) AppleWebKit/537.36 (KHTML, like Gecko) Chrome/56.0.2924.87 Safari/537.36 Google-PageRenderer Google (+https://developers.google.com/+/web/snippet/)', 'YTozOntzOjY6Il90b2tlbiI7czo0MDoiWHp4NExKUU5kVUJQR2VSSzJQb3drdkc2Yjk2T2k4RzB2U3hWZDM0MiI7czo5OiJfcHJldmlvdXMiO2E6MTp7czozOiJ1cmwiO3M6NTQ6Imh0dHBzOi8vamV0bWFydGluZGlhLmNvbS91cGxvYWQvMTUzMTEwNDYwN2tvaGlub29yLmpwZyI7fXM6NjoiX2ZsYXNoIjthOjI6e3M6Mzoib2xkIjthOjA6e31zOjM6Im5ldyI7YTowOnt9fX0=', 1695620639),
('Gr5PYYyNzxbTBzSlIVR3hsAdqtSfmaRC9fkwqPIa', NULL, '64.233.172.237', 'Mozilla/5.0 (X11; Linux x86_64) AppleWebKit/537.36 (KHTML, like Gecko) Chrome/56.0.2924.87 Safari/537.36 Google-PageRenderer Google (+https://developers.google.com/+/web/snippet/)', 'YTozOntzOjY6Il90b2tlbiI7czo0MDoiZktTZmFqMTJMMjZ6R091d0k4RUZvRElZQVlUVFFVck5BTXV5OFlaaSI7czo5OiJfcHJldmlvdXMiO2E6MTp7czozOiJ1cmwiO3M6NTM6Imh0dHBzOi8vamV0bWFydGluZGlhLmNvbS91cGxvYWQvMTc0NjQ3MTQ2NGh1bGxvZ28uanBnIjt9czo2OiJfZmxhc2giO2E6Mjp7czozOiJvbGQiO2E6MDp7fXM6MzoibmV3IjthOjA6e319fQ==', 1695620639),
('tbzcdKTfeR123TB22fWUFqA45WrqCa8SSCGOmt1A', NULL, '64.233.172.237', 'Mozilla/5.0 (X11; Linux x86_64) AppleWebKit/537.36 (KHTML, like Gecko) Chrome/56.0.2924.87 Safari/537.36 Google-PageRenderer Google (+https://developers.google.com/+/web/snippet/)', 'YTozOntzOjY6Il90b2tlbiI7czo0MDoidFY0MUtDdEMxV1cyZ3dieTZvc0FkSFpCSEpjTWhobTFxZ3QwUXh2YyI7czo5OiJfcHJldmlvdXMiO2E6MTp7czozOiJ1cmwiO3M6NTQ6Imh0dHBzOi8vamV0bWFydGluZGlhLmNvbS91cGxvYWQvNjIzNDM2Mjk0aG91c2Vob2xkLmpwZyI7fXM6NjoiX2ZsYXNoIjthOjI6e3M6Mzoib2xkIjthOjA6e31zOjM6Im5ldyI7YTowOnt9fX0=', 1695620640),
('u3kYUxN8VQiwUufhOJcCj5h15n4OnbkATobsxHuP', NULL, '64.233.172.237', 'Mozilla/5.0 (X11; Linux x86_64) AppleWebKit/537.36 (KHTML, like Gecko) Chrome/56.0.2924.87 Safari/537.36 Google-PageRenderer Google (+https://developers.google.com/+/web/snippet/)', 'YTozOntzOjY6Il90b2tlbiI7czo0MDoiODNUSlFJdXRBbTFOREJ3alhxMEFub2hNdHphYVNTVEJuMTlTSE9vYSI7czo5OiJfcHJldmlvdXMiO2E6MTp7czozOiJ1cmwiO3M6Njc6Imh0dHBzOi8vamV0bWFydGluZGlhLmNvbS91cGxvYWQvODQ2ODA5ODgwUmVja2l0dF9CZW5ja2lzZXJfTG9nby5qcGciO31zOjY6Il9mbGFzaCI7YToyOntzOjM6Im9sZCI7YTowOnt9czozOiJuZXciO2E6MDp7fX19', 1695620640),
('zZThetTGygYhQezy7MyBGDKzmNgo0GAiYUTkY1TV', NULL, '64.233.172.236', 'Mozilla/5.0 (X11; Linux x86_64) AppleWebKit/537.36 (KHTML, like Gecko) Chrome/56.0.2924.87 Safari/537.36 Google-PageRenderer Google (+https://developers.google.com/+/web/snippet/)', 'YTozOntzOjY6Il90b2tlbiI7czo0MDoibkN3Z1BJOUYxS3lhUzJqQlJpaXdlREw5M2Vlb2RPVEVRcTA0eGh0RyI7czo5OiJfcHJldmlvdXMiO2E6MTp7czozOiJ1cmwiO3M6NTI6Imh0dHBzOi8vamV0bWFydGluZGlhLmNvbS91cGxvYWQvMTUzMzQ3Nzc4MmJoYXJhdC5qcGciO31zOjY6Il9mbGFzaCI7YToyOntzOjM6Im9sZCI7YTowOnt9czozOiJuZXciO2E6MDp7fX19', 1695620640),
('ZpoaOgvLc6lC90RQDQarfIS1wWWAbfQTuq1YIvEn', NULL, '64.233.172.235', 'Mozilla/5.0 (X11; Linux x86_64) AppleWebKit/537.36 (KHTML, like Gecko) Chrome/56.0.2924.87 Safari/537.36 Google-PageRenderer Google (+https://developers.google.com/+/web/snippet/)', 'YTozOntzOjY6Il90b2tlbiI7czo0MDoiUzBuN083RjVwSVkyMkJiT3NOU2VGM2x4R2VLeUpkOWxqeWFvOGpHUCI7czo5OiJfcHJldmlvdXMiO2E6MTp7czozOiJ1cmwiO3M6NTA6Imh0dHBzOi8vamV0bWFydGluZGlhLmNvbS91cGxvYWQvOTY0NTU3Njkyc25ha3MuanBnIjt9czo2OiJfZmxhc2giO2E6Mjp7czozOiJvbGQiO2E6MDp7fXM6MzoibmV3IjthOjA6e319fQ==', 1695620640),
('LE48IZatfecSjb8W1p3bIJ2Yuku1ModojSyiTB0L', NULL, '64.233.172.237', 'Mozilla/5.0 (X11; Linux x86_64) AppleWebKit/537.36 (KHTML, like Gecko) Chrome/56.0.2924.87 Safari/537.36 Google-PageRenderer Google (+https://developers.google.com/+/web/snippet/)', 'YTozOntzOjY6Il90b2tlbiI7czo0MDoiaVJEaUZrYkdLdW9TRnNqWjNYU2VvTWJLam9WR0RqR3RmV2VZbWJxRCI7czo5OiJfcHJldmlvdXMiO2E6MTp7czozOiJ1cmwiO3M6MjQ6Imh0dHBzOi8vamV0bWFydGluZGlhLmNvbSI7fXM6NjoiX2ZsYXNoIjthOjI6e3M6Mzoib2xkIjthOjA6e31zOjM6Im5ldyI7YTowOnt9fX0=', 1695620640),
('UjrgEjhyzOxEGpmMs5cNFQ3D8fSbkJltG3KQojvl', NULL, '64.233.172.236', 'Mozilla/5.0 (X11; Linux x86_64) AppleWebKit/537.36 (KHTML, like Gecko) Chrome/56.0.2924.87 Safari/537.36 Google-PageRenderer Google (+https://developers.google.com/+/web/snippet/)', 'YTozOntzOjY6Il90b2tlbiI7czo0MDoiSHM2UjAxSzdhbGZvT1hQOGp4ZnJyeHU0eDVJeHl4bkNQdkZESUlWeSI7czo5OiJfcHJldmlvdXMiO2E6MTp7czozOiJ1cmwiO3M6NTc6Imh0dHBzOi8vamV0bWFydGluZGlhLmNvbS91cGxvYWQvMTMzOTQzNzM1N05FU1RMRV9sb2dvLmpwZyI7fXM6NjoiX2ZsYXNoIjthOjI6e3M6Mzoib2xkIjthOjA6e31zOjM6Im5ldyI7YTowOnt9fX0=', 1695620640),
('dvEPiaiWb0ufjrZQftTdVXipHtFSP86jNwhNWMaR', NULL, '114.119.128.253', 'Mozilla/5.0 (Linux; Android 7.0;) AppleWebKit/537.36 (KHTML, like Gecko) Mobile Safari/537.36 (compatible; PetalBot;+https://webmaster.petalsearch.com/site/petalbot)', 'YTozOntzOjY6Il90b2tlbiI7czo0MDoiUWw1QVVtdjlJMWFhVmFTbHR1VVpkMklpbkplSHN6MVRnSDV5YnhWNSI7czo5OiJfcHJldmlvdXMiO2E6MTp7czozOiJ1cmwiO3M6NjI6Imh0dHBzOi8vd3d3LmpldG1hcnRpbmRpYS5jb20vcHJvZHVjdC9yZWQtbGFibGVsLWR1c3QtdGVhLTEwMGdtIjt9czo2OiJfZmxhc2giO2E6Mjp7czozOiJvbGQiO2E6MDp7fXM6MzoibmV3IjthOjA6e319fQ==', 1695620721),
('rQLGlakjJ5ZT3C5jb3sDgdAipt1zli1GmyhIXOaf', NULL, '66.249.66.197', 'Googlebot-Image/1.0', 'YTozOntzOjY6Il90b2tlbiI7czo0MDoiNXJRYk1lR1E3ZXdwQ2N1OThocVg3MDlsVzIyUThaM1dBR1FEdEVFNCI7czo5OiJfcHJldmlvdXMiO2E6MTp7czozOiJ1cmwiO3M6NjI6Imh0dHBzOi8vamV0bWFydGluZGlhLmNvbS91cGxvYWQvNjY1NzI4NzYxd2hpc3BlciUyMHhsJTIwNnMuanBnIjt9czo2OiJfZmxhc2giO2E6Mjp7czozOiJvbGQiO2E6MDp7fXM6MzoibmV3IjthOjA6e319fQ==', 1695620827),
('7cg7DQSSeyoE53QgpMVOn6oVzeJ9nnbYjfFbucD2', NULL, '114.119.166.63', 'Mozilla/5.0 (Linux; Android 7.0;) AppleWebKit/537.36 (KHTML, like Gecko) Mobile Safari/537.36 (compatible; PetalBot;+https://webmaster.petalsearch.com/site/petalbot)', 'YTozOntzOjY6Il90b2tlbiI7czo0MDoiQ1A3Z0pUR0VKRlVQU01pSzI2SUF1WU9BQlR4dUpLVlQ3ejh6Y3JDRyI7czo5OiJfcHJldmlvdXMiO2E6MTp7czozOiJ1cmwiO3M6NTY6Imh0dHBzOi8vd3d3LmpldG1hcnRpbmRpYS5jb20vcHJvZHVjdC9saWpqYXQtcGFtcGFkLTIwMGdtIjt9czo2OiJfZmxhc2giO2E6Mjp7czozOiJvbGQiO2E6MDp7fXM6MzoibmV3IjthOjA6e319fQ==', 1695620915),
('4AkDtNolJiq9TcYoF0gQhRKOUf84R710BuIODBAB', NULL, '66.249.66.197', 'Mozilla/5.0 (Linux; Android 6.0.1; Nexus 5X Build/MMB29P) AppleWebKit/537.36 (KHTML, like Gecko) Chrome/117.0.5938.62 Mobile Safari/537.36 (compatible; Googlebot/2.1; +http://www.google.com/bot.html)', 'YTozOntzOjY6Il90b2tlbiI7czo0MDoiN0Z6Y3VqNlhtY2xqbWdPQkZXUDk1bnZtelNLN1RNSk1janM4aWNWYiI7czo5OiJfcHJldmlvdXMiO2E6MTp7czozOiJ1cmwiO3M6NTY6Imh0dHBzOi8vamV0bWFydGluZGlhLmNvbS9wcm9kdWN0L2hham1vbGEtbWFoYS1jYW5keS1ycy0xIjt9czo2OiJfZmxhc2giO2E6Mjp7czozOiJvbGQiO2E6MDp7fXM6MzoibmV3IjthOjA6e319fQ==', 1695621034),
('IYsOwA2t2mlrF1qbEoFK8oncr63VW9Ed3M9rWDkm', NULL, '114.119.139.181', 'Mozilla/5.0 (Linux; Android 7.0;) AppleWebKit/537.36 (KHTML, like Gecko) Mobile Safari/537.36 (compatible; PetalBot;+https://webmaster.petalsearch.com/site/petalbot)', 'YTozOntzOjY6Il90b2tlbiI7czo0MDoiaUNqemZkZE82aUpYTzdpN3VMNVZhWEdhanhoN0xKWnhiaEdWZFlCRiI7czo5OiJfcHJldmlvdXMiO2E6MTp7czozOiJ1cmwiO3M6NjE6Imh0dHBzOi8vd3d3LmpldG1hcnRpbmRpYS5jb20vcHJvZHVjdC9oYWxhZGktcG93ZGVyLXBvdWNoLTUwZ20iO31zOjY6Il9mbGFzaCI7YToyOntzOjM6Im9sZCI7YTowOnt9czozOiJuZXciO2E6MDp7fX19', 1695621106),
('oJQYi4eRlUtrjtLZdgKDOKfjnGM3iobHYBjR7l8y', NULL, '66.249.66.199', 'Mozilla/5.0 (compatible; Googlebot/2.1; +http://www.google.com/bot.html)', 'YTozOntzOjY6Il90b2tlbiI7czo0MDoiU1JQemo0VXdaVU45WTZYWTQ0S3cxcUtOR1FiMDc2aTN2VUp4c3hQUCI7czo5OiJfcHJldmlvdXMiO2E6MTp7czozOiJ1cmwiO3M6NDk6Imh0dHBzOi8vamV0bWFydGluZGlhLmNvbS9wcm9kdWN0L2FyaWVsLXBvd2Rlci0xa2ciO31zOjY6Il9mbGFzaCI7YToyOntzOjM6Im9sZCI7YTowOnt9czozOiJuZXciO2E6MDp7fX19', 1695621243),
('bP2bhvvQHag2JEUakYt6NuLyXCa4GWl3QtgCZ2aG', NULL, '114.119.147.87', 'Mozilla/5.0 (Linux; Android 7.0;) AppleWebKit/537.36 (KHTML, like Gecko) Mobile Safari/537.36 (compatible; PetalBot;+https://webmaster.petalsearch.com/site/petalbot)', 'YTozOntzOjY6Il90b2tlbiI7czo0MDoidFg2a1dCdTVOZWFDYjNQWmhWUTd5dzhRRktyQWllQ0hkRm12dk9kciI7czo5OiJfcHJldmlvdXMiO2E6MTp7czozOiJ1cmwiO3M6NjU6Imh0dHBzOi8vd3d3LmpldG1hcnRpbmRpYS5jb20vcHJvZHVjdC9mYWlyLWFuZC1oYW5kc29tZS1jcmVhbS0zMGdtIjt9czo2OiJfZmxhc2giO2E6Mjp7czozOiJvbGQiO2E6MDp7fXM6MzoibmV3IjthOjA6e319fQ==', 1695621291),
('zZReLmpH3IqhbcSvZAMdWxqdLQJd52hAFFWwud7U', NULL, '114.119.144.229', 'Mozilla/5.0 (Linux; Android 7.0;) AppleWebKit/537.36 (KHTML, like Gecko) Mobile Safari/537.36 (compatible; PetalBot;+https://webmaster.petalsearch.com/site/petalbot)', 'YTozOntzOjY6Il90b2tlbiI7czo0MDoiUGJteXUxbDdoRGV5NWJUeWRwOUh2dEdWYWJ4SjB3WWl5SWlVV3lWayI7czo5OiJfcHJldmlvdXMiO2E6MTp7czozOiJ1cmwiO3M6NjE6Imh0dHBzOi8vd3d3LmpldG1hcnRpbmRpYS5jb20vcHJvZHVjdC9ldmVyZXN0LW1lYXQtbWFzYWxhLXJzLTUiO31zOjY6Il9mbGFzaCI7YToyOntzOjM6Im9sZCI7YTowOnt9czozOiJuZXciO2E6MDp7fX19', 1695621483),
('LbT23WnIiFB1VShLxLe6ehiFvBDUuEQeoXibBt7O', NULL, '114.119.133.89', 'Mozilla/5.0 (Linux; Android 7.0;) AppleWebKit/537.36 (KHTML, like Gecko) Mobile Safari/537.36 (compatible; PetalBot;+https://webmaster.petalsearch.com/site/petalbot)', 'YTozOntzOjY6Il90b2tlbiI7czo0MDoiQWQxMHpHM3pKM0psck13M2hiOWxXdm56VkdJanViOHlBYjB0eHZHciI7czo5OiJfcHJldmlvdXMiO2E6MTp7czozOiJ1cmwiO3M6NTI6Imh0dHBzOi8vd3d3LmpldG1hcnRpbmRpYS5jb20vcHJvZHVjdC9lbm8tamFsamlyYS01Z20iO31zOjY6Il9mbGFzaCI7YToyOntzOjM6Im9sZCI7YTowOnt9czozOiJuZXciO2E6MDp7fX19', 1695621671),
('6Ak25nPIuO8r3Pl1MrqIGLKdDJ2m8wac78QvVIje', NULL, '66.249.66.198', 'Googlebot-Image/1.0', 'YTozOntzOjY6Il90b2tlbiI7czo0MDoiRk9keE8xR0prZ1U0cTFDM2xjcjI5N2puSTZBS1FOSFJ1SGJ6ZVBkSSI7czo5OiJfcHJldmlvdXMiO2E6MTp7czozOiJ1cmwiO3M6NjA6Imh0dHBzOi8vamV0bWFydGluZGlhLmNvbS91cGxvYWQvODc4ODc5MTMxS0FCVUwtU0xPQS0xLUtHLmpwZyI7fXM6NjoiX2ZsYXNoIjthOjI6e3M6Mzoib2xkIjthOjA6e31zOjM6Im5ldyI7YTowOnt9fX0=', 1695621816),
('FE0WIfp08wsab3AjIxJv1g4JxlqaC4Q6DqZXO0Ga', NULL, '114.119.137.116', 'Mozilla/5.0 (Linux; Android 7.0;) AppleWebKit/537.36 (KHTML, like Gecko) Mobile Safari/537.36 (compatible; PetalBot;+https://webmaster.petalsearch.com/site/petalbot)', 'YTozOntzOjY6Il90b2tlbiI7czo0MDoiQWpPZDRaWkRlTkwzYlk4M2VvdDRKMEpWTks5bUVneXYwRGd6cG1ZcSI7czo5OiJfcHJldmlvdXMiO2E6MTp7czozOiJ1cmwiO3M6NDk6Imh0dHBzOi8vd3d3LmpldG1hcnRpbmRpYS5jb20vcHJvZHVjdC9lbGFpY2hpLTEwZ20iO31zOjY6Il9mbGFzaCI7YToyOntzOjM6Im9sZCI7YTowOnt9czozOiJuZXciO2E6MDp7fX19', 1695621858),
('BKlyPNlsxrETQ9FUHTgpOtwkcGWMoSNIdRfJw9Z7', NULL, '72.14.201.136', 'Mozilla/5.0 (Linux; Android 10; K) AppleWebKit/537.36 (KHTML, like Gecko) Chrome/115.0.0.0 Mobile Safari/537.36', 'YToyOntzOjY6Il90b2tlbiI7czo0MDoiSUN4SkV2SHdBWnY5TGo1Rm1uWXpONEJuZkFMZEs2aWdIM0ZQNkdvcSI7czo2OiJfZmxhc2giO2E6Mjp7czozOiJvbGQiO2E6MDp7fXM6MzoibmV3IjthOjA6e319fQ==', 1695622050),
('EvcWOYRLR5WAgS76JejhllNA7ZOMAEeN6qChF8OA', NULL, '114.119.159.20', 'Mozilla/5.0 (Linux; Android 7.0;) AppleWebKit/537.36 (KHTML, like Gecko) Mobile Safari/537.36 (compatible; PetalBot;+https://webmaster.petalsearch.com/site/petalbot)', 'YTozOntzOjY6Il90b2tlbiI7czo0MDoiWkw1UHdEaVBQU1Y3Yll6bFJjUFhjZThLSGZCYXh0NnJtY0h3U2NQWiI7czo5OiJfcHJldmlvdXMiO2E6MTp7czozOiJ1cmwiO3M6NzE6Imh0dHBzOi8vd3d3LmpldG1hcnRpbmRpYS5jb20vcHJvZHVjdC9kb3ZlLWhhaXItZmFsbC1yZXNjdWUtc2FtcG9vLTE4MG1sIjt9czo2OiJfZmxhc2giO2E6Mjp7czozOiJvbGQiO2E6MDp7fXM6MzoibmV3IjthOjA6e319fQ==', 1695622051),
('aJlkIAcq31CcYCYRkDxHNm9ivNqDPFDNSqeZUVhd', NULL, '66.249.66.197', 'Mozilla/5.0 (compatible; Googlebot/2.1; +http://www.google.com/bot.html)', 'YTozOntzOjY6Il90b2tlbiI7czo0MDoiSEZjZzlqVTlBVTlRMGVQUTdHb3M1N3JkOWlDdGVpdUQzOGFqdFJ4USI7czo5OiJfcHJldmlvdXMiO2E6MTp7czozOiJ1cmwiO3M6NTU6Imh0dHBzOi8vamV0bWFydGluZGlhLmNvbS9wcm9kdWN0L2JsYWNrLXBoZW55bGUtNDUwbWwtdmIiO31zOjY6Il9mbGFzaCI7YToyOntzOjM6Im9sZCI7YTowOnt9czozOiJuZXciO2E6MDp7fX19', 1695622191),
('yIwmyiJNN1oFF0VdgDzLsbOhOS5R8FijL0nSPKhF', NULL, '114.119.133.85', 'Mozilla/5.0 (Linux; Android 7.0;) AppleWebKit/537.36 (KHTML, like Gecko) Mobile Safari/537.36 (compatible; PetalBot;+https://webmaster.petalsearch.com/site/petalbot)', 'YTozOntzOjY6Il90b2tlbiI7czo0MDoiaHNPbklFSEMwMU1vblkzRUhBVzNOcVNteGVPM1Nub1p1RVpNc3VXTSI7czo5OiJfcHJldmlvdXMiO2E6MTp7czozOiJ1cmwiO3M6NTM6Imh0dHBzOi8vd3d3LmpldG1hcnRpbmRpYS5jb20vcHJvZHVjdC9kYXJzYW4tYWdhcmJhdGktIjt9czo2OiJfZmxhc2giO2E6Mjp7czozOiJvbGQiO2E6MDp7fXM6MzoibmV3IjthOjA6e319fQ==', 1695622244),
('TA5JTRyRVbh32bMdSah7jGTC9kbCowv61z1pbguP', NULL, '216.244.66.200', 'Mozilla/5.0 (compatible; DotBot/1.2; +https://opensiteexplorer.org/dotbot; help@moz.com)', 'YTozOntzOjY6Il90b2tlbiI7czo0MDoiMnVRVzRDYVZYVjFKVjNuYjhoWEpVb2xsTE1jTXFyeWpuSU5qbWEzSSI7czo5OiJfcHJldmlvdXMiO2E6MTp7czozOiJ1cmwiO3M6NTk6Imh0dHBzOi8vamV0bWFydGluZGlhLmNvbS9wcm9kdWN0L3doaXNwZXItYWxvZS12ZXJhLXhsLXJzLTMyIjt9czo2OiJfZmxhc2giO2E6Mjp7czozOiJvbGQiO2E6MDp7fXM6MzoibmV3IjthOjA6e319fQ==', 1695622281),
('BVzQLupxvJbBVXiw34vSupGx7ytghXFayygMJLca', NULL, '216.244.66.200', 'Mozilla/5.0 (compatible; DotBot/1.2; +https://opensiteexplorer.org/dotbot; help@moz.com)', 'YTozOntzOjY6Il90b2tlbiI7czo0MDoibERLU01GOEl4Rkt0cHFRb1ViR3FqSmFHUldXY2dJYzdyMlNhZ25mSyI7czo5OiJfcHJldmlvdXMiO2E6MTp7czozOiJ1cmwiO3M6NjI6Imh0dHBzOi8vamV0bWFydGluZGlhLmNvbS9wcm9kdWN0L2RldG9sLWhhbmQtd2FzaC1vcmdpbmFsLTE3NW1sIjt9czo2OiJfZmxhc2giO2E6Mjp7czozOiJvbGQiO2E6MDp7fXM6MzoibmV3IjthOjA6e319fQ==', 1695622354),
('YTGUZsC4IiJuFaxMsZBnYPrdMDT4cYkCBCKiamFx', NULL, '216.244.66.200', 'Mozilla/5.0 (compatible; DotBot/1.2; +https://opensiteexplorer.org/dotbot; help@moz.com)', 'YTozOntzOjY6Il90b2tlbiI7czo0MDoic09WNXFJb1Bpd0szWE81bUtCMERWWENlMzJ1OGU4eGVFRFdKU1NhMCI7czo5OiJfcHJldmlvdXMiO2E6MTp7czozOiJ1cmwiO3M6NjM6Imh0dHBzOi8vamV0bWFydGluZGlhLmNvbS9wcm9kdWN0L2RldHRvbC1oYW5kd2FzaC1za2luY2FyZS0xNzVtbCI7fXM6NjoiX2ZsYXNoIjthOjI6e3M6Mzoib2xkIjthOjA6e31zOjM6Im5ldyI7YTowOnt9fX0=', 1695622359),
('9sTu51edEnVDKUzZaXz6607CReKEvVBC2DQ7dYV2', NULL, '114.119.154.67', 'Mozilla/5.0 (Linux; Android 7.0;) AppleWebKit/537.36 (KHTML, like Gecko) Mobile Safari/537.36 (compatible; PetalBot;+https://webmaster.petalsearch.com/site/petalbot)', 'YTozOntzOjY6Il90b2tlbiI7czo0MDoiMDdMa3ZVeDlwQ3ZiQURjUFkxWVVIRnZrTUlUZHk5eXVwM3BQSnk3aSI7czo5OiJfcHJldmlvdXMiO2E6MTp7czozOiJ1cmwiO3M6Njg6Imh0dHBzOi8vd3d3LmpldG1hcnRpbmRpYS5jb20vcHJvZHVjdC9jbG9zZXVwLXJlZC1ob3QtdG9vdGhwYXN0ZS04MGdtIjt9czo2OiJfZmxhc2giO2E6Mjp7czozOiJvbGQiO2E6MDp7fXM6MzoibmV3IjthOjA6e319fQ==', 1695622434),
('AZnhSdbXZCLTzJNpNanDH91qwdBvVAlufR99Fj7F', NULL, '66.249.83.11', 'Mozilla/5.0 (X11; Linux x86_64) AppleWebKit/537.36 (KHTML, like Gecko) Chrome/56.0.2924.87 Safari/537.36 Google-PageRenderer Google (+https://developers.google.com/+/web/snippet/)', 'YTozOntzOjY6Il90b2tlbiI7czo0MDoiMmc5elF2aG5SdE5JaWJKbWJKejFZeVIzczNaODFZa0xQYnBSYXZxeCI7czo5OiJfcHJldmlvdXMiO2E6MTp7czozOiJ1cmwiO3M6MjQ6Imh0dHBzOi8vamV0bWFydGluZGlhLmNvbSI7fXM6NjoiX2ZsYXNoIjthOjI6e3M6Mzoib2xkIjthOjA6e31zOjM6Im5ldyI7YTowOnt9fX0=', 1695622456),
('taL5M1rjeWDPVgQsusSqmlSby6HGsQSjilwqPSVG', NULL, '66.249.83.12', 'Mozilla/5.0 (X11; Linux x86_64) AppleWebKit/537.36 (KHTML, like Gecko) Chrome/56.0.2924.87 Safari/537.36 Google-PageRenderer Google (+https://developers.google.com/+/web/snippet/)', 'YTozOntzOjY6Il90b2tlbiI7czo0MDoieUlEbVRkb1RnVGttR3IycFhYWVJ4TDdBZ0puMk9IOVZpazhPN1V6ZCI7czo5OiJfcHJldmlvdXMiO2E6MTp7czozOiJ1cmwiO3M6NTA6Imh0dHBzOi8vamV0bWFydGluZGlhLmNvbS91cGxvYWQvOTY0NTU3Njkyc25ha3MuanBnIjt9czo2OiJfZmxhc2giO2E6Mjp7czozOiJvbGQiO2E6MDp7fXM6MzoibmV3IjthOjA6e319fQ==', 1695622456),
('2GdVuxeoOSz5iyHIGJdmC85DSRw453zd6XrmBzLt', NULL, '66.249.83.10', 'Mozilla/5.0 (X11; Linux x86_64) AppleWebKit/537.36 (KHTML, like Gecko) Chrome/56.0.2924.87 Safari/537.36 Google-PageRenderer Google (+https://developers.google.com/+/web/snippet/)', 'YTozOntzOjY6Il90b2tlbiI7czo0MDoicXBzcjNVTjRCVUxQZFJFY3ZHdUVsZjdhdHQ2TGZXZ0hZZENUTGVXYSI7czo5OiJfcHJldmlvdXMiO2E6MTp7czozOiJ1cmwiO3M6Njk6Imh0dHBzOi8vamV0bWFydGluZGlhLmNvbS91cGxvYWQvNzMwODk5MTdMYWZ0LWJhbm5lcl8yNzB4NTAwXzFlMTVjLmpwZyI7fXM6NjoiX2ZsYXNoIjthOjI6e3M6Mzoib2xkIjthOjA6e31zOjM6Im5ldyI7YTowOnt9fX0=', 1695622456),
('mPVuxLj3q8LUSkYkDiIYxqqiP4YNUjdy8SoBCJaW', NULL, '66.249.83.12', 'Mozilla/5.0 (X11; Linux x86_64) AppleWebKit/537.36 (KHTML, like Gecko) Chrome/56.0.2924.87 Safari/537.36 Google-PageRenderer Google (+https://developers.google.com/+/web/snippet/)', 'YTozOntzOjY6Il90b2tlbiI7czo0MDoiZ21oWG1EUnZNMVgyVUptWHM1NXZGM0h6ZzliWDV4cnJlTFU3Slk4MiI7czo5OiJfcHJldmlvdXMiO2E6MTp7czozOiJ1cmwiO3M6NTc6Imh0dHBzOi8vamV0bWFydGluZGlhLmNvbS91cGxvYWQvMTMzOTQzNzM1N05FU1RMRV9sb2dvLmpwZyI7fXM6NjoiX2ZsYXNoIjthOjI6e3M6Mzoib2xkIjthOjA6e31zOjM6Im5ldyI7YTowOnt9fX0=', 1695622456),
('Potrg48nn3oXMTkgb1YoHfk5VNQBKKGiJ8FaNSZC', NULL, '66.249.83.12', 'Mozilla/5.0 (X11; Linux x86_64) AppleWebKit/537.36 (KHTML, like Gecko) Chrome/56.0.2924.87 Safari/537.36 Google-PageRenderer Google (+https://developers.google.com/+/web/snippet/)', 'YTozOntzOjY6Il90b2tlbiI7czo0MDoiYTR1MklDMmo1dDF2SVNSd0YwcVJBSElSTExYemVPdzdIRlFaU2J5byI7czo5OiJfcHJldmlvdXMiO2E6MTp7czozOiJ1cmwiO3M6NTA6Imh0dHBzOi8vamV0bWFydGluZGlhLmNvbS91cGxvYWQvNzY2NjQwMDc4ZGF3YXQuanBnIjt9czo2OiJfZmxhc2giO2E6Mjp7czozOiJvbGQiO2E6MDp7fXM6MzoibmV3IjthOjA6e319fQ==', 1695622456),
('BmQHtd0WYJu0k7iYpG4yXnW7cyzPiZmgVmdzMslH', NULL, '66.249.83.11', 'Mozilla/5.0 (X11; Linux x86_64) AppleWebKit/537.36 (KHTML, like Gecko) Chrome/56.0.2924.87 Safari/537.36 Google-PageRenderer Google (+https://developers.google.com/+/web/snippet/)', 'YTozOntzOjY6Il90b2tlbiI7czo0MDoibXd0MkpwMGQyaWs4dk1uQkhQcDhIcVBHQzVTM3VrcmhBYzNhdXFUMyI7czo5OiJfcHJldmlvdXMiO2E6MTp7czozOiJ1cmwiO3M6NTM6Imh0dHBzOi8vamV0bWFydGluZGlhLmNvbS91cGxvYWQvMTQ0MDMwMTM2Mmdyb2NlcnkuanBnIjt9czo2OiJfZmxhc2giO2E6Mjp7czozOiJvbGQiO2E6MDp7fXM6MzoibmV3IjthOjA6e319fQ==', 1695622456),
('kHuUvrU97bdV2HDXYOpDQfjnpOcAxVMU0e0R6GYS', NULL, '66.249.83.11', 'Mozilla/5.0 (X11; Linux x86_64) AppleWebKit/537.36 (KHTML, like Gecko) Chrome/56.0.2924.87 Safari/537.36 Google-PageRenderer Google (+https://developers.google.com/+/web/snippet/)', 'YTozOntzOjY6Il90b2tlbiI7czo0MDoiSEdNQkh6bFp5NWs4eDFxdjk1R3pnenFyaFlYMDdWRUdpa0RXMUF2RSI7czo5OiJfcHJldmlvdXMiO2E6MTp7czozOiJ1cmwiO3M6NTI6Imh0dHBzOi8vamV0bWFydGluZGlhLmNvbS91cGxvYWQvMTQ0ODcyOTk0OGhlYWx0aC5qcGciO31zOjY6Il9mbGFzaCI7YToyOntzOjM6Im9sZCI7YTowOnt9czozOiJuZXciO2E6MDp7fX19', 1695622457),
('1kaUjgQKCAfxJk9GaPeRNJCH1ntKbPxRN9LewTN7', NULL, '66.249.83.11', 'Mozilla/5.0 (X11; Linux x86_64) AppleWebKit/537.36 (KHTML, like Gecko) Chrome/56.0.2924.87 Safari/537.36 Google-PageRenderer Google (+https://developers.google.com/+/web/snippet/)', 'YTozOntzOjY6Il90b2tlbiI7czo0MDoickI1ZnpEa2FUcFdmcXNNTnZLT1BUSWJDb3k3Y1J2YzBMeVNwZkV2ViI7czo5OiJfcHJldmlvdXMiO2E6MTp7czozOiJ1cmwiO3M6NTQ6Imh0dHBzOi8vamV0bWFydGluZGlhLmNvbS91cGxvYWQvMTcyMjI2NjYzMWl0Yy1sb2dvLmpwZyI7fXM6NjoiX2ZsYXNoIjthOjI6e3M6Mzoib2xkIjthOjA6e31zOjM6Im5ldyI7YTowOnt9fX0=', 1695622457),
('zO23KGjVmVKpV8SsxSJ4p10dnn888H8DjNvNisTS', NULL, '66.249.83.10', 'Mozilla/5.0 (X11; Linux x86_64) AppleWebKit/537.36 (KHTML, like Gecko) Chrome/56.0.2924.87 Safari/537.36 Google-PageRenderer Google (+https://developers.google.com/+/web/snippet/)', 'YTozOntzOjY6Il90b2tlbiI7czo0MDoidERzSDZIVFRBWWhPSkJad0N1VjN6VnNJOE4yVkpWM2hlbUJxeWR3VyI7czo5OiJfcHJldmlvdXMiO2E6MTp7czozOiJ1cmwiO3M6NjE6Imh0dHBzOi8vamV0bWFydGluZGlhLmNvbS91cGxvYWQvMTE1MjUyMzA2OWRpcnktYW5kLWJha2VyeS5qcGciO31zOjY6Il9mbGFzaCI7YToyOntzOjM6Im9sZCI7YTowOnt9czozOiJuZXciO2E6MDp7fX19', 1695622457),
('ZILxyzVGgZUTrn6D9M7bUTKJkEqaLU2kDxpnfP5S', NULL, '66.249.83.11', 'Mozilla/5.0 (X11; Linux x86_64) AppleWebKit/537.36 (KHTML, like Gecko) Chrome/56.0.2924.87 Safari/537.36 Google-PageRenderer Google (+https://developers.google.com/+/web/snippet/)', 'YTozOntzOjY6Il90b2tlbiI7czo0MDoiVmFBRTc4SENReUtjQjFObFRDbnR1aUR0TWcyUkd3cDd3TlJWbER3UCI7czo5OiJfcHJldmlvdXMiO2E6MTp7czozOiJ1cmwiO3M6NjQ6Imh0dHBzOi8vamV0bWFydGluZGlhLmNvbS91cGxvYWQvMTM1ODg4MTc5OFJpZ2h0LWJhbm5lcl8xZWJjYS5qcGciO31zOjY6Il9mbGFzaCI7YToyOntzOjM6Im9sZCI7YTowOnt9czozOiJuZXciO2E6MDp7fX19', 1695622457),
('WP0BigJxkKeqxGuAMxRfSgS2sG15kcLxT3sqmhqQ', NULL, '66.249.83.10', 'Mozilla/5.0 (X11; Linux x86_64) AppleWebKit/537.36 (KHTML, like Gecko) Chrome/56.0.2924.87 Safari/537.36 Google-PageRenderer Google (+https://developers.google.com/+/web/snippet/)', 'YTozOntzOjY6Il90b2tlbiI7czo0MDoiWDZvWXZwRDdhTWliMGpBdVROYkQ1QjdDSE8wSkNsRGR6VEdDYVhFdyI7czo5OiJfcHJldmlvdXMiO2E6MTp7czozOiJ1cmwiO3M6NDk6Imh0dHBzOi8vamV0bWFydGluZGlhLmNvbS91cGxvYWQvMjAxOTY2MTg4MW5lcy5KUEciO31zOjY6Il9mbGFzaCI7YToyOntzOjM6Im9sZCI7YTowOnt9czozOiJuZXciO2E6MDp7fX19', 1695622457),
('NC5aZYNQx9G4XY528I6pcaqC3zbS2kZjUBDsVeaN', NULL, '66.249.83.11', 'Mozilla/5.0 (X11; Linux x86_64) AppleWebKit/537.36 (KHTML, like Gecko) Chrome/56.0.2924.87 Safari/537.36 Google-PageRenderer Google (+https://developers.google.com/+/web/snippet/)', 'YTozOntzOjY6Il90b2tlbiI7czo0MDoiOXpWNHlmcmtXdGY3VVNZV3RXbUU2SVIwZ1hQNXlHZzZ0VE1ReTI0RCI7czo5OiJfcHJldmlvdXMiO2E6MTp7czozOiJ1cmwiO3M6NTE6Imh0dHBzOi8vamV0bWFydGluZGlhLmNvbS91cGxvYWQvNjUzNTg5MDA5cGdsb2dvLmpwZyI7fXM6NjoiX2ZsYXNoIjthOjI6e3M6Mzoib2xkIjthOjA6e31zOjM6Im5ldyI7YTowOnt9fX0=', 1695622457),
('jil6pGc6kt1vI6WnvnvZ9ehqBtNPCwDPbsm9MvCS', NULL, '66.249.83.11', 'Mozilla/5.0 (X11; Linux x86_64) AppleWebKit/537.36 (KHTML, like Gecko) Chrome/56.0.2924.87 Safari/537.36 Google-PageRenderer Google (+https://developers.google.com/+/web/snippet/)', 'YTozOntzOjY6Il90b2tlbiI7czo0MDoiekJpckdINVA5TmpXY1dUbGFnaWE2Q2dYMHhIYkJqbU42VTlnWXVMUiI7czo5OiJfcHJldmlvdXMiO2E6MTp7czozOiJ1cmwiO3M6NTk6Imh0dHBzOi8vamV0bWFydGluZGlhLmNvbS91cGxvYWQvMTAzMzQwMjk5OWJoYXJhdF9iYW5uZXIuanBnIjt9czo2OiJfZmxhc2giO2E6Mjp7czozOiJvbGQiO2E6MDp7fXM6MzoibmV3IjthOjA6e319fQ==', 1695622457),
('EtSBkfhNCO172fv7HQiCt8WCUXHgQabunPtFPgJL', NULL, '66.249.83.10', 'Mozilla/5.0 (X11; Linux x86_64) AppleWebKit/537.36 (KHTML, like Gecko) Chrome/56.0.2924.87 Safari/537.36 Google-PageRenderer Google (+https://developers.google.com/+/web/snippet/)', 'YTozOntzOjY6Il90b2tlbiI7czo0MDoid3VZNzlCb3N6eXk3TjNnTVVBaXRZZkhvWjVCeWRiMGFYR3l1TzJIZSI7czo5OiJfcHJldmlvdXMiO2E6MTp7czozOiJ1cmwiO3M6NTQ6Imh0dHBzOi8vamV0bWFydGluZGlhLmNvbS91cGxvYWQvMTUzMTEwNDYwN2tvaGlub29yLmpwZyI7fXM6NjoiX2ZsYXNoIjthOjI6e3M6Mzoib2xkIjthOjA6e31zOjM6Im5ldyI7YTowOnt9fX0=', 1695622457),
('3e0O9n6UoXj6FBW33lu9E56IgBvpdJgbGPasmwp4', NULL, '66.249.83.12', 'Mozilla/5.0 (X11; Linux x86_64) AppleWebKit/537.36 (KHTML, like Gecko) Chrome/56.0.2924.87 Safari/537.36 Google-PageRenderer Google (+https://developers.google.com/+/web/snippet/)', 'YTozOntzOjY6Il90b2tlbiI7czo0MDoiMkROZkNuY094dk5kRU9aYnh1S0lUa0pGbGgzWUdSbGdSSk9uYzRWMCI7czo5OiJfcHJldmlvdXMiO2E6MTp7czozOiJ1cmwiO3M6NTc6Imh0dHBzOi8vamV0bWFydGluZGlhLmNvbS91cGxvYWQvMjAzOTI0NDQwMlNsaWRlcjFlYzYzLmpwZyI7fXM6NjoiX2ZsYXNoIjthOjI6e3M6Mzoib2xkIjthOjA6e31zOjM6Im5ldyI7YTowOnt9fX0=', 1695622457),
('O633JWfPfEK79lUOaFR4bOlpCWYagnnvhgT8DcLg', NULL, '66.249.83.12', 'Mozilla/5.0 (X11; Linux x86_64) AppleWebKit/537.36 (KHTML, like Gecko) Chrome/56.0.2924.87 Safari/537.36 Google-PageRenderer Google (+https://developers.google.com/+/web/snippet/)', 'YTozOntzOjY6Il90b2tlbiI7czo0MDoiZVVzZkpvYzh2MUVWN3JNSUpLWExia0VLbDdtVUpLeVpMd2ZFSTVPRCI7czo5OiJfcHJldmlvdXMiO2E6MTp7czozOiJ1cmwiO3M6NTA6Imh0dHBzOi8vamV0bWFydGluZGlhLmNvbS91cGxvYWQvMjAzNzU3Mjk2MGJhYnkuanBnIjt9czo2OiJfZmxhc2giO2E6Mjp7czozOiJvbGQiO2E6MDp7fXM6MzoibmV3IjthOjA6e319fQ==', 1695622457),
('UZaGcaoyBQLVsyoNlzIxm1Ky4ScERXyuWpmgwEf6', NULL, '66.249.83.10', 'Mozilla/5.0 (X11; Linux x86_64) AppleWebKit/537.36 (KHTML, like Gecko) Chrome/56.0.2924.87 Safari/537.36 Google-PageRenderer Google (+https://developers.google.com/+/web/snippet/)', 'YTozOntzOjY6Il90b2tlbiI7czo0MDoieWFvUXgxWFpLRkV2d1R6aEQ1YXBJQ3NRajVXNWN1d0dSaUh5b2FTUSI7czo5OiJfcHJldmlvdXMiO2E6MTp7czozOiJ1cmwiO3M6MjQ6Imh0dHBzOi8vamV0bWFydGluZGlhLmNvbSI7fXM6NjoiX2ZsYXNoIjthOjI6e3M6Mzoib2xkIjthOjA6e31zOjM6Im5ldyI7YTowOnt9fX0=', 1695622457),
('puzHYQF3hgTCbUnuywplNXzRjYmb74WqezvmZW15', NULL, '114.119.132.170', 'Mozilla/5.0 (Linux; Android 7.0;) AppleWebKit/537.36 (KHTML, like Gecko) Mobile Safari/537.36 (compatible; PetalBot;+https://webmaster.petalsearch.com/site/petalbot)', 'YTozOntzOjY6Il90b2tlbiI7czo0MDoiZkJWN2dETmFTZFcxcFdxWWxPckhtWkVyVVFvVkFOZ2RSOU1mU0pqYiI7czo5OiJfcHJldmlvdXMiO2E6MTp7czozOiJ1cmwiO3M6NjE6Imh0dHBzOi8vd3d3LmpldG1hcnRpbmRpYS5jb20vcHJvZHVjdC9jbGluaWMtcGx1cy1zaGFtcG9vLXJzLTEiO31zOjY6Il9mbGFzaCI7YToyOntzOjM6Im9sZCI7YTowOnt9czozOiJuZXciO2E6MDp7fX19', 1695622623),
('1sHXDRQvhIm1QP4LXGBqw3MReHdlmI7irWYvnZXa', NULL, '114.119.153.172', 'Mozilla/5.0 (Linux; Android 7.0;) AppleWebKit/537.36 (KHTML, like Gecko) Mobile Safari/537.36 (compatible; PetalBot;+https://webmaster.petalsearch.com/site/petalbot)', 'YTozOntzOjY6Il90b2tlbiI7czo0MDoianU1QzlWUWc4a0NITG9kNkxZRHJIYUhsOUtRelRiY3N1V1VaQlpFSCI7czo5OiJfcHJldmlvdXMiO2E6MTp7czozOiJ1cmwiO3M6NjM6Imh0dHBzOi8vd3d3LmpldG1hcnRpbmRpYS5jb20vcHJvZHVjdC9jaGlsbGktcG93ZGVyLWJoYXJhdC0xMDBnbSI7fXM6NjoiX2ZsYXNoIjthOjI6e3M6Mzoib2xkIjthOjA6e31zOjM6Im5ldyI7YTowOnt9fX0=', 1695622818),
('vbGRBmwqehAriKD5xA0jFt7pL4xJCDnDZn3BpvAp', NULL, '114.119.138.179', 'Mozilla/5.0 (Linux; Android 7.0;) AppleWebKit/537.36 (KHTML, like Gecko) Mobile Safari/537.36 (compatible; PetalBot;+https://webmaster.petalsearch.com/site/petalbot)', 'YTozOntzOjY6Il90b2tlbiI7czo0MDoiamVSRnk0RGhCNFR3Y0VCV3NQU2NRam9yRFl3RjFXWXJ4TFVjZklVMCI7czo5OiJfcHJldmlvdXMiO2E6MTp7czozOiJ1cmwiO3M6NTU6Imh0dHBzOi8vd3d3LmpldG1hcnRpbmRpYS5jb20vcHJvZHVjdC9jYWRidXJ5LWdlbXMtcnMtMTAiO31zOjY6Il9mbGFzaCI7YToyOntzOjM6Im9sZCI7YTowOnt9czozOiJuZXciO2E6MDp7fX19', 1695623005),
('qp1yaWcro11J74iI0jSVsuWtJuXLxb3qI8e6TbmD', NULL, '66.249.83.10', 'Mozilla/5.0 (X11; Linux x86_64) AppleWebKit/537.36 (KHTML, like Gecko) Chrome/56.0.2924.87 Safari/537.36 Google-PageRenderer Google (+https://developers.google.com/+/web/snippet/)', 'YTozOntzOjY6Il90b2tlbiI7czo0MDoiQ0drb1RxMGY4anptYVhVSUpTQkxEcmxiT2k1WUxaNnpGSmNMTzN5eCI7czo5OiJfcHJldmlvdXMiO2E6MTp7czozOiJ1cmwiO3M6MjQ6Imh0dHBzOi8vamV0bWFydGluZGlhLmNvbSI7fXM6NjoiX2ZsYXNoIjthOjI6e3M6Mzoib2xkIjthOjA6e31zOjM6Im5ldyI7YTowOnt9fX0=', 1695623054),
('8wwMbRxn7DkiGUNq3titdLeTm3XITaZDe7nrMNNo', NULL, '66.249.83.12', 'Mozilla/5.0 (X11; Linux x86_64) AppleWebKit/537.36 (KHTML, like Gecko) Chrome/56.0.2924.87 Safari/537.36 Google-PageRenderer Google (+https://developers.google.com/+/web/snippet/)', 'YTozOntzOjY6Il90b2tlbiI7czo0MDoiRFlDRmVlcVNaZ2ZLSHRjSUxvaVpMY3pKOHhsa0NUblQwN0JMa0czdiI7czo5OiJfcHJldmlvdXMiO2E6MTp7czozOiJ1cmwiO3M6NTQ6Imh0dHBzOi8vamV0bWFydGluZGlhLmNvbS91cGxvYWQvMTcyMjI2NjYzMWl0Yy1sb2dvLmpwZyI7fXM6NjoiX2ZsYXNoIjthOjI6e3M6Mzoib2xkIjthOjA6e31zOjM6Im5ldyI7YTowOnt9fX0=', 1695623055),
('xp9KQSRJMWJOvhBG4eqEs3DrjSxRtKHJvMomDYfy', NULL, '66.249.83.10', 'Mozilla/5.0 (X11; Linux x86_64) AppleWebKit/537.36 (KHTML, like Gecko) Chrome/56.0.2924.87 Safari/537.36 Google-PageRenderer Google (+https://developers.google.com/+/web/snippet/)', 'YTozOntzOjY6Il90b2tlbiI7czo0MDoiVGFsaW9hbDA2UHpDc2ZPalFpYzRQUHRsdkU4TkQzOTVhY2JCbnBXNSI7czo5OiJfcHJldmlvdXMiO2E6MTp7czozOiJ1cmwiO3M6NjQ6Imh0dHBzOi8vamV0bWFydGluZGlhLmNvbS91cGxvYWQvMTc3OTI4OTAzMFJpZ2h0LWJhbm5lcl8yZGRmNS5qcGciO31zOjY6Il9mbGFzaCI7YToyOntzOjM6Im9sZCI7YTowOnt9czozOiJuZXciO2E6MDp7fX19', 1695623055),
('VTfbizTUrJKArtZjCndqzRlPC1LKphHmZxBydLmq', NULL, '66.249.83.11', 'Mozilla/5.0 (X11; Linux x86_64) AppleWebKit/537.36 (KHTML, like Gecko) Chrome/56.0.2924.87 Safari/537.36 Google-PageRenderer Google (+https://developers.google.com/+/web/snippet/)', 'YTozOntzOjY6Il90b2tlbiI7czo0MDoiSndyRnh2elRScE93MGJtTDRIMkwyVkNFdGpCcTlOZTNDZ1lYWlJpQiI7czo5OiJfcHJldmlvdXMiO2E6MTp7czozOiJ1cmwiO3M6NTM6Imh0dHBzOi8vamV0bWFydGluZGlhLmNvbS91cGxvYWQvMTQ0MDMwMTM2Mmdyb2NlcnkuanBnIjt9czo2OiJfZmxhc2giO2E6Mjp7czozOiJvbGQiO2E6MDp7fXM6MzoibmV3IjthOjA6e319fQ==', 1695623055),
('QcwvMQPN76xWNmQAePcnFUIPWW6RLstxjzu61ScI', NULL, '66.249.83.11', 'Mozilla/5.0 (X11; Linux x86_64) AppleWebKit/537.36 (KHTML, like Gecko) Chrome/56.0.2924.87 Safari/537.36 Google-PageRenderer Google (+https://developers.google.com/+/web/snippet/)', 'YTozOntzOjY6Il90b2tlbiI7czo0MDoiamhrbnkxb1p4U0RRelUySGh3aGx3eDZlRW9aaGtydTQ5azE1aWtwWiI7czo5OiJfcHJldmlvdXMiO2E6MTp7czozOiJ1cmwiO3M6Njc6Imh0dHBzOi8vamV0bWFydGluZGlhLmNvbS91cGxvYWQvODQ2ODA5ODgwUmVja2l0dF9CZW5ja2lzZXJfTG9nby5qcGciO31zOjY6Il9mbGFzaCI7YToyOntzOjM6Im9sZCI7YTowOnt9czozOiJuZXciO2E6MDp7fX19', 1695623055),
('JXOyVjG6UaDxTFaWnDzfwK4DzsgGB56Gt64U2GrN', NULL, '66.249.83.11', 'Mozilla/5.0 (X11; Linux x86_64) AppleWebKit/537.36 (KHTML, like Gecko) Chrome/56.0.2924.87 Safari/537.36 Google-PageRenderer Google (+https://developers.google.com/+/web/snippet/)', 'YTozOntzOjY6Il90b2tlbiI7czo0MDoiNG9ad3A5S2lDbDNURTVpZ3Q0WU9xU3RBQ3VCSWNnQ3ltQWdhRHR4dSI7czo5OiJfcHJldmlvdXMiO2E6MTp7czozOiJ1cmwiO3M6NTA6Imh0dHBzOi8vamV0bWFydGluZGlhLmNvbS91cGxvYWQvNzY2NjQwMDc4ZGF3YXQuanBnIjt9czo2OiJfZmxhc2giO2E6Mjp7czozOiJvbGQiO2E6MDp7fXM6MzoibmV3IjthOjA6e319fQ==', 1695623055),
('RiyLs3hNXOU1dufEp793IXksgPYdzLFUi5VbSz2C', NULL, '66.249.83.11', 'Mozilla/5.0 (X11; Linux x86_64) AppleWebKit/537.36 (KHTML, like Gecko) Chrome/56.0.2924.87 Safari/537.36 Google-PageRenderer Google (+https://developers.google.com/+/web/snippet/)', 'YTozOntzOjY6Il90b2tlbiI7czo0MDoiTWVTWTB4QjIxdlByV1VwWXd5eW9qdlVYZERaYVA0QURaRkRDbTZSYiI7czo5OiJfcHJldmlvdXMiO2E6MTp7czozOiJ1cmwiO3M6NjQ6Imh0dHBzOi8vamV0bWFydGluZGlhLmNvbS91cGxvYWQvMTM1ODg4MTc5OFJpZ2h0LWJhbm5lcl8xZWJjYS5qcGciO31zOjY6Il9mbGFzaCI7YToyOntzOjM6Im9sZCI7YTowOnt9czozOiJuZXciO2E6MDp7fX19', 1695623055),
('d5ZEE9WhtjlDbZhDBpMGL66yB7uQ86UG7C0MHRTv', NULL, '66.249.83.10', 'Mozilla/5.0 (X11; Linux x86_64) AppleWebKit/537.36 (KHTML, like Gecko) Chrome/56.0.2924.87 Safari/537.36 Google-PageRenderer Google (+https://developers.google.com/+/web/snippet/)', 'YTozOntzOjY6Il90b2tlbiI7czo0MDoiQUpFSGdjeXdNZlViMDJTbjR1dUNuTjZldVdFZVJjb1VpdHhJZ3MybCI7czo5OiJfcHJldmlvdXMiO2E6MTp7czozOiJ1cmwiO3M6NTI6Imh0dHBzOi8vamV0bWFydGluZGlhLmNvbS91cGxvYWQvMTUzMzQ3Nzc4MmJoYXJhdC5qcGciO31zOjY6Il9mbGFzaCI7YToyOntzOjM6Im9sZCI7YTowOnt9czozOiJuZXciO2E6MDp7fX19', 1695623055),
('XJh07pi4561l4Xaz113ZHhNXYxCBFxhVbPZs39VZ', NULL, '66.249.83.11', 'Mozilla/5.0 (X11; Linux x86_64) AppleWebKit/537.36 (KHTML, like Gecko) Chrome/56.0.2924.87 Safari/537.36 Google-PageRenderer Google (+https://developers.google.com/+/web/snippet/)', 'YTozOntzOjY6Il90b2tlbiI7czo0MDoiV3VHTGNoYzV5dHpGbFN2ajIyY3RSbjkyQmZYN0kzN0NmS0xrMjdJciI7czo5OiJfcHJldmlvdXMiO2E6MTp7czozOiJ1cmwiO3M6NDk6Imh0dHBzOi8vamV0bWFydGluZGlhLmNvbS91cGxvYWQvMjAxOTY2MTg4MW5lcy5KUEciO31zOjY6Il9mbGFzaCI7YToyOntzOjM6Im9sZCI7YTowOnt9czozOiJuZXciO2E6MDp7fX19', 1695623056),
('m7wsENPtPFmjZHxtXAEomhvrctGmSvfMedpDHKyh', NULL, '66.249.83.12', 'Mozilla/5.0 (X11; Linux x86_64) AppleWebKit/537.36 (KHTML, like Gecko) Chrome/56.0.2924.87 Safari/537.36 Google-PageRenderer Google (+https://developers.google.com/+/web/snippet/)', 'YTozOntzOjY6Il90b2tlbiI7czo0MDoiVHloZTJJeEFERUxGNlA3NFp5QXVOZlRXdU01QWFIaGo2NW9PaUt3QSI7czo5OiJfcHJldmlvdXMiO2E6MTp7czozOiJ1cmwiO3M6Njk6Imh0dHBzOi8vamV0bWFydGluZGlhLmNvbS91cGxvYWQvNzMwODk5MTdMYWZ0LWJhbm5lcl8yNzB4NTAwXzFlMTVjLmpwZyI7fXM6NjoiX2ZsYXNoIjthOjI6e3M6Mzoib2xkIjthOjA6e31zOjM6Im5ldyI7YTowOnt9fX0=', 1695623056),
('4iGzjjof0lHLSUKIquGTMVfcA6mvQkFNWezeBYtr', NULL, '66.249.83.10', 'Mozilla/5.0 (X11; Linux x86_64) AppleWebKit/537.36 (KHTML, like Gecko) Chrome/56.0.2924.87 Safari/537.36 Google-PageRenderer Google (+https://developers.google.com/+/web/snippet/)', 'YTozOntzOjY6Il90b2tlbiI7czo0MDoiMlFKSUprZTFoNWx4R2lYTGlrazlaYjExZXFlQTQ3RXlHSEpEZjBQNyI7czo5OiJfcHJldmlvdXMiO2E6MTp7czozOiJ1cmwiO3M6NTc6Imh0dHBzOi8vamV0bWFydGluZGlhLmNvbS91cGxvYWQvMTMzOTQzNzM1N05FU1RMRV9sb2dvLmpwZyI7fXM6NjoiX2ZsYXNoIjthOjI6e3M6Mzoib2xkIjthOjA6e31zOjM6Im5ldyI7YTowOnt9fX0=', 1695623056),
('RxGPIJpL8b4MJe4ny1ceyVCmtSMnscIR20AgE3Po', NULL, '66.249.83.12', 'Mozilla/5.0 (X11; Linux x86_64) AppleWebKit/537.36 (KHTML, like Gecko) Chrome/56.0.2924.87 Safari/537.36 Google-PageRenderer Google (+https://developers.google.com/+/web/snippet/)', 'YTozOntzOjY6Il90b2tlbiI7czo0MDoidlFnQTFJMHJTSzVEUGZtS0gxQjRpRjdQTlRFbG05MWJQYUJ4MWRzaCI7czo5OiJfcHJldmlvdXMiO2E6MTp7czozOiJ1cmwiO3M6NTA6Imh0dHBzOi8vamV0bWFydGluZGlhLmNvbS91cGxvYWQvMjAzNzU3Mjk2MGJhYnkuanBnIjt9czo2OiJfZmxhc2giO2E6Mjp7czozOiJvbGQiO2E6MDp7fXM6MzoibmV3IjthOjA6e319fQ==', 1695623056),
('0bBjRnLwIx52fNmrQ8WvR6hGwL8rvMp6dVF2xSl0', NULL, '66.249.83.12', 'Mozilla/5.0 (X11; Linux x86_64) AppleWebKit/537.36 (KHTML, like Gecko) Chrome/56.0.2924.87 Safari/537.36 Google-PageRenderer Google (+https://developers.google.com/+/web/snippet/)', 'YTozOntzOjY6Il90b2tlbiI7czo0MDoiaFVzRlZVeEFXMnJTSDNNOTBES2VLcXpqRXczd2J5dll6Q3hTNmpDYyI7czo5OiJfcHJldmlvdXMiO2E6MTp7czozOiJ1cmwiO3M6MjQ6Imh0dHBzOi8vamV0bWFydGluZGlhLmNvbSI7fXM6NjoiX2ZsYXNoIjthOjI6e3M6Mzoib2xkIjthOjA6e31zOjM6Im5ldyI7YTowOnt9fX0=', 1695623056),
('63s1Q0FydmyghbgQDrTY6ddssYgEy7NU5aEfCm4u', NULL, '66.249.83.11', 'Mozilla/5.0 (X11; Linux x86_64) AppleWebKit/537.36 (KHTML, like Gecko) Chrome/56.0.2924.87 Safari/537.36 Google-PageRenderer Google (+https://developers.google.com/+/web/snippet/)', 'YTozOntzOjY6Il90b2tlbiI7czo0MDoiSXU2alU1RHBJSFVKT1FwOTF3b2tuYmIyNE40azZWVzFQNEdDMWhnNSI7czo5OiJfcHJldmlvdXMiO2E6MTp7czozOiJ1cmwiO3M6NTA6Imh0dHBzOi8vamV0bWFydGluZGlhLmNvbS91cGxvYWQvOTY0NTU3Njkyc25ha3MuanBnIjt9czo2OiJfZmxhc2giO2E6Mjp7czozOiJvbGQiO2E6MDp7fXM6MzoibmV3IjthOjA6e319fQ==', 1695623056),
('omCzVTcJMPyKu008wEHjTJBKgeoATbb75QoRFS7n', NULL, '66.249.83.10', 'Mozilla/5.0 (X11; Linux x86_64) AppleWebKit/537.36 (KHTML, like Gecko) Chrome/56.0.2924.87 Safari/537.36 Google-PageRenderer Google (+https://developers.google.com/+/web/snippet/)', 'YTozOntzOjY6Il90b2tlbiI7czo0MDoiejAyRkd0bURvVGpiRWVKNU11bEZraHVNYjBxdmRSeldycDdkMDJQVSI7czo5OiJfcHJldmlvdXMiO2E6MTp7czozOiJ1cmwiO3M6NTM6Imh0dHBzOi8vamV0bWFydGluZGlhLmNvbS91cGxvYWQvMTc0NjQ3MTQ2NGh1bGxvZ28uanBnIjt9czo2OiJfZmxhc2giO2E6Mjp7czozOiJvbGQiO2E6MDp7fXM6MzoibmV3IjthOjA6e319fQ==', 1695623056),
('M9P2vn0cw1D41KsEq4dt0VqJNeODbUt211m8skea', NULL, '66.249.83.12', 'Mozilla/5.0 (X11; Linux x86_64) AppleWebKit/537.36 (KHTML, like Gecko) Chrome/56.0.2924.87 Safari/537.36 Google-PageRenderer Google (+https://developers.google.com/+/web/snippet/)', 'YTozOntzOjY6Il90b2tlbiI7czo0MDoiUWt3NG9MbkpJNXpQNkVYR0x3N21saHJuZUJ3aVFrSm1WdGdpbWZUSyI7czo5OiJfcHJldmlvdXMiO2E6MTp7czozOiJ1cmwiO3M6NjE6Imh0dHBzOi8vamV0bWFydGluZGlhLmNvbS91cGxvYWQvMTE1MjUyMzA2OWRpcnktYW5kLWJha2VyeS5qcGciO31zOjY6Il9mbGFzaCI7YToyOntzOjM6Im9sZCI7YTowOnt9czozOiJuZXciO2E6MDp7fX19', 1695623056),
('0Gl6nBJoqeECGy4fvSRQBCsLLuiDSaDRbJpmgXvk', NULL, '66.249.66.199', 'Mozilla/5.0 (Linux; Android 6.0.1; Nexus 5X Build/MMB29P) AppleWebKit/537.36 (KHTML, like Gecko) Chrome/117.0.5938.62 Mobile Safari/537.36 (compatible; Googlebot/2.1; +http://www.google.com/bot.html)', 'YTozOntzOjY6Il90b2tlbiI7czo0MDoibTNLMnM3TG13YUV4WWZSNWVsSXZCOVo1MUhDemJSMVppaDFkbUtBRiI7czo5OiJfcHJldmlvdXMiO2E6MTp7czozOiJ1cmwiO3M6Njk6Imh0dHBzOi8vamV0bWFydGluZGlhLmNvbS9wcm9kdWN0L2NlcmVsYWMtd2hwLThtb250aC10by0xMi1tb250aC0zMDBnbSI7fXM6NjoiX2ZsYXNoIjthOjI6e3M6Mzoib2xkIjthOjA6e31zOjM6Im5ldyI7YTowOnt9fX0=', 1695623139),
('vSYcpzFYBwzQ3ww3QledhkYb2zcyWIbd4TmCoLqS', NULL, '114.119.153.169', 'Mozilla/5.0 (Linux; Android 7.0;) AppleWebKit/537.36 (KHTML, like Gecko) Mobile Safari/537.36 (compatible; PetalBot;+https://webmaster.petalsearch.com/site/petalbot)', 'YTozOntzOjY6Il90b2tlbiI7czo0MDoiQUlVT0dZQXlMbll6TTJ6VGxtaVNDR1RaWTFPS3NCcUtKQTlCS1BrdyI7czo5OiJfcHJldmlvdXMiO2E6MTp7czozOiJ1cmwiO3M6NTM6Imh0dHBzOi8vd3d3LmpldG1hcnRpbmRpYS5jb20vcHJvZHVjdC9iZXNhbi0xa2ctYmhhcmF0Ijt9czo2OiJfZmxhc2giO2E6Mjp7czozOiJvbGQiO2E6MDp7fXM6MzoibmV3IjthOjA6e319fQ==', 1695623193),
('OlFpwXsUzpflUnZOD1MDJec9bo7PCX2OqQP3W5u4', NULL, '66.249.66.197', 'Googlebot-Image/1.0', 'YTozOntzOjY6Il90b2tlbiI7czo0MDoiNEdOeXBDOG1uQndBWW1IZzJUNjFDbmVJb25PaEZDVHM4SzhFVG1zNCI7czo5OiJfcHJldmlvdXMiO2E6MTp7czozOiJ1cmwiO3M6ODk6Imh0dHBzOi8vamV0bWFydGluZGlhLmNvbS91cGxvYWQvMTk0NTMwMzE5NE9MQVklMjBUT1RBTCUyMEVGRkVDVCUyME5JR0hUJTIwQ1JFQSUyMDIwR00uanBnIjt9czo2OiJfZmxhc2giO2E6Mjp7czozOiJvbGQiO2E6MDp7fXM6MzoibmV3IjthOjA6e319fQ==', 1695623221),
('K98s6M4opLlme1oWkUyopDqWrnCDZbSv8lLjIyI0', NULL, '66.249.66.197', 'Googlebot-Image/1.0', 'YTozOntzOjY6Il90b2tlbiI7czo0MDoiaUliR2t2SjdQdVpCY1ozY0pIRWYyeGhFQ0ZEb0FKakxWaFJhelUyWiI7czo5OiJfcHJldmlvdXMiO2E6MTp7czozOiJ1cmwiO3M6ODk6Imh0dHBzOi8vamV0bWFydGluZGlhLmNvbS91cGxvYWQvMTk0NTMwMzE5NE9MQVklMjBUT1RBTCUyMEVGRkVDVCUyME5JR0hUJTIwQ1JFQSUyMDIwR00uanBnIjt9czo2OiJfZmxhc2giO2E6Mjp7czozOiJvbGQiO2E6MDp7fXM6MzoibmV3IjthOjA6e319fQ==', 1695623223),
('tDLMxjfFBlfERrZULyCmEe9srWl6Ur7Mu4GlZdv3', NULL, '114.119.153.209', 'Mozilla/5.0 (Linux; Android 7.0;) AppleWebKit/537.36 (KHTML, like Gecko) Mobile Safari/537.36 (compatible; PetalBot;+https://webmaster.petalsearch.com/site/petalbot)', 'YTozOntzOjY6Il90b2tlbiI7czo0MDoib2RaaUJnaDV1MkVEZXFReGd5bUg4OEZtWTFOZjNVUXAxRWE4ZFFSZyI7czo5OiJfcHJldmlvdXMiO2E6MTp7czozOiJ1cmwiO3M6NDA6Imh0dHBzOi8vd3d3LmpldG1hcnRpbmRpYS5jb20vcHJvZHVjdC84NDYiO31zOjY6Il9mbGFzaCI7YToyOntzOjM6Im9sZCI7YTowOnt9czozOiJuZXciO2E6MDp7fX19', 1695623387),
('4EBejnZPNfWxb51cYgX8YndEXq0owROtmEwPP3J0', NULL, '66.249.66.197', 'Mozilla/5.0 (compatible; Googlebot/2.1; +http://www.google.com/bot.html)', 'YTozOntzOjY6Il90b2tlbiI7czo0MDoiUDQ5UVRxbXRpSnBuTzY1VFlyWmZMYXBwZW5zeXVuclVjMzlMWlBMciI7czo5OiJfcHJldmlvdXMiO2E6MTp7czozOiJ1cmwiO3M6NDc6Imh0dHBzOi8vamV0bWFydGluZGlhLmNvbS9wcm9kdWN0L3NveWFiYWRpLXJzLTEwIjt9czo2OiJfZmxhc2giO2E6Mjp7czozOiJvbGQiO2E6MDp7fXM6MzoibmV3IjthOjA6e319fQ==', 1695623406),
('jjgKzguMwjqDMqLgBnn09KChCJy5mlqWweVJ6Ovb', NULL, '114.119.152.195', 'Mozilla/5.0 (Linux; Android 7.0;) AppleWebKit/537.36 (KHTML, like Gecko) Mobile Safari/537.36 (compatible; PetalBot;+https://webmaster.petalsearch.com/site/petalbot)', 'YTozOntzOjY6Il90b2tlbiI7czo0MDoid3ZUdld0a2d5bzhFWU01RnU1b2t1OWNUOUphOHg3UVBURlRXR1lSZCI7czo5OiJfcHJldmlvdXMiO2E6MTp7czozOiJ1cmwiO3M6NDA6Imh0dHBzOi8vd3d3LmpldG1hcnRpbmRpYS5jb20vcHJvZHVjdC84MjAiO31zOjY6Il9mbGFzaCI7YToyOntzOjM6Im9sZCI7YTowOnt9czozOiJuZXciO2E6MDp7fX19', 1695623593);
INSERT INTO `sessions` (`id`, `user_id`, `ip_address`, `user_agent`, `payload`, `last_activity`) VALUES
('INX3gvp4IvnS0p7anFGXKT5rAjHZiHczUJZWtJ6B', NULL, '114.119.155.235', 'Mozilla/5.0 (Linux; Android 7.0;) AppleWebKit/537.36 (KHTML, like Gecko) Mobile Safari/537.36 (compatible; PetalBot;+https://webmaster.petalsearch.com/site/petalbot)', 'YTozOntzOjY6Il90b2tlbiI7czo0MDoiNVdkN2VGY0Z4cmxkQmQ3Mmpzb0pJR0JROUxDTEpBTnNDZFlxa0pPaSI7czo5OiJfcHJldmlvdXMiO2E6MTp7czozOiJ1cmwiO3M6NDA6Imh0dHBzOi8vd3d3LmpldG1hcnRpbmRpYS5jb20vcHJvZHVjdC83NTYiO31zOjY6Il9mbGFzaCI7YToyOntzOjM6Im9sZCI7YTowOnt9czozOiJuZXciO2E6MDp7fX19', 1695623784),
('kT42LaxynH2N7MWm1d9lt005GUeH3SQ1QGqZUAs6', NULL, '66.249.66.199', 'Mozilla/5.0 (compatible; Googlebot/2.1; +http://www.google.com/bot.html)', 'YTozOntzOjY6Il90b2tlbiI7czo0MDoiMUtlZXZHRDlSR2RkdzF4V0NuamdraGdaQ0Iycm5McVhQYW51RlRZVCI7czo5OiJfcHJldmlvdXMiO2E6MTp7czozOiJ1cmwiO3M6NTI6Imh0dHBzOi8vamV0bWFydGluZGlhLmNvbS9wcm9kdWN0L3Zpa3MtdmFwLTEwZ20tcnMtNDIiO31zOjY6Il9mbGFzaCI7YToyOntzOjM6Im9sZCI7YTowOnt9czozOiJuZXciO2E6MDp7fX19', 1695623855),
('3j8S6pD55ypEFzk7CWYn7pl62OYtOk874yZ2BWAD', NULL, '66.249.66.170', 'Googlebot-Image/1.0', 'YTozOntzOjY6Il90b2tlbiI7czo0MDoiZGg3VWFFYVpZbk9uMUFFQUtXWFl2cVN0Z083VUJtVTYydWtyQVdOYiI7czo5OiJfcHJldmlvdXMiO2E6MTp7czozOiJ1cmwiO3M6OTE6Imh0dHBzOi8vd3d3LmpldG1hcnRpbmRpYS5jb20vdXBsb2FkLzE2ODMyODczMTJTVVJGJTIwRVhDRUwlMjBNQVRJQyUyMExFUVVFRCUyMEZMJTIwMUxUUi5qcGciO31zOjY6Il9mbGFzaCI7YToyOntzOjM6Im9sZCI7YTowOnt9czozOiJuZXciO2E6MDp7fX19', 1695623869),
('5bWN2eN8iqvwUqltiS8ANNDjQe88QvxDT7WfiPjW', NULL, '66.249.66.170', 'Googlebot-Image/1.0', 'YTozOntzOjY6Il90b2tlbiI7czo0MDoicXFKemh0ZFlmMzljUlFPOW11cm1UTml3V0EyTG81cThkZ1VVeHFGRyI7czo5OiJfcHJldmlvdXMiO2E6MTp7czozOiJ1cmwiO3M6OTE6Imh0dHBzOi8vd3d3LmpldG1hcnRpbmRpYS5jb20vdXBsb2FkLzE2ODMyODczMTJTVVJGJTIwRVhDRUwlMjBNQVRJQyUyMExFUVVFRCUyMEZMJTIwMUxUUi5qcGciO31zOjY6Il9mbGFzaCI7YToyOntzOjM6Im9sZCI7YTowOnt9czozOiJuZXciO2E6MDp7fX19', 1695623872),
('4ppQKTKybumXy8dOYT8Zc8pC5UDWsFRAZ9EIA7Es', NULL, '114.119.143.51', 'Mozilla/5.0 (Linux; Android 7.0;) AppleWebKit/537.36 (KHTML, like Gecko) Mobile Safari/537.36 (compatible; PetalBot;+https://webmaster.petalsearch.com/site/petalbot)', 'YTozOntzOjY6Il90b2tlbiI7czo0MDoiWnVaSXJ6MTNadEs5N3V5cDI3TGdyNEM0MjF5ZTdmbW5NeWQ3Vm02ViI7czo5OiJfcHJldmlvdXMiO2E6MTp7czozOiJ1cmwiO3M6NDA6Imh0dHBzOi8vd3d3LmpldG1hcnRpbmRpYS5jb20vcHJvZHVjdC83NTMiO31zOjY6Il9mbGFzaCI7YToyOntzOjM6Im9sZCI7YTowOnt9czozOiJuZXciO2E6MDp7fX19', 1695623965),
('mqHbf5TEngxRyxeDOXbgEzBPeQRxjq1k6s4eL2k8', NULL, '66.249.66.161', 'Mozilla/5.0 (compatible; Googlebot/2.1; +http://www.google.com/bot.html)', 'YTozOntzOjY6Il90b2tlbiI7czo0MDoiMTE1c0cxRUJHanR1QkZja2NvVXdRelg1dk5KWFRFaWw5RXNGRE1CdiI7czo5OiJfcHJldmlvdXMiO2E6MTp7czozOiJ1cmwiO3M6NjA6Imh0dHBzOi8vd3d3LmpldG1hcnRpbmRpYS5jb20vcHJvZHVjdC9qb2huc29uLWJhYnktb2lsLTIwMDBtbCI7fXM6NjoiX2ZsYXNoIjthOjI6e3M6Mzoib2xkIjthOjA6e31zOjM6Im5ldyI7YTowOnt9fX0=', 1695624039),
('KO5ryw18LXqUUAGudHn60TM84033drNQkaFjA5uC', NULL, '66.249.66.198', 'Mozilla/5.0 (compatible; Googlebot/2.1; +http://www.google.com/bot.html)', 'YTozOntzOjY6Il90b2tlbiI7czo0MDoiTXZkeHJkUW9GN2hNY1A4aVRkbEZUVGVtWmppREhIVmFTc1k2RXJqMyI7czo5OiJfcHJldmlvdXMiO2E6MTp7czozOiJ1cmwiO3M6NDQ6Imh0dHBzOi8vamV0bWFydGluZGlhLmNvbS9jYXRlZ29yeS9jb21iby1wYWNrIjt9czo2OiJfZmxhc2giO2E6Mjp7czozOiJvbGQiO2E6MDp7fXM6MzoibmV3IjthOjA6e319fQ==', 1695624087),
('Jl9woMFS1c2J6oHmz56KcMDI59BptxPgVbks8Nhl', NULL, '114.119.143.151', 'Mozilla/5.0 (Linux; Android 7.0;) AppleWebKit/537.36 (KHTML, like Gecko) Mobile Safari/537.36 (compatible; PetalBot;+https://webmaster.petalsearch.com/site/petalbot)', 'YTozOntzOjY6Il90b2tlbiI7czo0MDoiUWpnRWIzbWdKRTlvSDBBdkNNYm1mNGVYbXF6YmRZZmhXaGRCQjZ2ZiI7czo5OiJfcHJldmlvdXMiO2E6MTp7czozOiJ1cmwiO3M6NDA6Imh0dHBzOi8vd3d3LmpldG1hcnRpbmRpYS5jb20vcHJvZHVjdC83MjUiO31zOjY6Il9mbGFzaCI7YToyOntzOjM6Im9sZCI7YTowOnt9czozOiJuZXciO2E6MDp7fX19', 1695624156),
('riAmSaFiMmaPF8GLSbx9N6VUTypBffCWynllnmHc', NULL, '114.119.142.14', 'Mozilla/5.0 (Linux; Android 7.0;) AppleWebKit/537.36 (KHTML, like Gecko) Mobile Safari/537.36 (compatible; PetalBot;+https://webmaster.petalsearch.com/site/petalbot)', 'YTozOntzOjY6Il90b2tlbiI7czo0MDoidWRNQTM3WWFSaFJRZEZRSkZyN2szNFVtdmM0a0JsNDJBd0tQdlRiYyI7czo5OiJfcHJldmlvdXMiO2E6MTp7czozOiJ1cmwiO3M6NDA6Imh0dHBzOi8vd3d3LmpldG1hcnRpbmRpYS5jb20vcHJvZHVjdC83MTAiO31zOjY6Il9mbGFzaCI7YToyOntzOjM6Im9sZCI7YTowOnt9czozOiJuZXciO2E6MDp7fX19', 1695624355),
('rXTYps1ckIPjQGnFLtJacsuaCDxvcBjoGz53BG6c', NULL, '66.249.66.198', 'Mozilla/5.0 (Linux; Android 6.0.1; Nexus 5X Build/MMB29P) AppleWebKit/537.36 (KHTML, like Gecko) Chrome/117.0.5938.62 Mobile Safari/537.36 (compatible; Googlebot/2.1; +http://www.google.com/bot.html)', 'YTozOntzOjY6Il90b2tlbiI7czo0MDoiTHBiakhyZTNkZFZEVnVOYzVYOFpuaGdscEpQajdyN0NxcDlKZzlGaSI7czo5OiJfcHJldmlvdXMiO2E6MTp7czozOiJ1cmwiO3M6NTY6Imh0dHBzOi8vamV0bWFydGluZGlhLmNvbS9wcm9kdWN0LzUwLTUwLW1hc2thLWNoc2thLTQwLTVnIjt9czo2OiJfZmxhc2giO2E6Mjp7czozOiJvbGQiO2E6MDp7fXM6MzoibmV3IjthOjA6e319fQ==', 1695624478),
('NceSyZ5Vhz26M8mBpmCjJwZDWwcsrCXGUY1t70iA', NULL, '114.119.135.171', 'Mozilla/5.0 (Linux; Android 7.0;) AppleWebKit/537.36 (KHTML, like Gecko) Mobile Safari/537.36 (compatible; PetalBot;+https://webmaster.petalsearch.com/site/petalbot)', 'YTozOntzOjY6Il90b2tlbiI7czo0MDoidXBoeXdYUk5MU0R5emhRdDhFbE9DR2R6SldKQ052d1Ayd0NLSHo0TSI7czo5OiJfcHJldmlvdXMiO2E6MTp7czozOiJ1cmwiO3M6NDA6Imh0dHBzOi8vd3d3LmpldG1hcnRpbmRpYS5jb20vcHJvZHVjdC82MjkiO31zOjY6Il9mbGFzaCI7YToyOntzOjM6Im9sZCI7YTowOnt9czozOiJuZXciO2E6MDp7fX19', 1695624544),
('CH6XFWgWiIiJFHmiyRCsYIH2GYXWKJEizCYG1YzA', NULL, '66.249.66.197', 'Mozilla/5.0 (Linux; Android 6.0.1; Nexus 5X Build/MMB29P) AppleWebKit/537.36 (KHTML, like Gecko) Chrome/117.0.5938.62 Mobile Safari/537.36 (compatible; Googlebot/2.1; +http://www.google.com/bot.html)', 'YTozOntzOjY6Il90b2tlbiI7czo0MDoidVFtS2xGSXVoMDBrS3FsdzZrTUpPdW1BSXdNb1JlWjlkeDBtSnVwYSI7czo5OiJfcHJldmlvdXMiO2E6MTp7czozOiJ1cmwiO3M6NDc6Imh0dHBzOi8vamV0bWFydGluZGlhLmNvbS9jYXRlZ29yeS9wZXJzb25hbC1jYXJlIjt9czo2OiJfZmxhc2giO2E6Mjp7czozOiJvbGQiO2E6MDp7fXM6MzoibmV3IjthOjA6e319fQ==', 1695624734),
('Wknb1OKj0yict2QQowaFCRXTLXEPSkAdvRSLj0gR', NULL, '114.119.150.170', 'Mozilla/5.0 (Linux; Android 7.0;) AppleWebKit/537.36 (KHTML, like Gecko) Mobile Safari/537.36 (compatible; PetalBot;+https://webmaster.petalsearch.com/site/petalbot)', 'YTozOntzOjY6Il90b2tlbiI7czo0MDoiMks1QVlKOFFlT1haeG5DV3gyaWpZa04wT0x3eWxlR091QURYRnkwZiI7czo5OiJfcHJldmlvdXMiO2E6MTp7czozOiJ1cmwiO3M6NDM6Imh0dHBzOi8vd3d3LmpldG1hcnRpbmRpYS5jb20vcHJvZHVjdC81LXN0YXIiO31zOjY6Il9mbGFzaCI7YToyOntzOjM6Im9sZCI7YTowOnt9czozOiJuZXciO2E6MDp7fX19', 1695624752),
('KDSF0xApwTQCPW8dQ8Pfb82T8nJsRFa5QHVadXFN', NULL, '114.119.132.163', 'Mozilla/5.0 (Linux; Android 7.0;) AppleWebKit/537.36 (KHTML, like Gecko) Mobile Safari/537.36 (compatible; PetalBot;+https://webmaster.petalsearch.com/site/petalbot)', 'YTozOntzOjY6Il90b2tlbiI7czo0MDoiMDE4bEZRcEp5RnJvZWROaWJEVm43Rno5WlZDWkdnM3o1M254U2lCTSI7czo5OiJfcHJldmlvdXMiO2E6MTp7czozOiJ1cmwiO3M6NDE6Imh0dHBzOi8vd3d3LmpldG1hcnRpbmRpYS5jb20vcHJvZHVjdC8yMjc0Ijt9czo2OiJfZmxhc2giO2E6Mjp7czozOiJvbGQiO2E6MDp7fXM6MzoibmV3IjthOjA6e319fQ==', 1695624955),
('FByWJZvGKYKGaeeNhWQ6ihESWzH6sZNg2Wkwt9Zq', NULL, '66.249.66.170', 'Googlebot-Image/1.0', 'YTozOntzOjY6Il90b2tlbiI7czo0MDoiT1NjNFdEZTNUNzNZZm41cU5HMTlraGFGU2w2eXYzUEFxUU9hb0o1cyI7czo5OiJfcHJldmlvdXMiO2E6MTp7czozOiJ1cmwiO3M6OTE6Imh0dHBzOi8vd3d3LmpldG1hcnRpbmRpYS5jb20vdXBsb2FkLzE2ODMyODczMTJTVVJGJTIwRVhDRUwlMjBNQVRJQyUyMExFUVVFRCUyMEZMJTIwMUxUUi5qcGciO31zOjY6Il9mbGFzaCI7YToyOntzOjM6Im9sZCI7YTowOnt9czozOiJuZXciO2E6MDp7fX19', 1695625018),
('YzTJEUbOJdstMXxhFJA9lHxsCmROuS9JeW3QaT1f', NULL, '66.249.66.170', 'Googlebot-Image/1.0', 'YTozOntzOjY6Il90b2tlbiI7czo0MDoidnZuckl0ZzdKbTVrUE4zTWwwZGhQQWp2UHFPSU1nRUdFQkRMNno2WCI7czo5OiJfcHJldmlvdXMiO2E6MTp7czozOiJ1cmwiO3M6OTE6Imh0dHBzOi8vd3d3LmpldG1hcnRpbmRpYS5jb20vdXBsb2FkLzE2ODMyODczMTJTVVJGJTIwRVhDRUwlMjBNQVRJQyUyMExFUVVFRCUyMEZMJTIwMUxUUi5qcGciO31zOjY6Il9mbGFzaCI7YToyOntzOjM6Im9sZCI7YTowOnt9czozOiJuZXciO2E6MDp7fX19', 1695625019),
('kfOIqodGBgo7shYfmvJLO3cDdgCt6sqDtR12TQ77', NULL, '66.249.66.170', 'Googlebot-Image/1.0', 'YTozOntzOjY6Il90b2tlbiI7czo0MDoiYVBySGhiUnlZMjlSTXJ0TVBYTnhJWWppRDNCU0Zkakt4NVFUUGVmTSI7czo5OiJfcHJldmlvdXMiO2E6MTp7czozOiJ1cmwiO3M6ODM6Imh0dHBzOi8vd3d3LmpldG1hcnRpbmRpYS5jb20vdXBsb2FkLzExMDgzMDM1NzZMSUZFQlVPWSUyMFRPVEFMJTIwU09BUCUyMDEyNUdNWDQuanBnIjt9czo2OiJfZmxhc2giO2E6Mjp7czozOiJvbGQiO2E6MDp7fXM6MzoibmV3IjthOjA6e319fQ==', 1695625052),
('wmfFBGIC8DhR5bk2o2YApJAUd5wDvjAsKsXdPIfK', NULL, '66.249.66.170', 'Googlebot-Image/1.0', 'YTozOntzOjY6Il90b2tlbiI7czo0MDoieXJYWFRsRFhVanJVclFrSmRMeVZoT3luUGZycDk1aVdxRHd4bjNrUSI7czo5OiJfcHJldmlvdXMiO2E6MTp7czozOiJ1cmwiO3M6ODM6Imh0dHBzOi8vd3d3LmpldG1hcnRpbmRpYS5jb20vdXBsb2FkLzExMDgzMDM1NzZMSUZFQlVPWSUyMFRPVEFMJTIwU09BUCUyMDEyNUdNWDQuanBnIjt9czo2OiJfZmxhc2giO2E6Mjp7czozOiJvbGQiO2E6MDp7fXM6MzoibmV3IjthOjA6e319fQ==', 1695625053),
('46WPt1Ap31KJRp0ZsdGj6YZzYUQgdsvakA3fAPZE', NULL, '66.249.66.197', 'Mozilla/5.0 (Linux; Android 6.0.1; Nexus 5X Build/MMB29P) AppleWebKit/537.36 (KHTML, like Gecko) Chrome/117.0.5938.62 Mobile Safari/537.36 (compatible; Googlebot/2.1; +http://www.google.com/bot.html)', 'YTozOntzOjY6Il90b2tlbiI7czo0MDoia2Z2ZnBhckFoOU9uRWlqaGNnRTRqaU8wRDdETjYzTk5MTlJKSHBMdiI7czo5OiJfcHJldmlvdXMiO2E6MTp7czozOiJ1cmwiO3M6NDc6Imh0dHBzOi8vamV0bWFydGluZGlhLmNvbS9jYXRlZ29yeS9hLXBvb2phLW5lZWRzIjt9czo2OiJfZmxhc2giO2E6Mjp7czozOiJvbGQiO2E6MDp7fXM6MzoibmV3IjthOjA6e319fQ==', 1695625133),
('blcDd1h72lKgRSWq04yfL8c3gAzvCovIJmpHu0fo', NULL, '114.119.135.217', 'Mozilla/5.0 (Linux; Android 7.0;) AppleWebKit/537.36 (KHTML, like Gecko) Mobile Safari/537.36 (compatible; PetalBot;+https://webmaster.petalsearch.com/site/petalbot)', 'YTozOntzOjY6Il90b2tlbiI7czo0MDoiQ2JNM0RhdWRyaUxweEZVUUltRlg4aHdCOHFJSjVPTFRHNXpNREEyRCI7czo5OiJfcHJldmlvdXMiO2E6MTp7czozOiJ1cmwiO3M6NDE6Imh0dHBzOi8vd3d3LmpldG1hcnRpbmRpYS5jb20vcHJvZHVjdC8yMjU5Ijt9czo2OiJfZmxhc2giO2E6Mjp7czozOiJvbGQiO2E6MDp7fXM6MzoibmV3IjthOjA6e319fQ==', 1695625139),
('uOllHBcsiszNOWoogytvdZQigWy1UQ7SYctrjKqD', NULL, '216.244.66.200', 'Mozilla/5.0 (compatible; DotBot/1.2; +https://opensiteexplorer.org/dotbot; help@moz.com)', 'YTozOntzOjY6Il90b2tlbiI7czo0MDoiSDdEeFo0aTlwbWwxMVJCNUo2eHhST2pmdDk3ZWJlZW9RUlZoak9sVCI7czo5OiJfcHJldmlvdXMiO2E6MTp7czozOiJ1cmwiO3M6NTY6Imh0dHBzOi8vamV0bWFydGluZGlhLmNvbS9wcm9kdWN0L21lYXQtbWFzYWxhLWJoYXJhdC01MGdtIjt9czo2OiJfZmxhc2giO2E6Mjp7czozOiJvbGQiO2E6MDp7fXM6MzoibmV3IjthOjA6e319fQ==', 1695625235),
('KllBy6SuchsrQS499GCCAYuN3VsgSkBvYU7lA5Pi', NULL, '72.14.201.143', 'Mozilla/5.0 (Linux; Android 10; K) AppleWebKit/537.36 (KHTML, like Gecko) Chrome/117.0.0.0 Mobile Safari/537.36', 'YToyOntzOjY6Il90b2tlbiI7czo0MDoiUTdrSHpCa05mZTFmZmF3VzVuUFpCb05jREk3MjNJcHN5RXJvR2xLWCI7czo2OiJfZmxhc2giO2E6Mjp7czozOiJvbGQiO2E6MDp7fXM6MzoibmV3IjthOjA6e319fQ==', 1695625243),
('KEr9yxTBDv0RrVYWNzaQ4CKWnkiVQ5bFf7lq9Dxm', NULL, '171.51.174.110', 'Mozilla/5.0 (Linux; Android 10; K) AppleWebKit/537.36 (KHTML, like Gecko) Chrome/117.0.0.0 Mobile Safari/537.36', 'YTozOntzOjY6Il90b2tlbiI7czo0MDoidzVvTzJJeVJVZTRvVGJtcldSbWxmZ2lDeTRuVWR1Wk9CaE9oNHJSYSI7czo5OiJfcHJldmlvdXMiO2E6MTp7czozOiJ1cmwiO3M6NDI6Imh0dHBzOi8vamV0bWFydGluZGlhLmNvbS9wcm9kdWN0L3VuZGVmaW5lZCI7fXM6NjoiX2ZsYXNoIjthOjI6e3M6Mzoib2xkIjthOjA6e31zOjM6Im5ldyI7YTowOnt9fX0=', 1695625247),
('hXFVl7STkhYsO6II8sJlD7Ms3bd19wNeRFg8ZoOH', NULL, '197.21.4.91', 'Mozilla/5.0 (iPhone; CPU iPhone OS 16_6_1 like Mac OS X) AppleWebKit/605.1.15 (KHTML, like Gecko) Version/16.6 Mobile/15E148 Safari/604.1', 'YTozOntzOjY6Il90b2tlbiI7czo0MDoiY0JLV2o3Q2hsMmcySE5jTE9QNjQ0SFBlUnhwSDlUVXZtblVubG40UiI7czo5OiJfcHJldmlvdXMiO2E6MTp7czozOiJ1cmwiO3M6NzI6Imh0dHBzOi8vamV0bWFydGluZGlhLmNvbS91cGxvYWQvODU2NTQ4MTA4VklLUyUyMFZBUE8lMjBSVUIlMjAlMjAxME1MLmpwZyI7fXM6NjoiX2ZsYXNoIjthOjI6e3M6Mzoib2xkIjthOjA6e31zOjM6Im5ldyI7YTowOnt9fX0=', 1695625286),
('LflHRPD8A9b4jM3n7QGF7ZoaeODCtl9vNAj6XL9c', NULL, '114.119.140.103', 'Mozilla/5.0 (Linux; Android 7.0;) AppleWebKit/537.36 (KHTML, like Gecko) Mobile Safari/537.36 (compatible; PetalBot;+https://webmaster.petalsearch.com/site/petalbot)', 'YTozOntzOjY6Il90b2tlbiI7czo0MDoibUl2Yk9RcUk2aE1YNElZVG40OGlwODRHeGpnNjlBczZyRVUyODZpSSI7czo5OiJfcHJldmlvdXMiO2E6MTp7czozOiJ1cmwiO3M6NDE6Imh0dHBzOi8vd3d3LmpldG1hcnRpbmRpYS5jb20vcHJvZHVjdC8yMjM3Ijt9czo2OiJfZmxhc2giO2E6Mjp7czozOiJvbGQiO2E6MDp7fXM6MzoibmV3IjthOjA6e319fQ==', 1695625339),
('mh19ICtpmNjVzrinq93YIuFisXqwb7ui6mSV3ny9', NULL, '66.249.66.199', 'Mozilla/5.0 (Linux; Android 6.0.1; Nexus 5X Build/MMB29P) AppleWebKit/537.36 (KHTML, like Gecko) Chrome/117.0.5938.62 Mobile Safari/537.36 (compatible; Googlebot/2.1; +http://www.google.com/bot.html)', 'YTozOntzOjY6Il90b2tlbiI7czo0MDoiSVpoMXhXazFoWXRsRm9RVm5RNWJ6aWhIeEhmYnd1RHlUSngyOGJlSiI7czo5OiJfcHJldmlvdXMiO2E6MTp7czozOiJ1cmwiO3M6NDg6Imh0dHBzOi8vamV0bWFydGluZGlhLmNvbS9jYXRlZ29yeS9kaWdlc3RpdmUtY2FyZSI7fXM6NjoiX2ZsYXNoIjthOjI6e3M6Mzoib2xkIjthOjA6e31zOjM6Im5ldyI7YTowOnt9fX0=', 1695625364),
('A0Zof2t3dGHqDpMAKEFjFmxNlblHsTTVQdX1zYi2', NULL, '66.102.7.75', 'Mozilla/5.0 (X11; Linux x86_64) AppleWebKit/537.36 (KHTML, like Gecko) Chrome/56.0.2924.87 Safari/537.36 Google-PageRenderer Google (+https://developers.google.com/+/web/snippet/)', 'YTozOntzOjY6Il90b2tlbiI7czo0MDoiNkREOFFJOFhJaTF5c2YxbWhMQmxvT3gxQnQ1Z0pZaUZzZU5kcnVjVyI7czo5OiJfcHJldmlvdXMiO2E6MTp7czozOiJ1cmwiO3M6MjQ6Imh0dHBzOi8vamV0bWFydGluZGlhLmNvbSI7fXM6NjoiX2ZsYXNoIjthOjI6e3M6Mzoib2xkIjthOjA6e31zOjM6Im5ldyI7YTowOnt9fX0=', 1695625429),
('Iih8NytqoJRZoFUDKTH3eYNsGRaWjxZV60c3sx1g', NULL, '66.102.7.74', 'Mozilla/5.0 (X11; Linux x86_64) AppleWebKit/537.36 (KHTML, like Gecko) Chrome/56.0.2924.87 Safari/537.36 Google-PageRenderer Google (+https://developers.google.com/+/web/snippet/)', 'YTozOntzOjY6Il90b2tlbiI7czo0MDoiZURzZ083eFAwN1lZTlNFSGJmdEJvVk91MmtXRlBOR0paRUNaSEM3byI7czo5OiJfcHJldmlvdXMiO2E6MTp7czozOiJ1cmwiO3M6NTA6Imh0dHBzOi8vamV0bWFydGluZGlhLmNvbS91cGxvYWQvMjAzNzU3Mjk2MGJhYnkuanBnIjt9czo2OiJfZmxhc2giO2E6Mjp7czozOiJvbGQiO2E6MDp7fXM6MzoibmV3IjthOjA6e319fQ==', 1695625430),
('qMf3qohvA1kplfObQnbMcT66f1EzFBLZgMQbAaG3', NULL, '66.102.7.75', 'Mozilla/5.0 (X11; Linux x86_64) AppleWebKit/537.36 (KHTML, like Gecko) Chrome/56.0.2924.87 Safari/537.36 Google-PageRenderer Google (+https://developers.google.com/+/web/snippet/)', 'YTozOntzOjY6Il90b2tlbiI7czo0MDoiSGNnYXA5T0wzaWQyYVF1OUx1dUhBRGtjaVlWVEhvR3VhR2pabmhiTyI7czo5OiJfcHJldmlvdXMiO2E6MTp7czozOiJ1cmwiO3M6NjQ6Imh0dHBzOi8vamV0bWFydGluZGlhLmNvbS91cGxvYWQvMTM1ODg4MTc5OFJpZ2h0LWJhbm5lcl8xZWJjYS5qcGciO31zOjY6Il9mbGFzaCI7YToyOntzOjM6Im9sZCI7YTowOnt9czozOiJuZXciO2E6MDp7fX19', 1695625430),
('m5HmsCbD7sOnUXOPMPol37gZE3pJwBe8kJyKfsI2', NULL, '66.102.7.73', 'Mozilla/5.0 (X11; Linux x86_64) AppleWebKit/537.36 (KHTML, like Gecko) Chrome/56.0.2924.87 Safari/537.36 Google-PageRenderer Google (+https://developers.google.com/+/web/snippet/)', 'YTozOntzOjY6Il90b2tlbiI7czo0MDoiSXBJMnV2SlNsYkY5SGVlRGxhN2dScmpqU2xmeXlvemd4U2d4M2k3ZSI7czo5OiJfcHJldmlvdXMiO2E6MTp7czozOiJ1cmwiO3M6NTQ6Imh0dHBzOi8vamV0bWFydGluZGlhLmNvbS91cGxvYWQvMTcyMjI2NjYzMWl0Yy1sb2dvLmpwZyI7fXM6NjoiX2ZsYXNoIjthOjI6e3M6Mzoib2xkIjthOjA6e31zOjM6Im5ldyI7YTowOnt9fX0=', 1695625430),
('Itje2fYNSowv3sK7uOHMTPvg5M2gUG8wfsPOqZYv', NULL, '66.102.7.73', 'Mozilla/5.0 (X11; Linux x86_64) AppleWebKit/537.36 (KHTML, like Gecko) Chrome/56.0.2924.87 Safari/537.36 Google-PageRenderer Google (+https://developers.google.com/+/web/snippet/)', 'YTozOntzOjY6Il90b2tlbiI7czo0MDoiTzg2d1ZjM3QxNGdmOXozUHZQcUVoSHBTYWpaRHJBVjlrbDF5clI3QiI7czo5OiJfcHJldmlvdXMiO2E6MTp7czozOiJ1cmwiO3M6NTQ6Imh0dHBzOi8vamV0bWFydGluZGlhLmNvbS91cGxvYWQvMTUzMTEwNDYwN2tvaGlub29yLmpwZyI7fXM6NjoiX2ZsYXNoIjthOjI6e3M6Mzoib2xkIjthOjA6e31zOjM6Im5ldyI7YTowOnt9fX0=', 1695625430),
('YSx84Pi1HCYH3BMygXWhvJJYyuzTXu0Xm2bY9TyN', NULL, '66.102.7.73', 'Mozilla/5.0 (X11; Linux x86_64) AppleWebKit/537.36 (KHTML, like Gecko) Chrome/56.0.2924.87 Safari/537.36 Google-PageRenderer Google (+https://developers.google.com/+/web/snippet/)', 'YTozOntzOjY6Il90b2tlbiI7czo0MDoiVGRYTzVXS0hNV2hVUmNGaThFTXplYTN5TVJSTlRhYW9uSk9HMzRHRSI7czo5OiJfcHJldmlvdXMiO2E6MTp7czozOiJ1cmwiO3M6NTc6Imh0dHBzOi8vamV0bWFydGluZGlhLmNvbS91cGxvYWQvMjAzOTI0NDQwMlNsaWRlcjFlYzYzLmpwZyI7fXM6NjoiX2ZsYXNoIjthOjI6e3M6Mzoib2xkIjthOjA6e31zOjM6Im5ldyI7YTowOnt9fX0=', 1695625430),
('IsVE4LD5z2fm7Tr85iGpr76wGGeYEODk6x6oCaze', NULL, '66.102.7.74', 'Mozilla/5.0 (X11; Linux x86_64) AppleWebKit/537.36 (KHTML, like Gecko) Chrome/56.0.2924.87 Safari/537.36 Google-PageRenderer Google (+https://developers.google.com/+/web/snippet/)', 'YTozOntzOjY6Il90b2tlbiI7czo0MDoiZ3FSRXAyZFlQV2FYdG5Wd2pVY2g1ZWMzUEg1V1ZSQ3puUGVCQ2I5byI7czo5OiJfcHJldmlvdXMiO2E6MTp7czozOiJ1cmwiO3M6Njc6Imh0dHBzOi8vamV0bWFydGluZGlhLmNvbS91cGxvYWQvODQ2ODA5ODgwUmVja2l0dF9CZW5ja2lzZXJfTG9nby5qcGciO31zOjY6Il9mbGFzaCI7YToyOntzOjM6Im9sZCI7YTowOnt9czozOiJuZXciO2E6MDp7fX19', 1695625430),
('3FcOslbDLqU6h3pXrDf6M7xumO2txerzDG9pVLIs', NULL, '66.102.7.75', 'Mozilla/5.0 (X11; Linux x86_64) AppleWebKit/537.36 (KHTML, like Gecko) Chrome/56.0.2924.87 Safari/537.36 Google-PageRenderer Google (+https://developers.google.com/+/web/snippet/)', 'YTozOntzOjY6Il90b2tlbiI7czo0MDoiZEVaRnhCVFNLdG5rbDNDQjJMV0YySVkzQ2p3T3B5NFBuWUIyQ0o0NCI7czo5OiJfcHJldmlvdXMiO2E6MTp7czozOiJ1cmwiO3M6NTE6Imh0dHBzOi8vamV0bWFydGluZGlhLmNvbS91cGxvYWQvNjUzNTg5MDA5cGdsb2dvLmpwZyI7fXM6NjoiX2ZsYXNoIjthOjI6e3M6Mzoib2xkIjthOjA6e31zOjM6Im5ldyI7YTowOnt9fX0=', 1695625430),
('gLRtWfefsnYdUrWyhQqbnLBnnXxY12FIqbpA6esz', NULL, '66.102.7.73', 'Mozilla/5.0 (X11; Linux x86_64) AppleWebKit/537.36 (KHTML, like Gecko) Chrome/56.0.2924.87 Safari/537.36 Google-PageRenderer Google (+https://developers.google.com/+/web/snippet/)', 'YTozOntzOjY6Il90b2tlbiI7czo0MDoiSFVHQWdNenJrN2NSWG5wUk5iZ2ZaSWhzaGE5ZlpqbnB5RXl5VEhiWCI7czo5OiJfcHJldmlvdXMiO2E6MTp7czozOiJ1cmwiO3M6NTI6Imh0dHBzOi8vamV0bWFydGluZGlhLmNvbS91cGxvYWQvMTQ0ODcyOTk0OGhlYWx0aC5qcGciO31zOjY6Il9mbGFzaCI7YToyOntzOjM6Im9sZCI7YTowOnt9czozOiJuZXciO2E6MDp7fX19', 1695625430),
('xLlsoKzO5DxMaw3qr8KC9yy0b1ByHXyzh1rIi7Sf', NULL, '66.102.7.74', 'Mozilla/5.0 (X11; Linux x86_64) AppleWebKit/537.36 (KHTML, like Gecko) Chrome/56.0.2924.87 Safari/537.36 Google-PageRenderer Google (+https://developers.google.com/+/web/snippet/)', 'YTozOntzOjY6Il90b2tlbiI7czo0MDoieG5DTGtHNkwwR0xYN2JOOTViRWVFYTNzMU9ZbEg1Z0w4VHptY3VPMSI7czo5OiJfcHJldmlvdXMiO2E6MTp7czozOiJ1cmwiO3M6MjQ6Imh0dHBzOi8vamV0bWFydGluZGlhLmNvbSI7fXM6NjoiX2ZsYXNoIjthOjI6e3M6Mzoib2xkIjthOjA6e31zOjM6Im5ldyI7YTowOnt9fX0=', 1695625430),
('tCECPxC8sCKNXaqBmKUBh8WPDZjn16QtVs53uhYA', NULL, '66.102.7.75', 'Mozilla/5.0 (X11; Linux x86_64) AppleWebKit/537.36 (KHTML, like Gecko) Chrome/56.0.2924.87 Safari/537.36 Google-PageRenderer Google (+https://developers.google.com/+/web/snippet/)', 'YTozOntzOjY6Il90b2tlbiI7czo0MDoic1ZKSXdYOExJZFZtSVZXZEtTZnVNRmlaQnpyYWsxdjlLeDdzSzVqbyI7czo5OiJfcHJldmlvdXMiO2E6MTp7czozOiJ1cmwiO3M6NTM6Imh0dHBzOi8vamV0bWFydGluZGlhLmNvbS91cGxvYWQvMTQ0MDMwMTM2Mmdyb2NlcnkuanBnIjt9czo2OiJfZmxhc2giO2E6Mjp7czozOiJvbGQiO2E6MDp7fXM6MzoibmV3IjthOjA6e319fQ==', 1695625430),
('8Mp15mcOWQDVXd8URukZG0U3k2Cj4ikJ96rIzEXr', NULL, '114.119.138.179', 'Mozilla/5.0 (Linux; Android 7.0;) AppleWebKit/537.36 (KHTML, like Gecko) Mobile Safari/537.36 (compatible; PetalBot;+https://webmaster.petalsearch.com/site/petalbot)', 'YTozOntzOjY6Il90b2tlbiI7czo0MDoiNXRnZlhOREhGdm9KR2d5eVVGRmFuNzRnV0YxZ0d5dDl1SFptSWpRZyI7czo5OiJfcHJldmlvdXMiO2E6MTp7czozOiJ1cmwiO3M6NDE6Imh0dHBzOi8vd3d3LmpldG1hcnRpbmRpYS5jb20vcHJvZHVjdC8yMTU3Ijt9czo2OiJfZmxhc2giO2E6Mjp7czozOiJvbGQiO2E6MDp7fXM6MzoibmV3IjthOjA6e319fQ==', 1695625522),
('oY7L0K0mO6iOg1dwFd7lAEEsbAkUNecVFUJeajiu', NULL, '64.233.172.236', 'Mozilla/5.0 (X11; Linux x86_64) AppleWebKit/537.36 (KHTML, like Gecko) Chrome/56.0.2924.87 Safari/537.36 Google-PageRenderer Google (+https://developers.google.com/+/web/snippet/)', 'YTozOntzOjY6Il90b2tlbiI7czo0MDoiSjNzdXNteGdCN0ViOHVkRFNmRVRiT0pEbnpucklzbXdZOWJoUlBuRyI7czo5OiJfcHJldmlvdXMiO2E6MTp7czozOiJ1cmwiO3M6MjQ6Imh0dHBzOi8vamV0bWFydGluZGlhLmNvbSI7fXM6NjoiX2ZsYXNoIjthOjI6e3M6Mzoib2xkIjthOjA6e31zOjM6Im5ldyI7YTowOnt9fX0=', 1695625625),
('cYxOCVQXrL08dTuteWBrWpBtwLi83aSbRtEthjaW', NULL, '64.233.172.237', 'Mozilla/5.0 (X11; Linux x86_64) AppleWebKit/537.36 (KHTML, like Gecko) Chrome/56.0.2924.87 Safari/537.36 Google-PageRenderer Google (+https://developers.google.com/+/web/snippet/)', 'YTozOntzOjY6Il90b2tlbiI7czo0MDoicldRVXBmbUp4Nk82SGpaRmFBbXZMcFliNU94VmNjbUhBajg5dE50WSI7czo5OiJfcHJldmlvdXMiO2E6MTp7czozOiJ1cmwiO3M6NTM6Imh0dHBzOi8vamV0bWFydGluZGlhLmNvbS91cGxvYWQvMTQ0MDMwMTM2Mmdyb2NlcnkuanBnIjt9czo2OiJfZmxhc2giO2E6Mjp7czozOiJvbGQiO2E6MDp7fXM6MzoibmV3IjthOjA6e319fQ==', 1695625626),
('Y4K5jXQzfpuzWo8kA3NpZWvMzsj2UP8iD4BcrvDq', NULL, '64.233.172.237', 'Mozilla/5.0 (X11; Linux x86_64) AppleWebKit/537.36 (KHTML, like Gecko) Chrome/56.0.2924.87 Safari/537.36 Google-PageRenderer Google (+https://developers.google.com/+/web/snippet/)', 'YTozOntzOjY6Il90b2tlbiI7czo0MDoiRTJ0eGw5WFREeVFwVnNQbDROcXZwNXFPMFowbXhaZndNR3A3ZVhmRiI7czo5OiJfcHJldmlvdXMiO2E6MTp7czozOiJ1cmwiO3M6NTE6Imh0dHBzOi8vamV0bWFydGluZGlhLmNvbS91cGxvYWQvNjUzNTg5MDA5cGdsb2dvLmpwZyI7fXM6NjoiX2ZsYXNoIjthOjI6e3M6Mzoib2xkIjthOjA6e31zOjM6Im5ldyI7YTowOnt9fX0=', 1695625626),
('PVdunAKtoyV7R0V6hPQ0gEWWRyq6Bd5rfvyFWOhZ', NULL, '64.233.172.237', 'Mozilla/5.0 (X11; Linux x86_64) AppleWebKit/537.36 (KHTML, like Gecko) Chrome/56.0.2924.87 Safari/537.36 Google-PageRenderer Google (+https://developers.google.com/+/web/snippet/)', 'YTozOntzOjY6Il90b2tlbiI7czo0MDoibkM0dEpOTE40RXI3S1FaN0lHc3lsVUFabVFBOUo2Z3NvamJjRXhmMCI7czo5OiJfcHJldmlvdXMiO2E6MTp7czozOiJ1cmwiO3M6NTk6Imh0dHBzOi8vamV0bWFydGluZGlhLmNvbS91cGxvYWQvMjA2MTQ0MDAzOHBlcnNvbmFsLWNhcmUuanBnIjt9czo2OiJfZmxhc2giO2E6Mjp7czozOiJvbGQiO2E6MDp7fXM6MzoibmV3IjthOjA6e319fQ==', 1695625626),
('Cx0eZGYw2OcVl5BemVSY12rmDo5WjvCj8yYUr5s5', NULL, '64.233.172.235', 'Mozilla/5.0 (X11; Linux x86_64) AppleWebKit/537.36 (KHTML, like Gecko) Chrome/56.0.2924.87 Safari/537.36 Google-PageRenderer Google (+https://developers.google.com/+/web/snippet/)', 'YTozOntzOjY6Il90b2tlbiI7czo0MDoia3h5M1JZcmZoUEdXN3Rmdm1CRkQzNmFuZDVXUW5RdXhSMHBvWVVZWCI7czo5OiJfcHJldmlvdXMiO2E6MTp7czozOiJ1cmwiO3M6NTQ6Imh0dHBzOi8vamV0bWFydGluZGlhLmNvbS91cGxvYWQvMTcyMjI2NjYzMWl0Yy1sb2dvLmpwZyI7fXM6NjoiX2ZsYXNoIjthOjI6e3M6Mzoib2xkIjthOjA6e31zOjM6Im5ldyI7YTowOnt9fX0=', 1695625626),
('XZ4VAWasMA48fRHqcwcSEBeS6MzARS9ToDfQCepJ', NULL, '64.233.172.236', 'Mozilla/5.0 (X11; Linux x86_64) AppleWebKit/537.36 (KHTML, like Gecko) Chrome/56.0.2924.87 Safari/537.36 Google-PageRenderer Google (+https://developers.google.com/+/web/snippet/)', 'YTozOntzOjY6Il90b2tlbiI7czo0MDoiSklZUHp5MjJPbDUxbHVka21UVnlHcUttdUJ2aDRSTUdpbmx1VEhUaiI7czo5OiJfcHJldmlvdXMiO2E6MTp7czozOiJ1cmwiO3M6NjE6Imh0dHBzOi8vamV0bWFydGluZGlhLmNvbS91cGxvYWQvMTE1MjUyMzA2OWRpcnktYW5kLWJha2VyeS5qcGciO31zOjY6Il9mbGFzaCI7YToyOntzOjM6Im9sZCI7YTowOnt9czozOiJuZXciO2E6MDp7fX19', 1695625626),
('FfIPYJqBUeE3GtSeFyRmWtrcDBHGBRDzQ1XN1hcQ', NULL, '64.233.172.235', 'Mozilla/5.0 (X11; Linux x86_64) AppleWebKit/537.36 (KHTML, like Gecko) Chrome/56.0.2924.87 Safari/537.36 Google-PageRenderer Google (+https://developers.google.com/+/web/snippet/)', 'YTozOntzOjY6Il90b2tlbiI7czo0MDoib1VVdEl3clEwWW5QendkYnk3Z0pHZm1NcExGaXltWU92bGZVbW5OWCI7czo5OiJfcHJldmlvdXMiO2E6MTp7czozOiJ1cmwiO3M6NjQ6Imh0dHBzOi8vamV0bWFydGluZGlhLmNvbS91cGxvYWQvMTc3OTI4OTAzMFJpZ2h0LWJhbm5lcl8yZGRmNS5qcGciO31zOjY6Il9mbGFzaCI7YToyOntzOjM6Im9sZCI7YTowOnt9czozOiJuZXciO2E6MDp7fX19', 1695625626),
('JRsA2MSzGigNziuZpkXdtkn2Zu9mh4OlfE9qeMW6', NULL, '64.233.172.235', 'Mozilla/5.0 (X11; Linux x86_64) AppleWebKit/537.36 (KHTML, like Gecko) Chrome/56.0.2924.87 Safari/537.36 Google-PageRenderer Google (+https://developers.google.com/+/web/snippet/)', 'YTozOntzOjY6Il90b2tlbiI7czo0MDoic1dFSTNmWjN6Mk01NmFVM0lVcWVVdGxrc3Q3b1hVeGRYVDRVdVRyQSI7czo5OiJfcHJldmlvdXMiO2E6MTp7czozOiJ1cmwiO3M6NTA6Imh0dHBzOi8vamV0bWFydGluZGlhLmNvbS91cGxvYWQvOTY0NTU3Njkyc25ha3MuanBnIjt9czo2OiJfZmxhc2giO2E6Mjp7czozOiJvbGQiO2E6MDp7fXM6MzoibmV3IjthOjA6e319fQ==', 1695625626),
('IFVxE8mfOVP0bKJOv1ePyhhBzfPrWy6ohwUVl7ic', NULL, '64.233.172.237', 'Mozilla/5.0 (X11; Linux x86_64) AppleWebKit/537.36 (KHTML, like Gecko) Chrome/56.0.2924.87 Safari/537.36 Google-PageRenderer Google (+https://developers.google.com/+/web/snippet/)', 'YTozOntzOjY6Il90b2tlbiI7czo0MDoic3JUNXJhT29FTzNsZlFmUGpHQzVLMmVJQTRpbkJLZE5oRGNCZ3dERiI7czo5OiJfcHJldmlvdXMiO2E6MTp7czozOiJ1cmwiO3M6NTI6Imh0dHBzOi8vamV0bWFydGluZGlhLmNvbS91cGxvYWQvMTQ0ODcyOTk0OGhlYWx0aC5qcGciO31zOjY6Il9mbGFzaCI7YToyOntzOjM6Im9sZCI7YTowOnt9czozOiJuZXciO2E6MDp7fX19', 1695625626),
('ABcLRViX99tcLEr5WRFepBcWF4smCOggcYnczKmg', NULL, '64.233.172.237', 'Mozilla/5.0 (X11; Linux x86_64) AppleWebKit/537.36 (KHTML, like Gecko) Chrome/56.0.2924.87 Safari/537.36 Google-PageRenderer Google (+https://developers.google.com/+/web/snippet/)', 'YTozOntzOjY6Il90b2tlbiI7czo0MDoiUU4xMmdIRml6bDZTbHJPMUllbjRSNUtQcE5aMUs3NDNVUGlOT2Y2ViI7czo5OiJfcHJldmlvdXMiO2E6MTp7czozOiJ1cmwiO3M6NTk6Imh0dHBzOi8vamV0bWFydGluZGlhLmNvbS91cGxvYWQvMTAzMzQwMjk5OWJoYXJhdF9iYW5uZXIuanBnIjt9czo2OiJfZmxhc2giO2E6Mjp7czozOiJvbGQiO2E6MDp7fXM6MzoibmV3IjthOjA6e319fQ==', 1695625626),
('T53ytcpVOlXgCfEzMcFjsNlqK1jpl04KrHVowPqn', NULL, '64.233.172.236', 'Mozilla/5.0 (X11; Linux x86_64) AppleWebKit/537.36 (KHTML, like Gecko) Chrome/56.0.2924.87 Safari/537.36 Google-PageRenderer Google (+https://developers.google.com/+/web/snippet/)', 'YTozOntzOjY6Il90b2tlbiI7czo0MDoiQnpLenhOUXlpbTdMeE1jbEpZQWdManNndzczQnF5eVZEZjBSUU9MVCI7czo5OiJfcHJldmlvdXMiO2E6MTp7czozOiJ1cmwiO3M6NTc6Imh0dHBzOi8vamV0bWFydGluZGlhLmNvbS91cGxvYWQvMjAzOTI0NDQwMlNsaWRlcjFlYzYzLmpwZyI7fXM6NjoiX2ZsYXNoIjthOjI6e3M6Mzoib2xkIjthOjA6e31zOjM6Im5ldyI7YTowOnt9fX0=', 1695625626),
('4EN7Y547YW18tw3GNXAr2KcgOmf0wNzCuqtGmvZS', NULL, '64.233.172.237', 'Mozilla/5.0 (X11; Linux x86_64) AppleWebKit/537.36 (KHTML, like Gecko) Chrome/56.0.2924.87 Safari/537.36 Google-PageRenderer Google (+https://developers.google.com/+/web/snippet/)', 'YTozOntzOjY6Il90b2tlbiI7czo0MDoidTdBYzFqZ2VGMUV6YnU5T2tNOXZ4RmtkVDU5SDNmUXVXeXhLSW1vZSI7czo5OiJfcHJldmlvdXMiO2E6MTp7czozOiJ1cmwiO3M6MjQ6Imh0dHBzOi8vamV0bWFydGluZGlhLmNvbSI7fXM6NjoiX2ZsYXNoIjthOjI6e3M6Mzoib2xkIjthOjA6e31zOjM6Im5ldyI7YTowOnt9fX0=', 1695625626),
('cydfpT62I2q4uJ5H6zqluBtILR22lFK6gKAVXrwp', NULL, '64.233.172.235', 'Mozilla/5.0 (X11; Linux x86_64) AppleWebKit/537.36 (KHTML, like Gecko) Chrome/56.0.2924.87 Safari/537.36 Google-PageRenderer Google (+https://developers.google.com/+/web/snippet/)', 'YTozOntzOjY6Il90b2tlbiI7czo0MDoickZmNTQySFVYY0JjcW03Ykw2cDlVQlJNRlVPOHdoRmdhUms1bmRkUiI7czo5OiJfcHJldmlvdXMiO2E6MTp7czozOiJ1cmwiO3M6NTA6Imh0dHBzOi8vamV0bWFydGluZGlhLmNvbS91cGxvYWQvNzY2NjQwMDc4ZGF3YXQuanBnIjt9czo2OiJfZmxhc2giO2E6Mjp7czozOiJvbGQiO2E6MDp7fXM6MzoibmV3IjthOjA6e319fQ==', 1695625627),
('2XLQldJ8EgFWkTxu8fwbFhDmbKKn3oneNUzNOH9t', NULL, '114.119.157.142', 'Mozilla/5.0 (Linux; Android 7.0;) AppleWebKit/537.36 (KHTML, like Gecko) Mobile Safari/537.36 (compatible; PetalBot;+https://webmaster.petalsearch.com/site/petalbot)', 'YTozOntzOjY6Il90b2tlbiI7czo0MDoiUGo4MUpEZXhwd2FtbkxFRkVZN2duMjdFT2pYNGFob1VlNERqeGxrRSI7czo5OiJfcHJldmlvdXMiO2E6MTp7czozOiJ1cmwiO3M6NDE6Imh0dHBzOi8vd3d3LmpldG1hcnRpbmRpYS5jb20vcHJvZHVjdC8yMTM1Ijt9czo2OiJfZmxhc2giO2E6Mjp7czozOiJvbGQiO2E6MDp7fXM6MzoibmV3IjthOjA6e319fQ==', 1695625713),
('AtpWX3g1Tk46WJk0gMJp1XPBR7Ab1ch2Jx9zywmS', NULL, '66.249.66.197', 'Googlebot-Image/1.0', 'YTozOntzOjY6Il90b2tlbiI7czo0MDoiY3o0SmZPU3ptanhpd1BUbWVERnF3VG5JdkFYYUpYUWVzY3plRkZqbCI7czo5OiJfcHJldmlvdXMiO2E6MTp7czozOiJ1cmwiO3M6ODY6Imh0dHBzOi8vamV0bWFydGluZGlhLmNvbS91cGxvYWQvMzY1NTE2NTk0U1VSRiUyMEVYQ0VMJTIwTUFUSUMlMjBGUk9OVCUyMExPQUQlMjAxS0cuanBnIjt9czo2OiJfZmxhc2giO2E6Mjp7czozOiJvbGQiO2E6MDp7fXM6MzoibmV3IjthOjA6e319fQ==', 1695625776),
('0AvvdkklpzGO1b0m4WR48vDsuH2LEz3OolQHvUgN', NULL, '66.249.66.197', 'Googlebot-Image/1.0', 'YTozOntzOjY6Il90b2tlbiI7czo0MDoiREJSRE9MZXRiWFJqN2hQekptMU1VeTM0d2RsM1Y2VEE5NWFhd2NFMiI7czo5OiJfcHJldmlvdXMiO2E6MTp7czozOiJ1cmwiO3M6ODY6Imh0dHBzOi8vamV0bWFydGluZGlhLmNvbS91cGxvYWQvMzY1NTE2NTk0U1VSRiUyMEVYQ0VMJTIwTUFUSUMlMjBGUk9OVCUyMExPQUQlMjAxS0cuanBnIjt9czo2OiJfZmxhc2giO2E6Mjp7czozOiJvbGQiO2E6MDp7fXM6MzoibmV3IjthOjA6e319fQ==', 1695625777),
('z5Djum1tZ1bmQ7e9dDuSQX1mU5v6fkyAR2MYO0nQ', NULL, '114.119.144.65', 'Mozilla/5.0 (Linux; Android 7.0;) AppleWebKit/537.36 (KHTML, like Gecko) Mobile Safari/537.36 (compatible; PetalBot;+https://webmaster.petalsearch.com/site/petalbot)', 'YTozOntzOjY6Il90b2tlbiI7czo0MDoiVVdKTzVBT1gzRmpVakVSRGFYdXlmT0MwNjVFUmJVMmhZQXNibmVYcCI7czo5OiJfcHJldmlvdXMiO2E6MTp7czozOiJ1cmwiO3M6NDE6Imh0dHBzOi8vd3d3LmpldG1hcnRpbmRpYS5jb20vcHJvZHVjdC8yMDYzIjt9czo2OiJfZmxhc2giO2E6Mjp7czozOiJvbGQiO2E6MDp7fXM6MzoibmV3IjthOjA6e319fQ==', 1695625906),
('losTNqs99h8UP32kqjyca9vHHpyAhLxFmQ8k9Muo', NULL, '66.249.66.199', 'Mozilla/5.0 (compatible; Googlebot/2.1; +http://www.google.com/bot.html)', 'YTozOntzOjY6Il90b2tlbiI7czo0MDoidlhISXl4N0RNS1Fjb0Z1dTVENHZHb3BvYWU3RFFXZEpCRVhwek45dyI7czo5OiJfcHJldmlvdXMiO2E6MTp7czozOiJ1cmwiO3M6NDQ6Imh0dHBzOi8vamV0bWFydGluZGlhLmNvbS9wcm9kdWN0L2Jlc2FuLTUwMGdtIjt9czo2OiJfZmxhc2giO2E6Mjp7czozOiJvbGQiO2E6MDp7fXM6MzoibmV3IjthOjA6e319fQ==', 1695626002),
('XNbCbp1zxwDh0ImJ6CHa5h6tZjfBlSAnIog622r8', NULL, '114.119.149.23', 'Mozilla/5.0 (Linux; Android 7.0;) AppleWebKit/537.36 (KHTML, like Gecko) Mobile Safari/537.36 (compatible; PetalBot;+https://webmaster.petalsearch.com/site/petalbot)', 'YTozOntzOjY6Il90b2tlbiI7czo0MDoiQzNpQTB0azhFSHZueEF5cHdzQUxhMldNRzdweXM4N3VMQlFnc2hZMiI7czo5OiJfcHJldmlvdXMiO2E6MTp7czozOiJ1cmwiO3M6NDE6Imh0dHBzOi8vd3d3LmpldG1hcnRpbmRpYS5jb20vcHJvZHVjdC8yMDU0Ijt9czo2OiJfZmxhc2giO2E6Mjp7czozOiJvbGQiO2E6MDp7fXM6MzoibmV3IjthOjA6e319fQ==', 1695626098),
('ZG6IlTMzl0Ywhc5B04NhH4CKaTbSLoXu3Nva7RX3', NULL, '114.119.150.158', 'Mozilla/5.0 (Linux; Android 7.0;) AppleWebKit/537.36 (KHTML, like Gecko) Mobile Safari/537.36 (compatible; PetalBot;+https://webmaster.petalsearch.com/site/petalbot)', 'YTozOntzOjY6Il90b2tlbiI7czo0MDoiWTllb1hKUHVMTWlyTENkWVhnZnpjaVVwcERvUWpGSHY1V0tYZnMzSSI7czo5OiJfcHJldmlvdXMiO2E6MTp7czozOiJ1cmwiO3M6NDE6Imh0dHBzOi8vd3d3LmpldG1hcnRpbmRpYS5jb20vcHJvZHVjdC8yMDUzIjt9czo2OiJfZmxhc2giO2E6Mjp7czozOiJvbGQiO2E6MDp7fXM6MzoibmV3IjthOjA6e319fQ==', 1695626287),
('qOowjZmL3B06xnUuRfJkImS738A4sfUXvWKTnkit', NULL, '114.119.151.206', 'Mozilla/5.0 (Linux; Android 7.0;) AppleWebKit/537.36 (KHTML, like Gecko) Mobile Safari/537.36 (compatible; PetalBot;+https://webmaster.petalsearch.com/site/petalbot)', 'YTozOntzOjY6Il90b2tlbiI7czo0MDoiY3ZaRllRTmlidlZMdmdyY21mUHRheDBXaDdXMW1oSjRSNFBHQUdyVSI7czo5OiJfcHJldmlvdXMiO2E6MTp7czozOiJ1cmwiO3M6NDE6Imh0dHBzOi8vd3d3LmpldG1hcnRpbmRpYS5jb20vcHJvZHVjdC8yMDE4Ijt9czo2OiJfZmxhc2giO2E6Mjp7czozOiJvbGQiO2E6MDp7fXM6MzoibmV3IjthOjA6e319fQ==', 1695626474),
('dzlZezSQPQrqKPHDuwc09tfQErxIuEcnj1aFDTkx', NULL, '66.249.66.197', 'Googlebot-Image/1.0', 'YTozOntzOjY6Il90b2tlbiI7czo0MDoiRUhYdmVGN1ZFS3lhZFhqM2xCbXN0NlV5NmY3ZWV0enhVRXdFNTN3UyI7czo5OiJfcHJldmlvdXMiO2E6MTp7czozOiJ1cmwiO3M6NTg6Imh0dHBzOi8vamV0bWFydGluZGlhLmNvbS91cGxvYWQvMTM2OTY4ODk5MU1VTkNIJTIwMTZHTS5qcGciO31zOjY6Il9mbGFzaCI7YToyOntzOjM6Im9sZCI7YTowOnt9czozOiJuZXciO2E6MDp7fX19', 1695626630),
('dp5mZESD9bXGwcMLbRkK8oL7JWzOmmYvC133sNRU', NULL, '114.119.152.148', 'Mozilla/5.0 (Linux; Android 7.0;) AppleWebKit/537.36 (KHTML, like Gecko) Mobile Safari/537.36 (compatible; PetalBot;+https://webmaster.petalsearch.com/site/petalbot)', 'YTozOntzOjY6Il90b2tlbiI7czo0MDoicHlEOVBxOWFpYVZQYjZmMFhsQ0hlZUtaMGNuNGNlbEhRbmFta2FydiI7czo5OiJfcHJldmlvdXMiO2E6MTp7czozOiJ1cmwiO3M6NDE6Imh0dHBzOi8vd3d3LmpldG1hcnRpbmRpYS5jb20vcHJvZHVjdC8yMDA5Ijt9czo2OiJfZmxhc2giO2E6Mjp7czozOiJvbGQiO2E6MDp7fXM6MzoibmV3IjthOjA6e319fQ==', 1695626670),
('VofvFlnPdxpch4N0CsKL4mCHLFfSm1Kw96WEXGmB', NULL, '66.249.66.197', 'Mozilla/5.0 (compatible; Googlebot/2.1; +http://www.google.com/bot.html)', 'YTozOntzOjY6Il90b2tlbiI7czo0MDoiN3FYQjZsNTlLTzBpSlZqY0Izd0JXRkVOMlFLTzQydVpvandSRU9wZSI7czo5OiJfcHJldmlvdXMiO2E6MTp7czozOiJ1cmwiO3M6NzM6Imh0dHBzOi8vamV0bWFydGluZGlhLmNvbS9wcm9kdWN0L2NlcmVsYWMtMTItbW9udGgtbXVsdGlncmFpbi1mcnVpdHMtMzAwZ20iO31zOjY6Il9mbGFzaCI7YToyOntzOjM6Im9sZCI7YTowOnt9czozOiJuZXciO2E6MDp7fX19', 1695626858),
('RnOylwNNFL1GqoF4ZQkA3wEE9lHQurLLyy9iXVFr', NULL, '114.119.158.128', 'Mozilla/5.0 (Linux; Android 7.0;) AppleWebKit/537.36 (KHTML, like Gecko) Mobile Safari/537.36 (compatible; PetalBot;+https://webmaster.petalsearch.com/site/petalbot)', 'YTozOntzOjY6Il90b2tlbiI7czo0MDoiRDRIRGhZcW9jdUpMT1dJSnU4cnVEcTNjNFczQ2xWcHlwdkZwcVI1SCI7czo5OiJfcHJldmlvdXMiO2E6MTp7czozOiJ1cmwiO3M6NDE6Imh0dHBzOi8vd3d3LmpldG1hcnRpbmRpYS5jb20vcHJvZHVjdC8xOTQ2Ijt9czo2OiJfZmxhc2giO2E6Mjp7czozOiJvbGQiO2E6MDp7fXM6MzoibmV3IjthOjA6e319fQ==', 1695626866),
('NVGVldyM7VTRnzPvWVBI4bQ0cSc2cP9nLViFRyPt', NULL, '114.119.132.163', 'Mozilla/5.0 (Linux; Android 7.0;) AppleWebKit/537.36 (KHTML, like Gecko) Mobile Safari/537.36 (compatible; PetalBot;+https://webmaster.petalsearch.com/site/petalbot)', 'YTozOntzOjY6Il90b2tlbiI7czo0MDoiYTZUMVlmOHFLeWpVcWY3bEczcjR3cTBZU1ZQUnpaUXZGS0pIYmxqNCI7czo5OiJfcHJldmlvdXMiO2E6MTp7czozOiJ1cmwiO3M6NDE6Imh0dHBzOi8vd3d3LmpldG1hcnRpbmRpYS5jb20vcHJvZHVjdC8xOTIxIjt9czo2OiJfZmxhc2giO2E6Mjp7czozOiJvbGQiO2E6MDp7fXM6MzoibmV3IjthOjA6e319fQ==', 1695627049),
('ZNrJpLgCv2yc2b7PZ0dUbrj0AjuR1N4QWIoU7mWU', NULL, '66.249.66.197', 'Googlebot-Image/1.0', 'YTozOntzOjY6Il90b2tlbiI7czo0MDoia2dtRWZ5QWpMWm9EWW9scFMyeE0wa2dab1owb2hnNXNldzk3NGkxeCI7czo5OiJfcHJldmlvdXMiO2E6MTp7czozOiJ1cmwiO3M6ODU6Imh0dHBzOi8vamV0bWFydGluZGlhLmNvbS91cGxvYWQvMjAwMDc0ODQ2NlRJREUlMjBQT1dERVIlMjA1S0clMjBXSVRIJTIwRlJFRSUyMEJLVC5qcGciO31zOjY6Il9mbGFzaCI7YToyOntzOjM6Im9sZCI7YTowOnt9czozOiJuZXciO2E6MDp7fX19', 1695627139),
('n0yxly7M2FpfQ7umKoaBlXb731EAjgOlU7CvdGn8', NULL, '66.249.66.197', 'Googlebot-Image/1.0', 'YTozOntzOjY6Il90b2tlbiI7czo0MDoic1dKT3VTdHlsbWF3eGRabjM1WjVHWXV3TWRzd3Q3ZnpuaEtndGlDeiI7czo5OiJfcHJldmlvdXMiO2E6MTp7czozOiJ1cmwiO3M6ODU6Imh0dHBzOi8vamV0bWFydGluZGlhLmNvbS91cGxvYWQvMjAwMDc0ODQ2NlRJREUlMjBQT1dERVIlMjA1S0clMjBXSVRIJTIwRlJFRSUyMEJLVC5qcGciO31zOjY6Il9mbGFzaCI7YToyOntzOjM6Im9sZCI7YTowOnt9czozOiJuZXciO2E6MDp7fX19', 1695627140),
('10ZpJVKy9lWd7L0Pz2ZtTMZyBllVy1osEmGiQ1ya', NULL, '114.119.139.217', 'Mozilla/5.0 (Linux; Android 7.0;) AppleWebKit/537.36 (KHTML, like Gecko) Mobile Safari/537.36 (compatible; PetalBot;+https://webmaster.petalsearch.com/site/petalbot)', 'YTozOntzOjY6Il90b2tlbiI7czo0MDoiT2NGY2FoQm9vMEhXQ09selFQd0VHOW1GcXB4SXJFbHpnN3BwTzZLeCI7czo5OiJfcHJldmlvdXMiO2E6MTp7czozOiJ1cmwiO3M6NDE6Imh0dHBzOi8vd3d3LmpldG1hcnRpbmRpYS5jb20vcHJvZHVjdC8xODcwIjt9czo2OiJfZmxhc2giO2E6Mjp7czozOiJvbGQiO2E6MDp7fXM6MzoibmV3IjthOjA6e319fQ==', 1695627248),
('rap96BkkTBk1zVUR6Au8SneAPX53vZpgQ6lhl6nz', NULL, '66.249.66.199', 'Mozilla/5.0 (compatible; Googlebot/2.1; +http://www.google.com/bot.html)', 'YTozOntzOjY6Il90b2tlbiI7czo0MDoiM3dybEpEUjVub09NSXRhYWFTZmRjMlVZd3prSEpQWFIxY09pU3JqcCI7czo5OiJfcHJldmlvdXMiO2E6MTp7czozOiJ1cmwiO3M6NDg6Imh0dHBzOi8vamV0bWFydGluZGlhLmNvbS9wcm9kdWN0L3Bhc3RhLWZ1c2xpLTVrZyI7fXM6NjoiX2ZsYXNoIjthOjI6e3M6Mzoib2xkIjthOjA6e31zOjM6Im5ldyI7YTowOnt9fX0=', 1695627301),
('tkSenqbTOCZPu69mGGiMohoxuyf6OM6HrHdlWMlF', NULL, '66.249.66.198', 'Mozilla/5.0 (Linux; Android 6.0.1; Nexus 5X Build/MMB29P) AppleWebKit/537.36 (KHTML, like Gecko) Chrome/117.0.5938.62 Mobile Safari/537.36 (compatible; Googlebot/2.1; +http://www.google.com/bot.html)', 'YTozOntzOjY6Il90b2tlbiI7czo0MDoiYmZBYmhUOXc3OU9hdnNndVF5STFJS1pITnFXYjRxTHRGMGpWeUU5SiI7czo5OiJfcHJldmlvdXMiO2E6MTp7czozOiJ1cmwiO3M6NDg6Imh0dHBzOi8vamV0bWFydGluZGlhLmNvbS9wcm9kdWN0L3Bhc3RhLWZ1c2xpLTVrZyI7fXM6NjoiX2ZsYXNoIjthOjI6e3M6Mzoib2xkIjthOjA6e31zOjM6Im5ldyI7YTowOnt9fX0=', 1695627339),
('fuy4dkDMh6XX9wRq7WvF6T6EHIUp1Q5CE5ndSCSC', NULL, '66.249.92.198', 'PlayStore-Google', 'YTozOntzOjY6Il90b2tlbiI7czo0MDoiR3laeXZEUUNvVFAySUhocUZIOGVPQk1ldUhXRXVJdEdveDJ6NWljdiI7czo5OiJfcHJldmlvdXMiO2E6MTp7czozOiJ1cmwiO3M6NDQ6Imh0dHBzOi8vamV0bWFydGluZGlhLmNvbS9wYWdlL3ByaXZhY3ktcG9saWN5Ijt9czo2OiJfZmxhc2giO2E6Mjp7czozOiJvbGQiO2E6MDp7fXM6MzoibmV3IjthOjA6e319fQ==', 1695627376),
('xiPB4DoEkK7Q6LCvwDeDbHac1M9RIeCDVmf71VaA', NULL, '114.119.148.191', 'Mozilla/5.0 (Linux; Android 7.0;) AppleWebKit/537.36 (KHTML, like Gecko) Mobile Safari/537.36 (compatible; PetalBot;+https://webmaster.petalsearch.com/site/petalbot)', 'YTozOntzOjY6Il90b2tlbiI7czo0MDoiVkY3U0JaeFVKZHl1dWM0TzRLNk1PakdPZEFoejdUb2twUlRwNWFnRCI7czo5OiJfcHJldmlvdXMiO2E6MTp7czozOiJ1cmwiO3M6NDE6Imh0dHBzOi8vd3d3LmpldG1hcnRpbmRpYS5jb20vcHJvZHVjdC8xODE4Ijt9czo2OiJfZmxhc2giO2E6Mjp7czozOiJvbGQiO2E6MDp7fXM6MzoibmV3IjthOjA6e319fQ==', 1695627427),
('4yYGNjvr8jx3bLKljuKJq7e5heoJ5h12dlHOcwQG', NULL, '114.119.135.96', 'Mozilla/5.0 (Linux; Android 7.0;) AppleWebKit/537.36 (KHTML, like Gecko) Mobile Safari/537.36 (compatible; PetalBot;+https://webmaster.petalsearch.com/site/petalbot)', 'YTozOntzOjY6Il90b2tlbiI7czo0MDoiZHN1VlJDcEdJME5FYXh2QURaaGxzS09FT1owSjNjcnJVMjBBWW9JTiI7czo5OiJfcHJldmlvdXMiO2E6MTp7czozOiJ1cmwiO3M6NDE6Imh0dHBzOi8vd3d3LmpldG1hcnRpbmRpYS5jb20vcHJvZHVjdC8xNjg3Ijt9czo2OiJfZmxhc2giO2E6Mjp7czozOiJvbGQiO2E6MDp7fXM6MzoibmV3IjthOjA6e319fQ==', 1695627633),
('wAmITIvmUgsdEj7t7BnEOTjjzd1eotKO0UwW526Y', 763, '49.37.116.107', 'Mozilla/5.0 (Windows NT 10.0; Win64; x64) AppleWebKit/537.36 (KHTML, like Gecko) Chrome/116.0.0.0 Safari/537.36', 'YTo1OntzOjY6Il90b2tlbiI7czo0MDoiYWFreXZwRFVFa2F5Nk13ckk2eEw3dldLaWJxQlhWckZrZHFXQmpiayI7czo5OiJfcHJldmlvdXMiO2E6MTp7czozOiJ1cmwiO3M6NDQ6Imh0dHBzOi8vd3d3LmFkbWluLmpldG1hcnRpbmRpYS5jb20vZGFzaGJvYXJkIjt9czo2OiJfZmxhc2giO2E6Mjp7czozOiJvbGQiO2E6MDp7fXM6MzoibmV3IjthOjA6e319czo1MDoibG9naW5fd2ViXzU5YmEzNmFkZGMyYjJmOTQwMTU4MGYwMTRjN2Y1OGVhNGUzMDk4OWQiO2k6NzYzO3M6MTc6InBhc3N3b3JkX2hhc2hfd2ViIjtzOjYwOiIkMnkkMTAkVnJKRzg0MXhObDdSaW11UE5rWjFmT3B0cUR3M2RtOGFjYVk0Z3E2aVg0blVZN0hRWmpUN0MiO30=', 1695628109),
('rZL5W66BScOWFXBSBc9aiJ1NxkYPYPupKvhJTpAJ', NULL, '114.119.138.251', 'Mozilla/5.0 (Linux; Android 7.0;) AppleWebKit/537.36 (KHTML, like Gecko) Mobile Safari/537.36 (compatible; PetalBot;+https://webmaster.petalsearch.com/site/petalbot)', 'YTozOntzOjY6Il90b2tlbiI7czo0MDoiWWNVWDZkSGVyTk9NRDUwaWFxNXZENVBkc3dMN1k5WTIwdUs5b01GaiI7czo5OiJfcHJldmlvdXMiO2E6MTp7czozOiJ1cmwiO3M6NDE6Imh0dHBzOi8vd3d3LmpldG1hcnRpbmRpYS5jb20vcHJvZHVjdC8xNjU3Ijt9czo2OiJfZmxhc2giO2E6Mjp7czozOiJvbGQiO2E6MDp7fXM6MzoibmV3IjthOjA6e319fQ==', 1695627817),
('uNmu4SE0w1bZUmFUKwKgZRpqOj2cqBBX3v2NWKcN', 135, '49.37.116.107', 'Mozilla/5.0 (Windows NT 10.0; Win64; x64) AppleWebKit/537.36 (KHTML, like Gecko) Chrome/116.0.0.0 Safari/537.36', 'YTo1OntzOjY6Il90b2tlbiI7czo0MDoiU2NXNHNwUHB1aTlNaXlaenRIUU1kYTRFQ0FmY1BsQ0V3V3ZMNDVmbSI7czo5OiJfcHJldmlvdXMiO2E6MTp7czozOiJ1cmwiO3M6NDA6Imh0dHBzOi8vd3d3LmFkbWluLmpldG1hcnRpbmRpYS5jb20vb3JkZXIiO31zOjY6Il9mbGFzaCI7YToyOntzOjM6Im9sZCI7YTowOnt9czozOiJuZXciO2E6MDp7fX1zOjUwOiJsb2dpbl93ZWJfNTliYTM2YWRkYzJiMmY5NDAxNTgwZjAxNGM3ZjU4ZWE0ZTMwOTg5ZCI7aToxMzU7czoxNzoicGFzc3dvcmRfaGFzaF93ZWIiO3M6NjA6IiQyeSQxMCRURk9EVWREbVo2aVpGRG85ai5ZWndPLi85SklvNi9Da2NHSS80S3VyZmR0UnJUeXhGS0xjQyI7fQ==', 1695628008),
('gzoNhx0Fteo0HO6KNLXNxcYLqSKJlIvrTFtVHNfJ', NULL, '114.119.146.215', 'Mozilla/5.0 (Linux; Android 7.0;) AppleWebKit/537.36 (KHTML, like Gecko) Mobile Safari/537.36 (compatible; PetalBot;+https://webmaster.petalsearch.com/site/petalbot)', 'YTozOntzOjY6Il90b2tlbiI7czo0MDoiMFNqSHV1ejYyZWJES2szMGpUblg1QmtQODFWb3FQZ2owQ0prckpmeSI7czo5OiJfcHJldmlvdXMiO2E6MTp7czozOiJ1cmwiO3M6NDE6Imh0dHBzOi8vd3d3LmpldG1hcnRpbmRpYS5jb20vcHJvZHVjdC8xNjUzIjt9czo2OiJfZmxhc2giO2E6Mjp7czozOiJvbGQiO2E6MDp7fXM6MzoibmV3IjthOjA6e319fQ==', 1695628012),
('fgBZZOawqDjQbD3XjqpH1mqBVfMM2BdoSWdlzddA', NULL, '216.244.66.200', 'Mozilla/5.0 (compatible; DotBot/1.2; +https://opensiteexplorer.org/dotbot; help@moz.com)', 'YTozOntzOjY6Il90b2tlbiI7czo0MDoiUUNLaFhtd3ROQnplbXU5bHJ5MUlac29XRXZpUnh6S1F5RGZONWlqMSI7czo5OiJfcHJldmlvdXMiO2E6MTp7czozOiJ1cmwiO3M6NjA6Imh0dHBzOi8vamV0bWFydGluZGlhLmNvbS9wcm9kdWN0L2VuZ2FnZS1wb2NrZXQtcGVyZnVtZS0xNy1tbCI7fXM6NjoiX2ZsYXNoIjthOjI6e3M6Mzoib2xkIjthOjA6e31zOjM6Im5ldyI7YTowOnt9fX0=', 1695628043),
('RKVd9yiy5zTP5qtwG6liWnur17XiuTKjMGYpyZ0O', NULL, '66.249.66.198', 'Mozilla/5.0 (Linux; Android 6.0.1; Nexus 5X Build/MMB29P) AppleWebKit/537.36 (KHTML, like Gecko) Chrome/117.0.5938.62 Mobile Safari/537.36 (compatible; Googlebot/2.1; +http://www.google.com/bot.html)', 'YTozOntzOjY6Il90b2tlbiI7czo0MDoibDB6THNRYzJrVFpaVDdvemg2R01rMDZ6YWpGRTFjdUFOV2FmZkdzeiI7czo5OiJfcHJldmlvdXMiO2E6MTp7czozOiJ1cmwiO3M6NDQ6Imh0dHBzOi8vamV0bWFydGluZGlhLmNvbS9wcm9kdWN0L2Jlc2FuLTUwMGdtIjt9czo2OiJfZmxhc2giO2E6Mjp7czozOiJvbGQiO2E6MDp7fXM6MzoibmV3IjthOjA6e319fQ==', 1695628171),
('CBw1rrJpihHnOa2WPAwsN5ib03ABEMk9qsxvv4ZG', NULL, '114.119.140.214', 'Mozilla/5.0 (Linux; Android 7.0;) AppleWebKit/537.36 (KHTML, like Gecko) Mobile Safari/537.36 (compatible; PetalBot;+https://webmaster.petalsearch.com/site/petalbot)', 'YTozOntzOjY6Il90b2tlbiI7czo0MDoiVUlKU01mRFRuVjUzNWdkOUpDbDU4S2YzWjBNWVJWRUxtMldSTkVYbSI7czo5OiJfcHJldmlvdXMiO2E6MTp7czozOiJ1cmwiO3M6NDE6Imh0dHBzOi8vd3d3LmpldG1hcnRpbmRpYS5jb20vcHJvZHVjdC8xNjQ2Ijt9czo2OiJfZmxhc2giO2E6Mjp7czozOiJvbGQiO2E6MDp7fXM6MzoibmV3IjthOjA6e319fQ==', 1695628291),
('c8Lt1WhFE0EAwVE8wXtX7DrlELzWOZq0ySUX3PZj', NULL, '66.249.66.199', 'Mozilla/5.0 (Linux; Android 6.0.1; Nexus 5X Build/MMB29P) AppleWebKit/537.36 (KHTML, like Gecko) Chrome/117.0.5938.62 Mobile Safari/537.36 (compatible; Googlebot/2.1; +http://www.google.com/bot.html)', 'YTozOntzOjY6Il90b2tlbiI7czo0MDoiYTNtYkVZSWZGdUgwNURBZjJpZ0g1ajREZHdiZEJZWDMycnp5VXhUZiI7czo5OiJfcHJldmlvdXMiO2E6MTp7czozOiJ1cmwiO3M6NjE6Imh0dHBzOi8vamV0bWFydGluZGlhLmNvbS9wcm9kdWN0L2V2ZXJlc3QtdGlraGFsYWwtY2hpbGxpLXJzLTUiO31zOjY6Il9mbGFzaCI7YToyOntzOjM6Im9sZCI7YTowOnt9czozOiJuZXciO2E6MDp7fX19', 1695628365),
('9bAZzbnYa2IALdWYjCmahRPbm3Lp8LeO2VE910gH', NULL, '66.249.66.197', 'Mozilla/5.0 (compatible; Googlebot/2.1; +http://www.google.com/bot.html)', 'YTozOntzOjY6Il90b2tlbiI7czo0MDoidk9VSzRFMVQ5MkdYSnIzYjdFTkV6OFVCaGE4ckQzS1dhZmp6VEpWcSI7czo5OiJfcHJldmlvdXMiO2E6MTp7czozOiJ1cmwiO3M6NTA6Imh0dHBzOi8vamV0bWFydGluZGlhLmNvbS9wcm9kdWN0L21hZGh1a3Vuai1nb2xkbWl4Ijt9czo2OiJfZmxhc2giO2E6Mjp7czozOiJvbGQiO2E6MDp7fXM6MzoibmV3IjthOjA6e319fQ==', 1695628465),
('K6pd8p38cQxxwjc15qSSVt55hqu0jYXvt6nKIbPF', NULL, '114.119.141.133', 'Mozilla/5.0 (Linux; Android 7.0;) AppleWebKit/537.36 (KHTML, like Gecko) Mobile Safari/537.36 (compatible; PetalBot;+https://webmaster.petalsearch.com/site/petalbot)', 'YTozOntzOjY6Il90b2tlbiI7czo0MDoiUkY1Y0IwM2VleDlmNEdvRjVBakpSbkk4OXM4anBZU09LWHVCRGlSNCI7czo5OiJfcHJldmlvdXMiO2E6MTp7czozOiJ1cmwiO3M6NDE6Imh0dHBzOi8vd3d3LmpldG1hcnRpbmRpYS5jb20vcHJvZHVjdC8xNjMyIjt9czo2OiJfZmxhc2giO2E6Mjp7czozOiJvbGQiO2E6MDp7fXM6MzoibmV3IjthOjA6e319fQ==', 1695628570),
('48TTbQIIqcQL162d6IxQhySkfs0SwF7Eft6WSBKM', NULL, '66.249.66.198', 'Mozilla/5.0 (Linux; Android 6.0.1; Nexus 5X Build/MMB29P) AppleWebKit/537.36 (KHTML, like Gecko) Chrome/117.0.5938.62 Mobile Safari/537.36 (compatible; Googlebot/2.1; +http://www.google.com/bot.html)', 'YTozOntzOjY6Il90b2tlbiI7czo0MDoiQzFCYkU2UnJzWTg1ZEdIMFRWalhKcWhTOFNEaUFiaG1CdGdlamxCQiI7czo5OiJfcHJldmlvdXMiO2E6MTp7czozOiJ1cmwiO3M6NTY6Imh0dHBzOi8vamV0bWFydGluZGlhLmNvbS9wcm9kdWN0L29yYWwtYi1uZWVtLWJydXNoLXJzLTI1Ijt9czo2OiJfZmxhc2giO2E6Mjp7czozOiJvbGQiO2E6MDp7fXM6MzoibmV3IjthOjA6e319fQ==', 1695628619),
('c5Qtm84oXvYCu0cvsZjZZfU8JPdi8xuRIq6wNHmm', NULL, '66.249.66.198', 'Mozilla/5.0 (compatible; Googlebot/2.1; +http://www.google.com/bot.html)', 'YTozOntzOjY6Il90b2tlbiI7czo0MDoiTVlFclpwYktVcUg4TmNQenBKdEVxY09md3FsVG9EelF6eFgwT0treSI7czo5OiJfcHJldmlvdXMiO2E6MTp7czozOiJ1cmwiO3M6NDc6Imh0dHBzOi8vamV0bWFydGluZGlhLmNvbS9wcm9kdWN0L3NveWFiYWRpLXJzLTEwIjt9czo2OiJfZmxhc2giO2E6Mjp7czozOiJvbGQiO2E6MDp7fXM6MzoibmV3IjthOjA6e319fQ==', 1695628622),
('HTThK7IcEodOJWYYLyRX80HeMdtZzrOFHQA1n3uP', NULL, '66.249.66.197', 'Mozilla/5.0 (Linux; Android 6.0.1; Nexus 5X Build/MMB29P) AppleWebKit/537.36 (KHTML, like Gecko) Chrome/117.0.5938.62 Mobile Safari/537.36 (compatible; Googlebot/2.1; +http://www.google.com/bot.html)', 'YTozOntzOjY6Il90b2tlbiI7czo0MDoiU25mZVdLckRzVUV5c1FRbGt0OGlmdmQ4NkxaM3Zpckh0N1lWNlpFVSI7czo5OiJfcHJldmlvdXMiO2E6MTp7czozOiJ1cmwiO3M6NDc6Imh0dHBzOi8vamV0bWFydGluZGlhLmNvbS9wcm9kdWN0L3NveWFiYWRpLXJzLTEwIjt9czo2OiJfZmxhc2giO2E6Mjp7czozOiJvbGQiO2E6MDp7fXM6MzoibmV3IjthOjA6e319fQ==', 1695628623),
('eiN0yH8zN8yNDb8omtE2wbVVwXbyzGXXnCU6e8b6', NULL, '61.2.227.167', 'com.google.android.apps.searchlite/792973 (Linux; U; Android 11; en_IN; RMX3231; Build/RP1A.201005.001; Cronet/114.0.5735.33)', 'YTozOntzOjY6Il90b2tlbiI7czo0MDoiQ3RxYjFUMjREMTFNVUZMVDlJRU05Z1VONDBxSEtYUzZXanFDMmdaTiI7czo5OiJfcHJldmlvdXMiO2E6MTp7czozOiJ1cmwiO3M6Njk6Imh0dHBzOi8vamV0bWFydGluZGlhLmNvbS91cGxvYWQvMTQzMDkzMTgxM09SQUwtQi1ORUVNLUJSVVNILVJTLTM1LmpwZyI7fXM6NjoiX2ZsYXNoIjthOjI6e3M6Mzoib2xkIjthOjA6e31zOjM6Im5ldyI7YTowOnt9fX0=', 1695628645),
('XnwSkg9o340Cj5QkrXDNDBYIfwr29xCwdEx7LhO5', NULL, '66.249.66.197', 'Mozilla/5.0 (Linux; Android 6.0.1; Nexus 5X Build/MMB29P) AppleWebKit/537.36 (KHTML, like Gecko) Chrome/117.0.5938.92 Mobile Safari/537.36 (compatible; Googlebot/2.1; +http://www.google.com/bot.html)', 'YTozOntzOjY6Il90b2tlbiI7czo0MDoiWENTbDFaTzVHbUYyQkNjRzRVamI3d1BlVWF1N2l3WkJEUGRwcENLQSI7czo5OiJfcHJldmlvdXMiO2E6MTp7czozOiJ1cmwiO3M6NjM6Imh0dHBzOi8vamV0bWFydGluZGlhLmNvbS9wcm9kdWN0L3BhcmFjaHV0ZS1hbG9lLXZlcmEtb2lsLTI1MC1tbCI7fXM6NjoiX2ZsYXNoIjthOjI6e3M6Mzoib2xkIjthOjA6e31zOjM6Im5ldyI7YTowOnt9fX0=', 1695628659),
('mtlojIQrcBuaFCTwhknMMRE8TKULKFaNjKaP7tSN', NULL, '114.119.141.232', 'Mozilla/5.0 (Linux; Android 7.0;) AppleWebKit/537.36 (KHTML, like Gecko) Mobile Safari/537.36 (compatible; PetalBot;+https://webmaster.petalsearch.com/site/petalbot)', 'YTozOntzOjY6Il90b2tlbiI7czo0MDoiNXpJOFJoeldYajg4akxEc1NKTDdXZFB6ekhPUUxCVGRoS3pMcDYxTCI7czo5OiJfcHJldmlvdXMiO2E6MTp7czozOiJ1cmwiO3M6NDE6Imh0dHBzOi8vd3d3LmpldG1hcnRpbmRpYS5jb20vcHJvZHVjdC8xNjExIjt9czo2OiJfZmxhc2giO2E6Mjp7czozOiJvbGQiO2E6MDp7fXM6MzoibmV3IjthOjA6e319fQ==', 1695628846),
('TlXgb3YprKc21jo2D8bmcdeZ11u3dwIvevJL302M', NULL, '66.249.66.197', 'Googlebot-Image/1.0', 'YTozOntzOjY6Il90b2tlbiI7czo0MDoia2haMGpJZzZuS1RIWjB6VDYxeVBGMkZHekduanFpRUFyZW9DTldvRiI7czo5OiJfcHJldmlvdXMiO2E6MTp7czozOiJ1cmwiO3M6NzA6Imh0dHBzOi8vamV0bWFydGluZGlhLmNvbS91cGxvYWQvMTk1MTEzODY5MUVWRVJFQURZJTIwQlRURVJZJTIwMTAxNS5qcGciO31zOjY6Il9mbGFzaCI7YToyOntzOjM6Im9sZCI7YTowOnt9czozOiJuZXciO2E6MDp7fX19', 1695628916),
('2G1FjbfBgge0owa4BJcnl7WT1bWynlJdkMijYnWq', NULL, '66.249.66.197', 'Googlebot-Image/1.0', 'YTozOntzOjY6Il90b2tlbiI7czo0MDoiOXFqbUpKaE95c2tYWWdwTW5pT0NIRkJnVFNVUzV5azdrMlR2QWNGTiI7czo5OiJfcHJldmlvdXMiO2E6MTp7czozOiJ1cmwiO3M6NzA6Imh0dHBzOi8vamV0bWFydGluZGlhLmNvbS91cGxvYWQvMTk1MTEzODY5MUVWRVJFQURZJTIwQlRURVJZJTIwMTAxNS5qcGciO31zOjY6Il9mbGFzaCI7YToyOntzOjM6Im9sZCI7YTowOnt9czozOiJuZXciO2E6MDp7fX19', 1695628918),
('OmTVuQR5QFNUAwE4Ct7HqThy2Pnr8qGhoTuUKhHt', NULL, '66.249.66.197', 'Googlebot-Image/1.0', 'YTozOntzOjY6Il90b2tlbiI7czo0MDoiTGVzWEMzU01vWkw3UzBrdHhMZVI0UmE1WVlSWHNnSWZ2dEl6anVGZSI7czo5OiJfcHJldmlvdXMiO2E6MTp7czozOiJ1cmwiO3M6Nzc6Imh0dHBzOi8vamV0bWFydGluZGlhLmNvbS91cGxvYWQvMzY0MDE4MTY5UnVjaGktR29sZC1yZWZpbmUtT2lsMS1MdHItUG91Y2gucG5nIjt9czo2OiJfZmxhc2giO2E6Mjp7czozOiJvbGQiO2E6MDp7fXM6MzoibmV3IjthOjA6e319fQ==', 1695629091),
('tKnNUiXH2RTZjbiTfXG43kTAqihHAQm6nvA8a93e', NULL, '66.249.66.197', 'Mozilla/5.0 (Linux; Android 6.0.1; Nexus 5X Build/MMB29P) AppleWebKit/537.36 (KHTML, like Gecko) Chrome/117.0.5938.62 Mobile Safari/537.36 (compatible; Googlebot/2.1; +http://www.google.com/bot.html)', 'YTozOntzOjY6Il90b2tlbiI7czo0MDoiYlRubDZLaTgwSXdWVE95MVBQUTJUMFBUTzFDSUdwUU1vVlk0QkZHWCI7czo5OiJfcHJldmlvdXMiO2E6MTp7czozOiJ1cmwiO3M6NzI6Imh0dHBzOi8vamV0bWFydGluZGlhLmNvbS9wcm9kdWN0L2pvaG5zb24tYmFieS1uby1tb3JlLXRlYXJzLXNhbXBvby0xMDBtbCI7fXM6NjoiX2ZsYXNoIjthOjI6e3M6Mzoib2xkIjthOjA6e31zOjM6Im5ldyI7YTowOnt9fX0=', 1695629092),
('LKagxYwywj6qDrD5mjD3Wugx7qNsM6UptplrYqbL', NULL, '66.249.66.197', 'Googlebot-Image/1.0', 'YTozOntzOjY6Il90b2tlbiI7czo0MDoiczQ3N2dEb3ZoOWdpZHpSMzd3NnQ5Wklvb0d4SDNFQmo5SjhHVmdneCI7czo5OiJfcHJldmlvdXMiO2E6MTp7czozOiJ1cmwiO3M6Nzc6Imh0dHBzOi8vamV0bWFydGluZGlhLmNvbS91cGxvYWQvMzY0MDE4MTY5UnVjaGktR29sZC1yZWZpbmUtT2lsMS1MdHItUG91Y2gucG5nIjt9czo2OiJfZmxhc2giO2E6Mjp7czozOiJvbGQiO2E6MDp7fXM6MzoibmV3IjthOjA6e319fQ==', 1695629093),
('dQdl9VEtQI0tMEITVkB7NWmjyhBjdDAC4zfBDfUj', NULL, '114.119.159.58', 'Mozilla/5.0 (Linux; Android 7.0;) AppleWebKit/537.36 (KHTML, like Gecko) Mobile Safari/537.36 (compatible; PetalBot;+https://webmaster.petalsearch.com/site/petalbot)', 'YTozOntzOjY6Il90b2tlbiI7czo0MDoiaVJUZjhMWTJIaDNHOEVwNW1DVFpucWl2ZWhCd0FFZlNSdTFoN2s4bSI7czo5OiJfcHJldmlvdXMiO2E6MTp7czozOiJ1cmwiO3M6NDE6Imh0dHBzOi8vd3d3LmpldG1hcnRpbmRpYS5jb20vcHJvZHVjdC8xNjEwIjt9czo2OiJfZmxhc2giO2E6Mjp7czozOiJvbGQiO2E6MDp7fXM6MzoibmV3IjthOjA6e319fQ==', 1695629117),
('Ig8mhXLPxxTggScD0cr2tHEaTgTz5AsRHqDOHEvY', NULL, '66.249.66.197', 'Mozilla/5.0 (compatible; Googlebot/2.1; +http://www.google.com/bot.html)', 'YTozOntzOjY6Il90b2tlbiI7czo0MDoiTHFxY2RTWWJweEwxWjE5WWF3QUdzdEJlTGczR2Jjbjhna1d4U3lWUSI7czo5OiJfcHJldmlvdXMiO2E6MTp7czozOiJ1cmwiO3M6NzI6Imh0dHBzOi8vamV0bWFydGluZGlhLmNvbS9wcm9kdWN0L2pvaG5zb24tYmFieS1uby1tb3JlLXRlYXJzLXNhbXBvby0xMDBtbCI7fXM6NjoiX2ZsYXNoIjthOjI6e3M6Mzoib2xkIjthOjA6e31zOjM6Im5ldyI7YTowOnt9fX0=', 1695629123),
('E2hB0h1FLXmWb9wVf2tCMz1mtNR50CwF8LKlmTwy', NULL, '154.202.117.112', 'Mozilla/5.0 (Windows NT 10.0; Win64; x64) AppleWebKit/537.36 (KHTML, like Gecko) Chrome/113.0.0.0 Safari/537.36', 'YToyOntzOjY6Il90b2tlbiI7czo0MDoiTXNjNVdwTVowSG9BazhwZTJkUjJkeEV6UVBsdThWaG1NenNsZ21uZiI7czo2OiJfZmxhc2giO2E6Mjp7czozOiJvbGQiO2E6MDp7fXM6MzoibmV3IjthOjA6e319fQ==', 1695629238),
('NZlGRhvxHDzuTYyCpLIfRLWquRJicv9V5PqLLmg9', NULL, '114.119.139.53', 'Mozilla/5.0 (Linux; Android 7.0;) AppleWebKit/537.36 (KHTML, like Gecko) Mobile Safari/537.36 (compatible; PetalBot;+https://webmaster.petalsearch.com/site/petalbot)', 'YTozOntzOjY6Il90b2tlbiI7czo0MDoiVTkzN3h2OUxDMmRqNm1zMEJ6Tlg3bVIwWkU3Q1g0TWdKQzJVNnp4YyI7czo5OiJfcHJldmlvdXMiO2E6MTp7czozOiJ1cmwiO3M6NDE6Imh0dHBzOi8vd3d3LmpldG1hcnRpbmRpYS5jb20vcHJvZHVjdC8xNjAxIjt9czo2OiJfZmxhc2giO2E6Mjp7czozOiJvbGQiO2E6MDp7fXM6MzoibmV3IjthOjA6e319fQ==', 1695629388),
('zh3DG5LK57iRZW0YGSsXfXkPibnmxuFps9uEn1YR', NULL, '66.249.66.197', 'Mozilla/5.0 (compatible; Googlebot/2.1; +http://www.google.com/bot.html)', 'YTozOntzOjY6Il90b2tlbiI7czo0MDoiYnpEcDNMbXV3Njg5RWxUOWUzVVhYVWRrRWY0OG5IRTFLVTJ1ZmJRaiI7czo5OiJfcHJldmlvdXMiO2E6MTp7czozOiJ1cmwiO3M6NjA6Imh0dHBzOi8vamV0bWFydGluZGlhLmNvbS9wcm9kdWN0L2FtcnV0YW5qYW4tbWFoYS1zdHJvbmctNTBtbCI7fXM6NjoiX2ZsYXNoIjthOjI6e3M6Mzoib2xkIjthOjA6e31zOjM6Im5ldyI7YTowOnt9fX0=', 1695629482);
INSERT INTO `sessions` (`id`, `user_id`, `ip_address`, `user_agent`, `payload`, `last_activity`) VALUES
('HwOz8djQP9bVS523EEAUa36zOT3Sy7Xql6s1hZQp', NULL, '114.119.152.70', 'Mozilla/5.0 (Linux; Android 7.0;) AppleWebKit/537.36 (KHTML, like Gecko) Mobile Safari/537.36 (compatible; PetalBot;+https://webmaster.petalsearch.com/site/petalbot)', 'YTozOntzOjY6Il90b2tlbiI7czo0MDoiU1FubE1QYWMyMmxyU05qWjJWMGRuaVN1eG00S2FFMnZOenFwQmFpTiI7czo5OiJfcHJldmlvdXMiO2E6MTp7czozOiJ1cmwiO3M6NDE6Imh0dHBzOi8vd3d3LmpldG1hcnRpbmRpYS5jb20vcHJvZHVjdC8xNTgyIjt9czo2OiJfZmxhc2giO2E6Mjp7czozOiJvbGQiO2E6MDp7fXM6MzoibmV3IjthOjA6e319fQ==', 1695629669),
('1kMyZP6LOwd1f2O6caEdZ8ZCvHy2C2HIV8BXdKH6', NULL, '66.249.66.170', 'Mozilla/5.0 (Linux; Android 6.0.1; Nexus 5X Build/MMB29P) AppleWebKit/537.36 (KHTML, like Gecko) Chrome/117.0.5938.62 Mobile Safari/537.36 (compatible; Googlebot/2.1; +http://www.google.com/bot.html)', 'YTozOntzOjY6Il90b2tlbiI7czo0MDoiVGM1dnBjSnV5RzVqWDRYd3Zadmt2WTVRdEp6cUp0VGloTFJHZlk5MyI7czo5OiJfcHJldmlvdXMiO2E6MTp7czozOiJ1cmwiO3M6NTE6Imh0dHBzOi8vd3d3LmpldG1hcnRpbmRpYS5jb20vY2F0ZWdvcnkvYS1wb29qYS1uZWVkcyI7fXM6NjoiX2ZsYXNoIjthOjI6e3M6Mzoib2xkIjthOjA6e31zOjM6Im5ldyI7YTowOnt9fX0=', 1695629716),
('HVJkP3WHqslWq9CFXe1qHqWLkg8cypPn0wHHI6i7', NULL, '66.249.66.197', 'Mozilla/5.0 (compatible; Googlebot/2.1; +http://www.google.com/bot.html)', 'YTozOntzOjY6Il90b2tlbiI7czo0MDoiNGlzNmNPc1N5bElIUlNPcGE2ckpXV2I2RTFaSVQwSHlYSTgxYjNOeCI7czo5OiJfcHJldmlvdXMiO2E6MTp7czozOiJ1cmwiO3M6NDQ6Imh0dHBzOi8vamV0bWFydGluZGlhLmNvbS9wYWdlL3ByaXZhY3ktcG9saWN5Ijt9czo2OiJfZmxhc2giO2E6Mjp7czozOiJvbGQiO2E6MDp7fXM6MzoibmV3IjthOjA6e319fQ==', 1695629761),
('rWODdpzp73GQUXTHoTOS5MmE6M9TEIcwkPxUUXI6', NULL, '66.249.66.170', 'Googlebot-Image/1.0', 'YTozOntzOjY6Il90b2tlbiI7czo0MDoiY01vUVpSZXZCMlhnUjZCbVJIZWt6MExwNHByT1pjZVRSS01NazlkQyI7czo5OiJfcHJldmlvdXMiO2E6MTp7czozOiJ1cmwiO3M6NjY6Imh0dHBzOi8vd3d3LmpldG1hcnRpbmRpYS5jb20vdXBsb2FkLzk4NDcwODI2NlJJTiUyMEJBUiUyMDE1MEdNLmpwZyI7fXM6NjoiX2ZsYXNoIjthOjI6e3M6Mzoib2xkIjthOjA6e31zOjM6Im5ldyI7YTowOnt9fX0=', 1695629796),
('YXxU9kWM9dWKuErR6Ld6HAcMd5zKfPzpimRw1uwI', NULL, '66.249.66.170', 'Googlebot-Image/1.0', 'YTozOntzOjY6Il90b2tlbiI7czo0MDoiYnlBSTNHRXNOekdOTE05YVF0dXJ0aGVIRmZNZDBTZzdqNm5tYlp3MyI7czo5OiJfcHJldmlvdXMiO2E6MTp7czozOiJ1cmwiO3M6NjY6Imh0dHBzOi8vd3d3LmpldG1hcnRpbmRpYS5jb20vdXBsb2FkLzk4NDcwODI2NlJJTiUyMEJBUiUyMDE1MEdNLmpwZyI7fXM6NjoiX2ZsYXNoIjthOjI6e3M6Mzoib2xkIjthOjA6e31zOjM6Im5ldyI7YTowOnt9fX0=', 1695629797),
('BfqC7F6cmj8n4iOvfwHn3nhv0glz6c0sXNUoG57C', NULL, '116.87.215.25', 'Mozilla/5.0 (iPhone; CPU iPhone OS 16_6_1 like Mac OS X) AppleWebKit/605.1.15 (KHTML, like Gecko) Version/16.6 Mobile/15E148 Safari/604.1', 'YTozOntzOjY6Il90b2tlbiI7czo0MDoiZTM3enBxa0pXQndwTVJYbjZwWkxZTWh3WUxQZUg0QWZTclBnaDc2TCI7czo5OiJfcHJldmlvdXMiO2E6MTp7czozOiJ1cmwiO3M6NjQ6Imh0dHBzOi8vamV0bWFydGluZGlhLmNvbS9wcm9kdWN0L3NlbnNvZHluZS1zb2Z0LXRvb3RoYnJ1c2gtcnMtNjAiO31zOjY6Il9mbGFzaCI7YToyOntzOjM6Im9sZCI7YTowOnt9czozOiJuZXciO2E6MDp7fX19', 1695629818),
('PqW8ePu9ZubwArNlV4uKHEYoLJbvGIrpkU8D518z', NULL, '116.87.215.25', 'Mozilla/5.0 (Macintosh; Intel Mac OS X 10_11_1) AppleWebKit/601.2.4 (KHTML, like Gecko) Version/9.0.1 Safari/601.2.4 facebookexternalhit/1.1 Facebot Twitterbot/1.0', 'YTozOntzOjY6Il90b2tlbiI7czo0MDoiY0NsMzlMODdyR1JHOE5Nb0Z2T2VUUDk2czR1VkpwTXFaaTJxZktQZCI7czo5OiJfcHJldmlvdXMiO2E6MTp7czozOiJ1cmwiO3M6NjQ6Imh0dHBzOi8vamV0bWFydGluZGlhLmNvbS9wcm9kdWN0L3NlbnNvZHluZS1zb2Z0LXRvb3RoYnJ1c2gtcnMtNjAiO31zOjY6Il9mbGFzaCI7YToyOntzOjM6Im9sZCI7YTowOnt9czozOiJuZXciO2E6MDp7fX19', 1695629818),
('W5JhByg0DU8iNa1AOzTuAp03tHgV1zknnMImM1ex', NULL, '66.249.66.199', 'Mozilla/5.0 (compatible; Googlebot/2.1; +http://www.google.com/bot.html)', 'YTozOntzOjY6Il90b2tlbiI7czo0MDoiYzNiZ2k2a29UYnkzMVlldlR1eXZ4MThTU1haZ3NSVWJ6ZWFVVm04TSI7czo5OiJfcHJldmlvdXMiO2E6MTp7czozOiJ1cmwiO3M6MjQ6Imh0dHBzOi8vamV0bWFydGluZGlhLmNvbSI7fXM6NjoiX2ZsYXNoIjthOjI6e3M6Mzoib2xkIjthOjA6e31zOjM6Im5ldyI7YTowOnt9fX0=', 1695629902),
('DlwhdNRvIna71fXsWPZN3OfxTO0Sn2ufK3lQjheP', NULL, '114.119.137.230', 'Mozilla/5.0 (Linux; Android 7.0;) AppleWebKit/537.36 (KHTML, like Gecko) Mobile Safari/537.36 (compatible; PetalBot;+https://webmaster.petalsearch.com/site/petalbot)', 'YTozOntzOjY6Il90b2tlbiI7czo0MDoiYkdoWjJ0WmloU1kxRVhvak4zaDc2TlZ6R3d1d0RMQ0l4aUFvWVQ3TCI7czo5OiJfcHJldmlvdXMiO2E6MTp7czozOiJ1cmwiO3M6ODQ6Imh0dHBzOi8vd3d3LmpldG1hcnRpbmRpYS5jb20vdXBsb2FkLzE2Mjg0NTQyOTdXSElTUEVSJTIwVUxUUkElMjBOSUdIVFMlMjBYTCUyMDdTLmpwZyI7fXM6NjoiX2ZsYXNoIjthOjI6e3M6Mzoib2xkIjthOjA6e31zOjM6Im5ldyI7YTowOnt9fX0=', 1695629941),
('AQ20suDm70yIpT9IO3Uqr7WoYgpZaByhDujUBbcy', NULL, '66.249.66.198', 'Mozilla/5.0 (compatible; Googlebot/2.1; +http://www.google.com/bot.html)', 'YTozOntzOjY6Il90b2tlbiI7czo0MDoicmVIRFk2U3ZvZ3FNVVl2c1dZd1p2NG8xMjVmNWJPd2J3eENFcTNJVCI7czo5OiJfcHJldmlvdXMiO2E6MTp7czozOiJ1cmwiO3M6NTU6Imh0dHBzOi8vamV0bWFydGluZGlhLmNvbS9wcm9kdWN0L3NhbWFqLXN1cHJlbWUtYWdhcmJhdGkiO31zOjY6Il9mbGFzaCI7YToyOntzOjM6Im9sZCI7YTowOnt9czozOiJuZXciO2E6MDp7fX19', 1695630045),
('bYXu74UgnbO8x6LO2A097UdVjOHtILLQetlGg43v', NULL, '114.119.149.145', 'Mozilla/5.0 (Linux; Android 7.0;) AppleWebKit/537.36 (KHTML, like Gecko) Mobile Safari/537.36 (compatible; PetalBot;+https://webmaster.petalsearch.com/site/petalbot)', 'YTozOntzOjY6Il90b2tlbiI7czo0MDoibXM5WEF2MHIyNnM0ME81UWJxcGxHcERkZkF2ZGhQNXBjUkwyOEdhUyI7czo5OiJfcHJldmlvdXMiO2E6MTp7czozOiJ1cmwiO3M6NzI6Imh0dHBzOi8vd3d3LmpldG1hcnRpbmRpYS5jb20vdXBsb2FkLzE0Mzk5MDYzNzVOQVZSQVROQSUyMFRBTEMlMjAxOEdNLmpwZyI7fXM6NjoiX2ZsYXNoIjthOjI6e3M6Mzoib2xkIjthOjA6e31zOjM6Im5ldyI7YTowOnt9fX0=', 1695630205),
('XTnUuGK8koKtQvI9Oe82Y8Ya1rUPRnPG9dWCcCUL', NULL, '114.119.153.49', 'Mozilla/5.0 (Linux; Android 7.0;) AppleWebKit/537.36 (KHTML, like Gecko) Mobile Safari/537.36 (compatible; PetalBot;+https://webmaster.petalsearch.com/site/petalbot)', 'YTozOntzOjY6Il90b2tlbiI7czo0MDoib21jY1h1QlRCQWJNSjhNS3JHVHljRTFzcnpURWpreHR2eHZNcDZYUyI7czo5OiJfcHJldmlvdXMiO2E6MTp7czozOiJ1cmwiO3M6NjU6Imh0dHBzOi8vd3d3LmpldG1hcnRpbmRpYS5jb20vcHJvZHVjdC92YXNlbGluZS1wZXRyb2xldW0tamVsbHktN2dtIjt9czo2OiJfZmxhc2giO2E6Mjp7czozOiJvbGQiO2E6MDp7fXM6MzoibmV3IjthOjA6e319fQ==', 1695630481),
('PEaildBci27i56nuOaM2obHbKyaXecIFjsf2oHS6', NULL, '216.244.66.200', 'Mozilla/5.0 (compatible; DotBot/1.2; +https://opensiteexplorer.org/dotbot; help@moz.com)', 'YTozOntzOjY6Il90b2tlbiI7czo0MDoiRVpjYXRUWWk5RmVlSmN2WjdxV2xROGdLVGxZUEtFNWRxVFZYbHoxbCI7czo5OiJfcHJldmlvdXMiO2E6MTp7czozOiJ1cmwiO3M6NTM6Imh0dHBzOi8vamV0bWFydGluZGlhLmNvbS9wcm9kdWN0L2RvdmUtYm9keS13YXNoLTE5MGdtIjt9czo2OiJfZmxhc2giO2E6Mjp7czozOiJvbGQiO2E6MDp7fXM6MzoibmV3IjthOjA6e319fQ==', 1695630723),
('kUEE9DedMVXlLZ3i9d2VQm6pZLEOcFrP2itU1lIW', NULL, '216.244.66.200', 'Mozilla/5.0 (compatible; DotBot/1.2; +https://opensiteexplorer.org/dotbot; help@moz.com)', 'YTozOntzOjY6Il90b2tlbiI7czo0MDoiNmkxckM0NHFja0xHNTN3TWk1cnNWMlJUZjJBbHNLUk93dlRYVndoSSI7czo5OiJfcHJldmlvdXMiO2E6MTp7czozOiJ1cmwiO3M6NTQ6Imh0dHBzOi8vamV0bWFydGluZGlhLmNvbS9wcm9kdWN0L2xha21lLXBlYWNoLW1pbGstNjBtbCI7fXM6NjoiX2ZsYXNoIjthOjI6e3M6Mzoib2xkIjthOjA6e31zOjM6Im5ldyI7YTowOnt9fX0=', 1695630728),
('ShjOTbsbGZ2YIoN9ScbgrSlARR9Ktkrfv8hiVeuY', NULL, '114.119.128.34', 'Mozilla/5.0 (Linux; Android 7.0;) AppleWebKit/537.36 (KHTML, like Gecko) Mobile Safari/537.36 (compatible; PetalBot;+https://webmaster.petalsearch.com/site/petalbot)', 'YTozOntzOjY6Il90b2tlbiI7czo0MDoiblVVaEwxOEt5bUpIVkpHS0U1NGxzWVJibUVqQ2REMVRpZGd5aUVVeiI7czo5OiJfcHJldmlvdXMiO2E6MTp7czozOiJ1cmwiO3M6NjY6Imh0dHBzOi8vd3d3LmpldG1hcnRpbmRpYS5jb20vcHJvZHVjdC9waWNrbGUtc3dlZXQtbWFuZ28tcHJpbWUzNTBnbSI7fXM6NjoiX2ZsYXNoIjthOjI6e3M6Mzoib2xkIjthOjA6e31zOjM6Im5ldyI7YTowOnt9fX0=', 1695630749),
('z4I2kG6XnIraiGAzihuqyn7iGXoyqISOx6rnb81c', NULL, '66.249.66.198', 'Mozilla/5.0 (Linux; Android 6.0.1; Nexus 5X Build/MMB29P) AppleWebKit/537.36 (KHTML, like Gecko) Chrome/117.0.5938.62 Mobile Safari/537.36 (compatible; Googlebot/2.1; +http://www.google.com/bot.html)', 'YTozOntzOjY6Il90b2tlbiI7czo0MDoiSnN3WkZGU3pFUEJhQnE3aGU3OUZmazNLTU90cmd1RGZSV0k5Q1AzWCI7czo5OiJfcHJldmlvdXMiO2E6MTp7czozOiJ1cmwiO3M6NDc6Imh0dHBzOi8vamV0bWFydGluZGlhLmNvbS9wcm9kdWN0L2Jpby1zb2RhLTEwMGdtIjt9czo2OiJfZmxhc2giO2E6Mjp7czozOiJvbGQiO2E6MDp7fXM6MzoibmV3IjthOjA6e319fQ==', 1695630794),
('c8N6LF48C9yoUKMfoeC64IypG8XCzzIclZFUdP5b', NULL, '216.244.66.200', 'Mozilla/5.0 (compatible; DotBot/1.2; +https://opensiteexplorer.org/dotbot; help@moz.com)', 'YTozOntzOjY6Il90b2tlbiI7czo0MDoiU1BTUWRyRDZZYnJKbE9ub2M0RjAxZHNDR2llQzY0UUdtcThRaXRtYyI7czo5OiJfcHJldmlvdXMiO2E6MTp7czozOiJ1cmwiO3M6NTg6Imh0dHBzOi8vamV0bWFydGluZGlhLmNvbS9wcm9kdWN0L3BoaWxpcHMtMTJ3LWludmVydGFyLWJ1bGIiO31zOjY6Il9mbGFzaCI7YToyOntzOjM6Im9sZCI7YTowOnt9czozOiJuZXciO2E6MDp7fX19', 1695630817),
('xf9UeOp49Y6WYn8qxXRw4IXUTxiZtFP1r9xtn6J4', NULL, '114.119.143.58', 'Mozilla/5.0 (Linux; Android 7.0;) AppleWebKit/537.36 (KHTML, like Gecko) Mobile Safari/537.36 (compatible; PetalBot;+https://webmaster.petalsearch.com/site/petalbot)', 'YTozOntzOjY6Il90b2tlbiI7czo0MDoiSk03QW1GcTFSWTlJNnB2MzZPNTZ2dTRhb1Y3RnA3SDVEbnM0U0QzMSI7czo5OiJfcHJldmlvdXMiO2E6MTp7czozOiJ1cmwiO3M6NTg6Imh0dHBzOi8vd3d3LmpldG1hcnRpbmRpYS5jb20vcHJvZHVjdC9uZXNjYWZlLXJ0ZC1pbnQtMTgwbWwiO31zOjY6Il9mbGFzaCI7YToyOntzOjM6Im9sZCI7YTowOnt9czozOiJuZXciO2E6MDp7fX19', 1695631021),
('UOvwah5Tf7oCQ4xLUCJ8itIregq4ZWI4hQDS9xRx', NULL, '66.249.66.198', 'Mozilla/5.0 (Linux; Android 6.0.1; Nexus 5X Build/MMB29P) AppleWebKit/537.36 (KHTML, like Gecko) Chrome/117.0.5938.62 Mobile Safari/537.36 (compatible; Googlebot/2.1; +http://www.google.com/bot.html)', 'YTozOntzOjY6Il90b2tlbiI7czo0MDoiamswS3lVUHUwOWl0N2NHblB6Tk02VlZ3RVZ4bGI1aXY1TERCSlZHUyI7czo5OiJfcHJldmlvdXMiO2E6MTp7czozOiJ1cmwiO3M6NDc6Imh0dHBzOi8vamV0bWFydGluZGlhLmNvbS9jYXRlZ29yeS9yZWFkeS10by1jb29rIjt9czo2OiJfZmxhc2giO2E6Mjp7czozOiJvbGQiO2E6MDp7fXM6MzoibmV3IjthOjA6e319fQ==', 1695631065),
('dfaY4xtACspXsqjcNqTrMF9QGD34qbb2eMQjieZx', NULL, '66.249.66.197', 'Googlebot-Image/1.0', 'YTozOntzOjY6Il90b2tlbiI7czo0MDoiM05POENxNWJVdHNYNnl5aURsOUpWT0p2bEVyRDlDcWIwWHZzOXJkaCI7czo5OiJfcHJldmlvdXMiO2E6MTp7czozOiJ1cmwiO3M6ODA6Imh0dHBzOi8vamV0bWFydGluZGlhLmNvbS91cGxvYWQvOTUzODk4ODBDRVJFTEFDJTIwNiUyME1PTlRIUyUyMFdIRUFUJTIwQVBQTEUuanBnIjt9czo2OiJfZmxhc2giO2E6Mjp7czozOiJvbGQiO2E6MDp7fXM6MzoibmV3IjthOjA6e319fQ==', 1695631203),
('U2DrhycVP9zbNu8nxK9ABOS47JyqsVQqaGnRt2sq', NULL, '66.249.66.197', 'Googlebot-Image/1.0', 'YTozOntzOjY6Il90b2tlbiI7czo0MDoiZ2p5MW9SdktNUjZvQVcweWFpZG9JS1A4em1VM2lJcjBoU3hiZ0hSMiI7czo5OiJfcHJldmlvdXMiO2E6MTp7czozOiJ1cmwiO3M6ODA6Imh0dHBzOi8vamV0bWFydGluZGlhLmNvbS91cGxvYWQvOTUzODk4ODBDRVJFTEFDJTIwNiUyME1PTlRIUyUyMFdIRUFUJTIwQVBQTEUuanBnIjt9czo2OiJfZmxhc2giO2E6Mjp7czozOiJvbGQiO2E6MDp7fXM6MzoibmV3IjthOjA6e319fQ==', 1695631204),
('DEEQQ1c0CpjOim5t2wZgKMkPJTgVQGP013q4vszE', NULL, '114.119.131.200', 'Mozilla/5.0 (Linux; Android 7.0;) AppleWebKit/537.36 (KHTML, like Gecko) Mobile Safari/537.36 (compatible; PetalBot;+https://webmaster.petalsearch.com/site/petalbot)', 'YTozOntzOjY6Il90b2tlbiI7czo0MDoia3ZtOGxZYnlONEJWbnJ3dmEyMlJ2R3N1dlA2M0FobUp1dG03TjdReSI7czo5OiJfcHJldmlvdXMiO2E6MTp7czozOiJ1cmwiO3M6NjA6Imh0dHBzOi8vd3d3LmpldG1hcnRpbmRpYS5jb20vcHJvZHVjdC9tZXRoaS1zZWVkLWJoYXJhdC0xMDBnbSI7fXM6NjoiX2ZsYXNoIjthOjI6e3M6Mzoib2xkIjthOjA6e31zOjM6Im5ldyI7YTowOnt9fX0=', 1695631286),
('GlbT3PHtANxSeqVkpe0Vfj7WsqO9GL77JRl6FPO6', NULL, '66.249.66.197', 'Mozilla/5.0 (Linux; Android 6.0.1; Nexus 5X Build/MMB29P) AppleWebKit/537.36 (KHTML, like Gecko) Chrome/117.0.5938.62 Mobile Safari/537.36 (compatible; Googlebot/2.1; +http://www.google.com/bot.html)', 'YTozOntzOjY6Il90b2tlbiI7czo0MDoiN1VXMWtITVFhTGtDRVlLeEl3M1dTMmh1RFR1cmcyaDZtNWdjT3VCSSI7czo5OiJfcHJldmlvdXMiO2E6MTp7czozOiJ1cmwiO3M6NzU6Imh0dHBzOi8vamV0bWFydGluZGlhLmNvbS9wcm9kdWN0L2hlYWQtYW5kLXNob3VsZGVyLXNpbGt5LWJsYWNrLXNhbXBvby0yMDBtbCI7fXM6NjoiX2ZsYXNoIjthOjI6e3M6Mzoib2xkIjthOjA6e31zOjM6Im5ldyI7YTowOnt9fX0=', 1695631557),
('jIX9siXU6XgrjcEFcbdpQl7uKzzxCJG5HiArwJ6m', NULL, '66.249.66.198', 'Mozilla/5.0 (Linux; Android 6.0.1; Nexus 5X Build/MMB29P) AppleWebKit/537.36 (KHTML, like Gecko) Chrome/117.0.5938.62 Mobile Safari/537.36 (compatible; Googlebot/2.1; +http://www.google.com/bot.html)', 'YTozOntzOjY6Il90b2tlbiI7czo0MDoidjN1QWNWQ2lLeFd4N25wZEdEcWdCcm0ySHVrd1k1Rjl2S1VSZmUyTCI7czo5OiJfcHJldmlvdXMiO2E6MTp7czozOiJ1cmwiO3M6NzI6Imh0dHBzOi8vamV0bWFydGluZGlhLmNvbS9wcm9kdWN0L2NlcmVsYWMtMTgtMjQtbW9udGhzLWdyYWluLWZydWl0cy00MDBnbSI7fXM6NjoiX2ZsYXNoIjthOjI6e3M6Mzoib2xkIjthOjA6e31zOjM6Im5ldyI7YTowOnt9fX0=', 1695631558),
('OL0lcxYOLeA3rcSHyvpu4aZEF2mcPxvxZr1za3rs', NULL, '66.249.66.199', 'Mozilla/5.0 (compatible; Googlebot/2.1; +http://www.google.com/bot.html)', 'YTozOntzOjY6Il90b2tlbiI7czo0MDoiMTM4WkQ2VzhPaGxDOEtKd2FCZUg5b25xRWowV2doMW13b1hxbjV2SyI7czo5OiJfcHJldmlvdXMiO2E6MTp7czozOiJ1cmwiO3M6NTg6Imh0dHBzOi8vamV0bWFydGluZGlhLmNvbS9wcm9kdWN0L2hvcmxpY2tzLXN0YW5kYXJkLWphci0xa2ciO31zOjY6Il9mbGFzaCI7YToyOntzOjM6Im9sZCI7YTowOnt9czozOiJuZXciO2E6MDp7fX19', 1695631558),
('uAUjpq7cGBPrQPgsuT5BCEv11YpWThxvM44UaopX', NULL, '66.249.66.198', 'Mozilla/5.0 (Linux; Android 6.0.1; Nexus 5X Build/MMB29P) AppleWebKit/537.36 (KHTML, like Gecko) Chrome/117.0.5938.62 Mobile Safari/537.36 (compatible; Googlebot/2.1; +http://www.google.com/bot.html)', 'YTozOntzOjY6Il90b2tlbiI7czo0MDoidDNYTDQ4OGM4TjVQYUVQR3B3VVFoVFliN2lwRnNEMHJkVWFBaHVXdiI7czo5OiJfcHJldmlvdXMiO2E6MTp7czozOiJ1cmwiO3M6NDU6Imh0dHBzOi8vamV0bWFydGluZGlhLmNvbS9wcm9kdWN0L3BodXRhbmEtNTBnbSI7fXM6NjoiX2ZsYXNoIjthOjI6e3M6Mzoib2xkIjthOjA6e31zOjM6Im5ldyI7YTowOnt9fX0=', 1695631559),
('NppDgrJyouDkHKze8B3feAvy8HaEvcrORh8JGTI7', NULL, '114.119.151.246', 'Mozilla/5.0 (Linux; Android 7.0;) AppleWebKit/537.36 (KHTML, like Gecko) Mobile Safari/537.36 (compatible; PetalBot;+https://webmaster.petalsearch.com/site/petalbot)', 'YTozOntzOjY6Il90b2tlbiI7czo0MDoiR2VSUE94UE1vRkRRcVl2S1QzTEg3VE5tb0Q4WEdhYk9sRld0RjdXayI7czo5OiJfcHJldmlvdXMiO2E6MTp7czozOiJ1cmwiO3M6NzI6Imh0dHBzOi8vd3d3LmpldG1hcnRpbmRpYS5jb20vcHJvZHVjdC9sb3JlYWwtZmFsbC1yZXNpc3QtY29uZGl0aW9ub3ItNzFtbCI7fXM6NjoiX2ZsYXNoIjthOjI6e3M6Mzoib2xkIjthOjA6e31zOjM6Im5ldyI7YTowOnt9fX0=', 1695631562),
('B5JpbO9FgjWu2v2XeBKH3xW1VCXxlO1km5d1UAgP', NULL, '66.249.66.170', 'Googlebot-Image/1.0', 'YTozOntzOjY6Il90b2tlbiI7czo0MDoiMTNWamhKTWFyOEtjNFNPY3lVOWFJVXNzMENtS3JYSGpBWlI2OG9IZiI7czo5OiJfcHJldmlvdXMiO2E6MTp7czozOiJ1cmwiO3M6ODM6Imh0dHBzOi8vd3d3LmpldG1hcnRpbmRpYS5jb20vdXBsb2FkLzExMDgzMDM1NzZMSUZFQlVPWSUyMFRPVEFMJTIwU09BUCUyMDEyNUdNWDQuanBnIjt9czo2OiJfZmxhc2giO2E6Mjp7czozOiJvbGQiO2E6MDp7fXM6MzoibmV3IjthOjA6e319fQ==', 1695631671),
('BjlofaLUnT4NFbqlP0Eq1oLj6iIe9uXvHvlvGywa', NULL, '66.249.66.170', 'Googlebot-Image/1.0', 'YTozOntzOjY6Il90b2tlbiI7czo0MDoiNmxDSkg0Uk5lcTYyZXpTQlluNDg1a0JWSUo3d2VTNUJDbHRpWDIwVCI7czo5OiJfcHJldmlvdXMiO2E6MTp7czozOiJ1cmwiO3M6ODM6Imh0dHBzOi8vd3d3LmpldG1hcnRpbmRpYS5jb20vdXBsb2FkLzExMDgzMDM1NzZMSUZFQlVPWSUyMFRPVEFMJTIwU09BUCUyMDEyNUdNWDQuanBnIjt9czo2OiJfZmxhc2giO2E6Mjp7czozOiJvbGQiO2E6MDp7fXM6MzoibmV3IjthOjA6e319fQ==', 1695631672),
('HX0D2QrfpmS9tyJhR5OxKCzwNBGADJvd78WMmlib', NULL, '66.249.66.197', 'Mozilla/5.0 (compatible; Googlebot/2.1; +http://www.google.com/bot.html)', 'YTozOntzOjY6Il90b2tlbiI7czo0MDoicWhVbm1NbjdJeG1hTUtVWnk5UEN0OTNlTno0NDdXRkI3enFDbjF2ZSI7czo5OiJfcHJldmlvdXMiO2E6MTp7czozOiJ1cmwiO3M6NTE6Imh0dHBzOi8vamV0bWFydGluZGlhLmNvbS9wcm9kdWN0L21hZGh1a3Vuai1hZ2FyYmF0aSI7fXM6NjoiX2ZsYXNoIjthOjI6e3M6Mzoib2xkIjthOjA6e31zOjM6Im5ldyI7YTowOnt9fX0=', 1695631743),
('lazeEIEc4W00aOzXlvGwRCgn4tKUJSueUwfbILGz', NULL, '122.15.207.200', 'Mozilla/5.0 (Windows NT 10.0; Win64; x64) AppleWebKit/537.36 (KHTML, like Gecko) Chrome/116.0.0.0 Safari/537.36', 'YTozOntzOjY6Il90b2tlbiI7czo0MDoiRjUzSUhwemd3ZnNCUXNnTWtNWjh5elFCYmpHS2ZkSVc1QmhMUnRSZyI7czo5OiJfcHJldmlvdXMiO2E6MTp7czozOiJ1cmwiO3M6NDc6Imh0dHBzOi8vamV0bWFydGluZGlhLmNvbS91cGxvYWQvOTIwMzA1NzQzNTMuanBnIjt9czo2OiJfZmxhc2giO2E6Mjp7czozOiJvbGQiO2E6MDp7fXM6MzoibmV3IjthOjA6e319fQ==', 1695631815),
('gQfRSs6BDWqPHN4v59bvrUZxLHljxTGgjNYh22ky', NULL, '114.119.134.182', 'Mozilla/5.0 (Linux; Android 7.0;) AppleWebKit/537.36 (KHTML, like Gecko) Mobile Safari/537.36 (compatible; PetalBot;+https://webmaster.petalsearch.com/site/petalbot)', 'YTozOntzOjY6Il90b2tlbiI7czo0MDoiaGN2VVRkR2xWTERKZUJIbk03R202NWxhejBUSG1HbXdlNU82bUE1cyI7czo5OiJfcHJldmlvdXMiO2E6MTp7czozOiJ1cmwiO3M6NjU6Imh0dHBzOi8vd3d3LmpldG1hcnRpbmRpYS5jb20vcHJvZHVjdC9raXNzYW4tbWl4ZWQtZnJ1aXQtamFtLTUwMGdtIjt9czo2OiJfZmxhc2giO2E6Mjp7czozOiJvbGQiO2E6MDp7fXM6MzoibmV3IjthOjA6e319fQ==', 1695631833),
('pr1lreC1glChvVpkA4rJut1NnBINGM6ilyLvrcwX', NULL, '66.249.66.197', 'Googlebot-Image/1.0', 'YTozOntzOjY6Il90b2tlbiI7czo0MDoiVllEdkJlR2NPTE5HVGpzY2V6aTljamRMZHBEOGJBeGRicUNmd1Z1ZyI7czo5OiJfcHJldmlvdXMiO2E6MTp7czozOiJ1cmwiO3M6ODk6Imh0dHBzOi8vamV0bWFydGluZGlhLmNvbS91cGxvYWQvMTk0NTMwMzE5NE9MQVklMjBUT1RBTCUyMEVGRkVDVCUyME5JR0hUJTIwQ1JFQSUyMDIwR00uanBnIjt9czo2OiJfZmxhc2giO2E6Mjp7czozOiJvbGQiO2E6MDp7fXM6MzoibmV3IjthOjA6e319fQ==', 1695631966),
('CYhV1dtRjve9sG2QElh4MAvmiiD0Jogwnv4xSRKx', NULL, '66.249.66.197', 'Googlebot-Image/1.0', 'YTozOntzOjY6Il90b2tlbiI7czo0MDoiTlVHU2FpWUxhQ0xDZkcwTjVnSk1oWnlsZGo0TlN0Ujk3b0c1cEJEUiI7czo5OiJfcHJldmlvdXMiO2E6MTp7czozOiJ1cmwiO3M6ODk6Imh0dHBzOi8vamV0bWFydGluZGlhLmNvbS91cGxvYWQvMTk0NTMwMzE5NE9MQVklMjBUT1RBTCUyMEVGRkVDVCUyME5JR0hUJTIwQ1JFQSUyMDIwR00uanBnIjt9czo2OiJfZmxhc2giO2E6Mjp7czozOiJvbGQiO2E6MDp7fXM6MzoibmV3IjthOjA6e319fQ==', 1695631967),
('kBkf5kmgmHtnvTiXSZj2Po3lDLMrcCwUZ8NhvlG9', NULL, '114.119.141.42', 'Mozilla/5.0 (Linux; Android 7.0;) AppleWebKit/537.36 (KHTML, like Gecko) Mobile Safari/537.36 (compatible; PetalBot;+https://webmaster.petalsearch.com/site/petalbot)', 'YTozOntzOjY6Il90b2tlbiI7czo0MDoiamthRzEzcFV5U2hlM1RYcG5pd1hDVnlSU2w0QzkxcWN1ZDhIYll2cyI7czo5OiJfcHJldmlvdXMiO2E6MTp7czozOiJ1cmwiO3M6NzU6Imh0dHBzOi8vd3d3LmpldG1hcnRpbmRpYS5jb20vcHJvZHVjdC9qb2huc29uLWJhYnktbm8tbW9yZS10ZWFycy1zYW1wb28tNTBtbCI7fXM6NjoiX2ZsYXNoIjthOjI6e3M6Mzoib2xkIjthOjA6e31zOjM6Im5ldyI7YTowOnt9fX0=', 1695632097),
('me4nbPcY0SEWEe02ni9jgbB2JfST36EeNAWUimfh', NULL, '114.119.132.163', 'Mozilla/5.0 (Linux; Android 7.0;) AppleWebKit/537.36 (KHTML, like Gecko) Mobile Safari/537.36 (compatible; PetalBot;+https://webmaster.petalsearch.com/site/petalbot)', 'YTozOntzOjY6Il90b2tlbiI7czo0MDoiQzlzdTBvWDBiazNUcnl6NFZaUjJxZkpka0pNVVdoRXo4TzNEZnltWCI7czo5OiJfcHJldmlvdXMiO2E6MTp7czozOiJ1cmwiO3M6NTE6Imh0dHBzOi8vd3d3LmpldG1hcnRpbmRpYS5jb20vcHJvZHVjdC9qZWVyYS1nb3RhLTFrZyI7fXM6NjoiX2ZsYXNoIjthOjI6e3M6Mzoib2xkIjthOjA6e31zOjM6Im5ldyI7YTowOnt9fX0=', 1695632374),
('e1OsTXOftLB6VqCyyVLryTXIr8HjaNfa6rgpjzQq', NULL, '66.249.66.197', 'Googlebot-Image/1.0', 'YTozOntzOjY6Il90b2tlbiI7czo0MDoicGFwTkRVTWhaV04yZ3VNbHUxRm5aUGd0ejNIdmhERXE4YW5KSmt0SCI7czo5OiJfcHJldmlvdXMiO2E6MTp7czozOiJ1cmwiO3M6NTY6Imh0dHBzOi8vamV0bWFydGluZGlhLmNvbS91cGxvYWQvMTM0OTkyMDc2Nk1VR0ElMjBEQUwuanBnIjt9czo2OiJfZmxhc2giO2E6Mjp7czozOiJvbGQiO2E6MDp7fXM6MzoibmV3IjthOjA6e319fQ==', 1695632383);

-- --------------------------------------------------------

--
-- Table structure for table `settings`
--

CREATE TABLE `settings` (
  `id` int(11) NOT NULL,
  `logo` varchar(255) DEFAULT NULL,
  `phone1` varchar(255) DEFAULT NULL,
  `phone2` varchar(255) DEFAULT NULL,
  `email1` varchar(255) DEFAULT NULL,
  `email2` varchar(255) DEFAULT NULL,
  `address` varchar(255) DEFAULT NULL,
  `workingHour` varchar(255) DEFAULT NULL,
  `fbLink` varchar(255) DEFAULT NULL,
  `twitterLink` varchar(255) DEFAULT NULL,
  `linkedinLink` varchar(255) DEFAULT NULL,
  `instaLink` varchar(255) DEFAULT NULL,
  `youtubeLink` varchar(255) DEFAULT NULL,
  `googlePlusLink` varchar(255) DEFAULT NULL,
  `mapLink` longtext,
  `created_at` timestamp NULL DEFAULT NULL,
  `updated_at` timestamp NOT NULL DEFAULT CURRENT_TIMESTAMP ON UPDATE CURRENT_TIMESTAMP,
  `vimeoLink` varchar(255) DEFAULT NULL,
  `behanceLink` varchar(255) DEFAULT NULL,
  `dribbleLink` varchar(255) DEFAULT NULL,
  `app_main_banner1` varchar(200) DEFAULT NULL,
  `app_main_banner2` varchar(200) DEFAULT NULL,
  `app_main_banner3` varchar(200) DEFAULT NULL,
  `app_ads_banner` varchar(200) DEFAULT NULL
) ENGINE=InnoDB DEFAULT CHARSET=utf8mb4;

--
-- Dumping data for table `settings`
--

INSERT INTO `settings` (`id`, `logo`, `phone1`, `phone2`, `email1`, `email2`, `address`, `workingHour`, `fbLink`, `twitterLink`, `linkedinLink`, `instaLink`, `youtubeLink`, `googlePlusLink`, `mapLink`, `created_at`, `updated_at`, `vimeoLink`, `behanceLink`, `dribbleLink`, `app_main_banner1`, `app_main_banner2`, `app_main_banner3`, `app_ads_banner`) VALUES
(1, '', NULL, NULL, NULL, NULL, NULL, NULL, NULL, NULL, NULL, NULL, NULL, NULL, NULL, NULL, '2021-11-08 17:12:27', NULL, NULL, NULL, '1228544521slide1.jpg', '1510449856slide2.jpg', '128679024slide1.jpg', '373803358offer_banner_02.png');

-- --------------------------------------------------------

--
-- Table structure for table `settings_city`
--

CREATE TABLE `settings_city` (
  `id` int(11) NOT NULL,
  `stateId` int(11) DEFAULT NULL,
  `cityName` varchar(255) DEFAULT NULL,
  `deliveryTimegruops` varchar(2) DEFAULT NULL,
  `status` int(11) NOT NULL DEFAULT '1',
  `updated_at` timestamp NOT NULL DEFAULT CURRENT_TIMESTAMP ON UPDATE CURRENT_TIMESTAMP,
  `created_at` timestamp NULL DEFAULT NULL
) ENGINE=InnoDB DEFAULT CHARSET=utf8mb4;

--
-- Dumping data for table `settings_city`
--

INSERT INTO `settings_city` (`id`, `stateId`, `cityName`, `deliveryTimegruops`, `status`, `updated_at`, `created_at`) VALUES
(2, 1, 'KENDRAPARA', '2', 1, '2023-08-07 20:08:03', '2020-12-21 07:57:55'),
(3, NULL, 'KENDRAPARARA WHOLSALE', '6', 0, '2023-09-06 08:11:33', '2020-12-21 07:58:24'),
(4, NULL, 'KENDRAPARA/ALI', NULL, 0, '2023-09-06 17:41:29', '2020-12-21 07:58:46'),
(5, NULL, 'Bhubaneswar', '2', 0, '2023-09-06 17:41:24', '2021-04-16 05:29:15');

-- --------------------------------------------------------

--
-- Table structure for table `settings_localities`
--

CREATE TABLE `settings_localities` (
  `id` int(11) NOT NULL,
  `stateId` int(11) DEFAULT NULL,
  `cityId` int(11) DEFAULT NULL,
  `locality` varchar(255) DEFAULT NULL,
  `status` int(11) NOT NULL DEFAULT '1',
  `updated_at` timestamp NOT NULL DEFAULT CURRENT_TIMESTAMP ON UPDATE CURRENT_TIMESTAMP,
  `created_at` timestamp NULL DEFAULT NULL,
  `shipping_charges` decimal(10,2) NOT NULL DEFAULT '0.00'
) ENGINE=InnoDB DEFAULT CHARSET=utf8mb4;

--
-- Dumping data for table `settings_localities`
--

INSERT INTO `settings_localities` (`id`, `stateId`, `cityId`, `locality`, `status`, `updated_at`, `created_at`, `shipping_charges`) VALUES
(1, 1, 2, 'MADHAPUR \\KENDRAPARA', 1, '2023-09-02 02:08:34', '2020-12-17 01:08:00', 5.00),
(2, 1, 2, 'SANTASAHI \\KENDRAPARA', 1, '2023-09-02 02:09:33', '2020-12-18 05:19:22', 5.00),
(3, 1, 2, 'SUNAILO \\KENDRAPARA', 1, '2023-09-02 02:09:41', '2020-12-20 15:08:14', 5.00),
(4, 1, 2, 'MIRAPATNA \\KENDRAPARA', 1, '2023-09-02 02:09:49', '2020-12-21 07:59:26', 5.00),
(5, 1, 2, 'OLD BUS STAND \\KENDRAPARA', 1, '2023-09-02 02:09:56', '2020-12-21 07:59:59', 5.00),
(6, 1, 2, 'BASULAI \\KENDRAPARA', 1, '2023-09-02 02:10:03', '2020-12-21 08:00:25', 5.00),
(8, 1, 2, 'MADHIAL \\KENDRAPARA', 1, '2023-09-02 02:10:10', '2020-12-21 08:01:06', 5.00),
(9, 1, 2, 'BALAGANDI \\KENDRAPARA', 1, '2023-09-02 02:18:39', '2020-12-21 08:06:43', 5.00),
(11, 1, 2, 'KUMAR SAHI \\KENDRAPARA', 1, '2023-09-02 02:18:33', '2020-12-21 08:08:36', 5.00),
(12, 1, 2, 'KESHPUR \\KENDRAPARA', 1, '2023-09-02 02:18:27', '2020-12-21 08:09:13', 5.00),
(13, 1, 2, 'SANAMANGALA  \\KENDRAPARA', 1, '2023-09-02 02:18:20', '2020-12-21 08:09:38', 5.00),
(14, 1, 2, 'GOPA CHAKA \\KENDRAPARA', 1, '2023-09-02 02:18:14', '2020-12-21 10:32:37', 6.00),
(15, 2, 5, 'Unit 1', 1, '2021-04-16 05:29:55', '2021-04-16 05:29:55', 0.00),
(16, 1, 1, 'BELATALA', 1, '2021-10-09 21:29:40', '2021-10-09 21:29:40', 12.00),
(17, 1, 2, 'CHATANA PATANA \\KENDRAPARA', 1, '2023-09-02 02:18:08', '2021-11-22 16:38:22', 5.00),
(18, 1, 2, 'KAKATA\\CHANDOL', 1, '2023-08-29 16:42:55', '2021-11-23 12:48:56', 5.00),
(19, 1, 2, 'NASIDPUR \\KENDRAPARA', 1, '2023-09-02 02:18:02', '2021-11-23 12:52:22', 5.00),
(20, 1, 2, 'GOPA GAAN \\KENDRAPARA', 1, '2023-09-02 02:17:56', '2021-11-23 12:52:43', 5.00),
(21, 1, 2, 'AJODHYANAGAR \\KENDRAPARA', 1, '2023-09-02 02:17:50', '2021-11-23 12:53:14', 5.00),
(22, 1, 2, 'BHAGABANPUR \\KENDRAPARA', 1, '2023-09-02 02:17:39', '2021-11-23 12:53:32', 5.00),
(23, 1, 2, 'TOWN BALARAMPUR \\KENDRAPARA', 1, '2023-09-02 02:17:32', '2021-11-23 12:54:20', 6.00),
(24, 1, 2, 'KENDRAPARA  BLOCK \\KENDRAPARA', 1, '2023-09-02 02:17:26', '2021-11-23 12:54:38', 5.00),
(25, 1, 2, 'EKENA KHANDI \\KENDRAPARA', 1, '2023-09-02 02:17:16', '2021-11-23 12:55:32', 5.00),
(26, 1, 2, 'MANKARPUR \\KENDRAPARA', 1, '2023-09-02 02:17:10', '2021-11-23 12:55:56', 5.00),
(27, 1, 2, 'JAYPURA  \\KENDRAPARA', 1, '2023-09-02 02:17:00', '2021-11-23 12:56:13', 5.00),
(28, 1, 2, 'BADAHAT \\KENDRAPARA', 1, '2023-09-02 02:16:54', '2021-11-23 12:56:31', 5.00),
(29, 1, 2, 'FAKIRABAD \\KENDRAPARA', 1, '2023-09-02 02:16:49', '2021-11-23 12:56:47', 5.00),
(30, 1, 2, 'KHADIANGA  \\KENDRAPARA', 1, '2023-09-02 02:16:38', '2021-11-23 12:57:28', 5.00),
(31, 1, 2, 'TINIMUHANI \\KENDRAPARA', 1, '2023-09-02 02:16:31', '2021-11-28 02:57:39', 7.00),
(32, 1, 2, 'KAJALA \\KENDRAPARA', 1, '2023-09-02 02:16:26', '2021-11-28 02:58:15', 6.00),
(33, 1, 2, 'GYANA PITHA  \\KENDRAPARA', 1, '2023-09-02 02:16:20', '2021-11-28 02:58:40', 6.00),
(34, 1, 2, 'DUHURIA \\KENDRAPARA', 1, '2023-09-02 02:16:10', '2021-11-28 02:59:13', 7.00),
(35, 1, 2, 'GARAPUR \\KENDRAPARA', 1, '2023-09-02 02:16:04', '2021-11-28 02:59:34', 7.00),
(36, 1, 2, 'KALI CHAKA  \\KENDRAPARA', 1, '2023-09-02 02:15:58', '2021-11-28 02:59:56', 6.00),
(37, 1, 2, 'ICHAPUR \\KENDRAPARA', 1, '2023-09-02 02:15:52', '2021-11-28 03:00:31', 7.00),
(38, 1, 2, 'BADA MANGALA  \\KENDRAPARA', 1, '2023-09-02 02:15:47', '2021-11-28 03:00:52', 6.00),
(39, 1, 2, 'UDAYANAGAR \\KENDRAPARA', 1, '2023-09-02 02:15:41', '2021-11-28 03:01:36', 8.00),
(40, 1, 2, 'KENDRAPARA COLLEGE \\KENDRAPARA', 1, '2023-09-02 02:15:35', '2021-11-28 03:02:10', 6.00),
(41, 1, 2, 'ALIJANKA  \\KENDRAPARA', 1, '2023-09-02 02:15:17', '2021-12-04 02:26:29', 10.00),
(42, 1, 2, 'BHAGESWARPUR \\KENDRAPARA', 1, '2023-09-02 02:15:11', '2021-12-28 00:24:15', 5.00),
(43, 1, 2, 'GULNAGAR \\KENDRAPARA', 1, '2023-09-02 02:15:05', '2022-01-28 01:27:27', 7.00),
(44, 1, 2, 'HAJARI BAGICHA  \\KENDRAPARA', 1, '2023-09-02 02:15:00', '2022-03-27 14:27:52', 7.00),
(46, 1, 2, 'SAMSUNDARPUR GADA  \\KENDRAPARA', 1, '2023-09-02 02:14:51', '2022-03-30 00:24:24', 10.00),
(47, 1, 2, 'DILARPUR \\KENDRAPARA', 1, '2023-09-02 02:14:26', '2022-03-31 23:12:53', 5.00),
(48, 1, 2, 'HADIBANDHU BIHAR \\KENDRAPARA', 1, '2023-09-02 02:14:19', '2022-04-06 00:24:06', 8.00),
(49, 1, 2, 'TUNUPUR \\KENDRAPARA', 1, '2023-09-02 02:14:11', '2022-05-22 00:23:13', 10.00),
(50, 1, 2, 'BAGADA \\KENDRAPARA', 1, '2023-09-02 02:14:02', '2022-05-22 00:23:34', 10.00),
(51, 1, 2, 'LOCAL', 1, '2022-10-08 14:23:22', '2022-07-01 00:00:46', 5.00),
(52, 1, 2, 'BIRASWATI \\KENDRAPARA', 1, '2023-09-02 02:13:52', '2023-05-11 21:30:20', 6.00),
(53, 1, 2, 'CHANDOL  MARKET\\CHANDOL', 1, '2023-09-02 02:07:22', '2023-05-19 00:58:16', 20.00),
(54, 1, 2, 'BALIA CHAKA \\CHANDOL', 1, '2023-08-29 16:41:52', '2023-05-19 00:58:39', 15.00),
(55, 1, 2, 'MARSAGHAI\\MARSAGHAI', 1, '2023-08-29 16:43:46', '2023-05-19 00:58:59', 20.00),
(56, 1, 2, 'THAKURPATNA \\KENDRAPARA', 1, '2023-09-02 02:22:21', '2023-05-21 16:07:21', 7.00),
(57, 1, 2, 'MEDICAL ROAD ICHAPUR \\KENDRAPARA', 1, '2023-09-02 02:22:36', '2023-05-22 16:23:58', 7.00),
(58, 1, 2, 'JAGDISHPUR \\KENDRAPARA', 1, '2023-09-02 02:22:46', '2023-05-24 14:10:54', 8.00),
(59, 1, 2, 'PANCHUPANDAB', 1, '2023-05-24 15:06:29', '2023-05-24 15:06:29', 20.00),
(60, 1, 2, 'NAGAPURA \\KENDRAPARA', 1, '2023-09-02 02:22:54', '2023-06-02 14:45:31', 10.00),
(61, 1, 2, 'GAGUA \\CHAUDAKULAT', 1, '2023-09-02 02:23:19', '2023-06-25 23:25:38', 20.00),
(63, 1, 2, 'BARUA \\CHAUDAKULAT', 1, '2023-09-02 02:23:52', '2023-06-25 23:26:01', 15.00),
(64, 1, 2, 'ANUAPADA CHAKA \\CHANDOL', 1, '2023-09-02 02:25:42', '2023-08-07 20:06:43', 17.00),
(65, 1, 2, 'KOSIAPAL \\KENDRAPARA', 1, '2023-09-10 03:12:37', '2023-08-31 15:43:21', 20.00),
(66, 1, 2, 'THAURI \\RAMNAGAR', 1, '2023-09-22 04:01:02', '2023-08-31 15:45:58', 10.00),
(67, 1, 2, 'RAJGADA \\RAMNAGAR', 1, '2023-09-22 04:01:32', '2023-08-31 15:46:26', 10.00),
(68, 1, 2, 'ORTA \\RAMNAGAR', 1, '2023-09-22 13:32:39', '2023-08-31 15:46:44', 15.00),
(69, 1, 2, 'NIKIRAI \\INDUPUR', 1, '2023-09-09 16:46:31', '2023-08-31 15:47:03', 10.00),
(70, 1, 3, '1', 0, '2023-09-06 08:20:46', '2023-08-31 15:47:38', 15.00),
(71, 1, 3, 'BARUA', 0, '2023-09-06 08:20:46', '2023-08-31 15:48:07', 15.00),
(72, 1, 3, 'GARAPUR', 0, '2023-09-06 08:20:47', '2023-08-31 23:20:16', 7.00),
(73, 1, 3, 'NEW BUS STAND', 0, '2023-09-06 08:20:48', '2023-08-31 23:20:29', 5.00),
(74, 1, 3, 'BADAHAT', 0, '2023-09-06 08:20:48', '2023-08-31 23:20:47', 5.00),
(75, 1, 3, 'OLD BUS STAND', 0, '2023-09-06 08:20:51', '2023-08-31 23:21:05', 5.00),
(76, 1, 3, 'KANSARA', 0, '2023-09-06 08:20:52', '2023-08-31 23:21:22', 7.00),
(77, 1, 3, 'KHADIANGA', 0, '2023-09-06 08:20:53', '2023-08-31 23:22:04', 5.00),
(78, 1, 3, 'SANTASAHI', 0, '2023-09-06 08:20:54', '2023-08-31 23:22:21', 5.00),
(79, 1, 3, 'KESHPUR', 0, '2023-09-06 08:20:54', '2023-08-31 23:22:36', 5.00),
(80, 1, 3, '2', 0, '2023-09-06 08:20:56', '2023-08-31 23:22:54', 0.00),
(81, 1, 3, '3', 0, '2023-09-06 08:23:52', '2023-08-31 23:23:22', 1.00),
(82, 1, 3, '5', 0, '2023-09-06 08:25:34', '2023-08-31 23:23:38', 0.00),
(83, 1, 2, 'KANTABANA \\KANSARA', 1, '2023-09-02 02:27:01', '2023-09-01 22:36:59', 15.00),
(84, 1, 2, 'KANSARA \\KANSARA', 1, '2023-09-02 02:27:14', '2023-09-01 22:37:37', 7.00),
(85, 1, 2, 'BABARA \\KANSARA', 1, '2023-09-02 02:27:27', '2023-09-01 22:37:56', 20.00),
(86, 1, 2, 'GANDAKHIA \\KANSARA', 1, '2023-09-02 02:27:35', '2023-09-01 22:38:46', 10.00),
(87, 1, 2, 'BARIMULA \\INDUPUR', 1, '2023-09-05 14:47:18', '2023-09-05 14:47:18', 8.00),
(88, 1, 2, 'KATIKATA', 1, '2023-09-06 14:37:28', '2023-09-06 14:37:28', 20.00),
(89, 1, 2, 'CHOTI \\INDUPUR', 1, '2023-09-06 15:05:44', '2023-09-06 15:05:44', 15.00),
(90, 1, 2, 'INDUPUR \\INDUPUR', 1, '2023-09-06 17:48:10', '2023-09-06 17:48:10', 20.00),
(91, 1, 2, '3RD PARTY', 1, '2023-09-06 17:49:17', '2023-09-06 17:49:17', 1.00),
(92, 1, 2, 'KUMARSAHI \\KENDRAPARA', 1, '2023-09-06 18:02:19', '2023-09-06 17:53:33', 5.00),
(93, 1, 2, 'JANTILO \\CHANDOL', 1, '2023-09-06 17:53:34', '2023-09-06 17:53:34', 10.00),
(94, 1, 2, 'JAMDHAR \\CHANDOL', 1, '2023-09-06 17:54:44', '2023-09-06 17:54:44', 10.00),
(95, 1, 2, 'NEW BUS STAND \\KENDRAPARA', 1, '2023-09-08 02:48:03', '2023-09-08 02:48:03', 7.00);

-- --------------------------------------------------------

--
-- Table structure for table `settings_states`
--

CREATE TABLE `settings_states` (
  `id` int(11) NOT NULL,
  `stateName` varchar(255) DEFAULT NULL,
  `shippingPrice` varchar(255) DEFAULT NULL,
  `unitShipping` varchar(255) DEFAULT NULL,
  `status` int(11) NOT NULL DEFAULT '1',
  `updated_at` timestamp NOT NULL DEFAULT CURRENT_TIMESTAMP ON UPDATE CURRENT_TIMESTAMP,
  `created_at` timestamp NULL DEFAULT NULL
) ENGINE=InnoDB DEFAULT CHARSET=utf8mb4;

--
-- Dumping data for table `settings_states`
--

INSERT INTO `settings_states` (`id`, `stateName`, `shippingPrice`, `unitShipping`, `status`, `updated_at`, `created_at`) VALUES
(1, 'ODISHA', NULL, NULL, 1, '2023-08-07 20:08:23', NULL);

-- --------------------------------------------------------

--
-- Table structure for table `settings_taxs`
--

CREATE TABLE `settings_taxs` (
  `id` int(11) NOT NULL,
  `taxName` varchar(255) DEFAULT NULL,
  `rate` decimal(10,2) DEFAULT NULL,
  `status` int(11) NOT NULL DEFAULT '1',
  `updated_at` timestamp NOT NULL DEFAULT CURRENT_TIMESTAMP ON UPDATE CURRENT_TIMESTAMP,
  `created_at` timestamp NULL DEFAULT NULL
) ENGINE=InnoDB DEFAULT CHARSET=utf8mb4;

-- --------------------------------------------------------

--
-- Table structure for table `setting_company`
--

CREATE TABLE `setting_company` (
  `id` int(11) NOT NULL,
  `company_name` varchar(200) DEFAULT NULL,
  `status` int(11) NOT NULL DEFAULT '1',
  `image` varchar(200) DEFAULT NULL,
  `banner` varchar(200) DEFAULT NULL,
  `seoUrl` varchar(200) DEFAULT NULL,
  `metaTitle` varchar(200) DEFAULT NULL,
  `metaKeyword` text,
  `metaDescription` text,
  `sortOrder` int(11) DEFAULT NULL,
  `updated_at` timestamp NOT NULL DEFAULT CURRENT_TIMESTAMP,
  `created_at` timestamp NULL DEFAULT NULL
) ENGINE=InnoDB DEFAULT CHARSET=utf8mb4;

--
-- Dumping data for table `setting_company`
--

INSERT INTO `setting_company` (`id`, `company_name`, `status`, `image`, `banner`, `seoUrl`, `metaTitle`, `metaKeyword`, `metaDescription`, `sortOrder`, `updated_at`, `created_at`) VALUES
(1, 'NESTLE', 1, '1339437357NESTLE_logo.jpg', '1416528653NESTLE.jpg', 'nestle', 'NESTLE', NULL, NULL, NULL, '2021-11-12 16:03:03', '2021-05-12 08:22:15'),
(2, 'HUL', 1, '1746471464hullogo.jpg', NULL, 'hul', 'HUL', NULL, NULL, 2, '2021-11-12 16:03:27', '2021-05-15 22:24:38'),
(3, 'ITC', 1, '1722266631itc-logo.jpg', NULL, 'itc', 'ITC', NULL, NULL, 3, '2021-11-12 16:03:39', '2021-05-15 22:24:47'),
(4, 'P&G', 1, '653589009pglogo.jpg', NULL, 'p-g', 'P&G', NULL, NULL, 4, '2021-11-12 16:04:05', '2021-05-15 22:24:58'),
(5, 'KOHINUR', 1, '1531104607kohinoor.jpg', NULL, 'kohinur', 'KOHINUR', NULL, NULL, 5, '2021-11-12 16:04:33', '2021-05-30 06:20:18'),
(6, 'DAAAWAT', 1, '766640078dawat.jpg', NULL, 'daaawat', 'DAAAWAT', NULL, NULL, 6, '2021-11-12 16:02:25', '2021-05-30 06:23:59'),
(7, 'DETTOL', 1, '846809880Reckitt_Benckiser_Logo.jpg', NULL, 'reckitt-banckiser', 'RECKITT BANCKISER', NULL, NULL, 7, '2023-03-08 03:21:02', '2021-10-20 19:02:36'),
(8, 'BHARAT SPICES', 1, '1533477782bharat.jpg', NULL, 'bharat-spices', 'BHARAT SPICES', NULL, NULL, 8, '2021-11-12 16:02:38', '2021-11-02 22:54:16'),
(9, 'BRITANNIA', 1, NULL, NULL, NULL, NULL, NULL, NULL, NULL, '2021-11-16 15:24:22', '2021-11-16 15:24:22'),
(10, 'JOHNSON', 1, NULL, NULL, NULL, NULL, NULL, NULL, NULL, '2022-01-05 23:42:54', '2022-01-04 16:05:17'),
(11, 'PHILIPS', 1, NULL, NULL, NULL, NULL, NULL, NULL, NULL, '2022-03-27 19:54:52', '2022-03-27 19:54:52'),
(12, 'RUCHISOYA', 1, NULL, NULL, NULL, NULL, NULL, NULL, NULL, '2022-03-29 02:37:02', '2022-03-29 02:37:02'),
(13, 'ENGINE BRAND', 1, NULL, NULL, NULL, NULL, NULL, NULL, NULL, '2022-03-29 02:59:53', '2022-03-29 02:59:53'),
(14, 'PRIME', 1, NULL, NULL, NULL, NULL, NULL, NULL, NULL, '2022-09-14 01:51:09', '2022-09-14 01:51:09'),
(15, 'GODREJ', 1, NULL, NULL, NULL, NULL, NULL, NULL, NULL, '2022-10-17 14:19:06', '2022-10-17 14:19:06'),
(16, 'DABUR', 1, NULL, NULL, NULL, NULL, NULL, NULL, NULL, '2022-10-19 20:41:31', '2022-10-19 20:41:31'),
(17, 'FREEDOM', 1, NULL, NULL, NULL, NULL, NULL, NULL, NULL, '2022-10-28 13:57:31', '2022-10-28 13:57:31'),
(18, 'KALEESUWARI', 1, NULL, NULL, NULL, NULL, NULL, NULL, NULL, '2022-10-28 15:57:40', '2022-10-28 15:57:40'),
(19, 'SAMAJA AGARBATI', 1, NULL, NULL, NULL, NULL, NULL, NULL, NULL, '2022-11-12 22:48:22', '2022-11-12 22:48:22'),
(20, 'GROCERY ITEAM', 1, NULL, NULL, NULL, NULL, NULL, NULL, NULL, '2023-03-02 05:50:46', '2022-11-30 13:29:46'),
(21, 'AMUL', 1, NULL, NULL, NULL, NULL, NULL, NULL, NULL, '2023-03-02 05:46:05', '2023-03-02 05:46:05'),
(22, 'ODISI', 1, NULL, NULL, NULL, NULL, NULL, NULL, NULL, '2023-03-05 04:30:14', '2023-03-05 04:30:14'),
(23, 'EASTERN', 1, NULL, NULL, NULL, NULL, NULL, NULL, NULL, '2023-03-06 02:07:54', '2023-03-06 02:07:54'),
(24, 'CADBURY', 1, NULL, NULL, NULL, NULL, NULL, NULL, NULL, '2023-05-08 03:35:23', '2023-05-08 03:35:23'),
(25, 'AMRUTNJAN', 1, NULL, NULL, NULL, NULL, NULL, NULL, NULL, '2023-05-08 03:35:47', '2023-05-08 03:35:47'),
(26, 'EMAMI', 1, NULL, NULL, NULL, NULL, NULL, NULL, NULL, '2023-05-09 12:37:24', '2023-05-09 12:37:24'),
(27, 'GARNIER', 1, NULL, NULL, NULL, NULL, NULL, NULL, NULL, '2023-05-10 11:55:15', '2023-05-10 11:55:15'),
(28, 'ROYAL RICE', 1, NULL, NULL, NULL, NULL, NULL, NULL, NULL, '2023-07-25 15:06:48', '2023-07-25 15:06:48');

-- --------------------------------------------------------

--
-- Table structure for table `setting_hsn`
--

CREATE TABLE `setting_hsn` (
  `id` int(11) NOT NULL,
  `hsn_code` varchar(200) DEFAULT NULL,
  `gst_percentage` int(11) NOT NULL DEFAULT '0',
  `status` int(11) NOT NULL DEFAULT '1',
  `updated_at` timestamp NOT NULL DEFAULT CURRENT_TIMESTAMP,
  `created_at` timestamp NULL DEFAULT NULL
) ENGINE=InnoDB DEFAULT CHARSET=utf8mb4;

--
-- Dumping data for table `setting_hsn`
--

INSERT INTO `setting_hsn` (`id`, `hsn_code`, `gst_percentage`, `status`, `updated_at`, `created_at`) VALUES
(1, '19053211', 18, 1, '2021-10-20 18:37:14', '2021-05-12 08:32:30'),
(3, '19011090', 18, 1, '2021-10-20 18:36:29', '2021-05-30 06:02:19'),
(4, '19023010', 12, 1, '2021-10-20 18:38:11', '2021-10-20 18:38:11'),
(5, '21032000', 12, 1, '2021-10-20 18:46:11', '2021-10-20 18:46:11'),
(6, '04029920', 12, 1, '2021-10-20 18:46:46', '2021-10-20 18:46:46'),
(7, '09023020', 5, 1, '2021-10-29 13:00:32', '2021-10-29 13:00:32'),
(8, '19053100', 18, 1, '2021-10-29 13:01:39', '2021-10-29 13:01:39'),
(9, '20079930', 12, 1, '2021-10-29 13:02:21', '2021-10-29 13:02:21'),
(10, '21011120', 18, 1, '2021-10-29 13:04:16', '2021-10-29 13:04:16'),
(11, '21041010', 18, 1, '2021-10-29 13:04:39', '2021-10-29 13:04:39'),
(12, '21069080', 18, 1, '2021-10-29 13:05:08', '2021-10-29 13:05:08'),
(13, '21069099', 18, 1, '2021-10-29 13:05:33', '2021-10-29 13:05:33'),
(14, '27121090', 18, 1, '2021-10-29 13:06:01', '2021-10-29 13:06:01'),
(16, '33049910', 18, 1, '2021-10-29 13:06:35', '2021-10-29 13:06:35'),
(17, '33049930', 18, 1, '2021-10-29 13:07:30', '2021-10-29 13:07:30'),
(18, '33051090', 18, 1, '2021-10-29 13:07:53', '2021-10-29 13:07:53'),
(19, '33059011', 18, 1, '2021-10-29 13:08:10', '2021-10-29 13:08:10'),
(20, '33061020', 18, 1, '2021-10-29 13:08:33', '2021-10-29 13:08:33'),
(23, '33072000', 18, 1, '2021-10-29 13:10:03', '2021-10-29 13:10:03'),
(24, '34011190', 18, 1, '2021-10-29 13:10:23', '2021-10-29 13:10:23'),
(25, '34011942', 18, 1, '2021-10-29 13:10:40', '2021-10-29 13:10:40'),
(26, '34013019', 18, 1, '2021-10-29 13:11:23', '2021-10-29 13:11:23'),
(27, '34013090', 18, 1, '2021-10-29 13:11:41', '2021-10-29 13:11:41'),
(28, '34022010', 18, 1, '2021-10-29 13:11:59', '2021-10-29 13:11:59'),
(29, '34022020', 18, 1, '2021-10-29 13:12:15', '2021-10-29 13:12:15'),
(30, '34054000', 18, 1, '2021-10-29 13:12:31', '2021-10-29 13:12:31'),
(31, '38089400', 18, 1, '2021-10-29 13:12:44', '2021-10-29 13:12:44'),
(32, '68053000', 18, 1, '2021-10-29 13:13:09', '2021-10-29 13:13:09'),
(33, '11010000', 5, 1, '2021-11-02 22:06:00', '2021-11-02 22:06:00'),
(34, '1104', 5, 1, '2021-11-02 22:06:18', '2021-11-02 22:06:18'),
(36, '11061010', 5, 1, '2021-11-02 22:06:49', '2021-11-02 22:06:49'),
(37, '11062010', 5, 1, '2021-11-02 22:07:03', '2021-11-02 22:07:03'),
(38, '11061000', 5, 1, '2021-11-02 22:07:18', '2021-11-02 22:07:18'),
(39, '1902', 5, 1, '2021-11-02 22:07:39', '2021-11-02 22:07:39'),
(40, '19021900', 12, 1, '2021-11-02 22:08:16', '2021-11-02 22:08:16'),
(41, '19059040', 0, 1, '2021-11-02 22:08:39', '2021-11-02 22:08:39'),
(42, '21061000', 12, 1, '2021-11-02 22:09:02', '2021-11-02 22:09:02'),
(43, '09041200', 5, 1, '2021-11-02 22:13:32', '2021-11-02 22:13:32'),
(44, '09042210', 5, 1, '2021-11-02 22:13:59', '2021-11-02 22:13:59'),
(45, '09092110', 5, 1, '2021-11-02 22:14:49', '2021-11-02 22:14:29'),
(46, '09092200', 5, 1, '2021-11-02 22:15:13', '2021-11-02 22:15:13'),
(47, '09093129', 5, 1, '2021-11-02 22:15:29', '2021-11-02 22:15:29'),
(48, '0910', 5, 1, '2021-11-02 22:15:57', '2021-11-02 22:15:57'),
(49, '09103030', 5, 1, '2021-11-02 22:16:22', '2021-11-02 22:16:22'),
(50, '09109100', 5, 1, '2021-11-02 22:16:42', '2021-11-02 22:16:42'),
(51, '09109919', 5, 1, '2021-11-02 22:17:37', '2021-11-02 22:17:37'),
(52, '12075010', 5, 1, '2021-11-02 22:18:01', '2021-11-02 22:18:01'),
(53, '13019013', 5, 1, '2021-11-02 22:18:22', '2021-11-02 22:18:22'),
(54, '25010010', 0, 1, '2021-11-02 22:18:50', '2021-11-02 22:18:50'),
(55, '28363000', 18, 1, '2021-11-02 22:19:11', '2021-11-02 22:19:11'),
(56, '3004', 12, 1, '2021-11-03 00:52:39', '2021-11-03 00:52:39'),
(57, '3401', 18, 1, '2021-11-03 00:52:54', '2021-11-03 00:52:54'),
(58, '3808', 18, 1, '2021-11-03 00:53:24', '2021-11-03 00:53:24'),
(59, '3307', 18, 1, '2021-11-03 00:53:40', '2021-11-03 00:53:40'),
(60, '09042211', 5, 1, '2021-11-03 22:32:47', '2021-11-03 22:32:47'),
(61, '33074900', 18, 1, '2021-11-06 17:56:57', '2021-11-05 22:06:15'),
(63, '30049011', 12, 1, '2021-11-06 17:57:11', '2021-11-05 22:08:14'),
(64, '34011941', 18, 1, '2021-11-06 17:57:29', '2021-11-05 22:08:40'),
(65, '34022010', 18, 1, '2021-11-06 17:57:51', '2021-11-05 22:09:41'),
(66, '96190010', 0, 1, '2021-11-05 22:10:48', '2021-11-05 22:10:48'),
(67, '96190030', 12, 1, '2021-11-06 17:58:08', '2021-11-05 22:11:55'),
(69, '96032100', 18, 1, '2021-11-06 17:56:38', '2021-11-05 22:13:34'),
(70, '82121010', 18, 1, '2021-11-06 17:56:27', '2021-11-05 22:13:49'),
(72, '82122019', 18, 1, '2021-11-06 17:56:00', '2021-11-05 22:15:01'),
(74, '33071090', 18, 1, '2021-11-06 17:55:33', '2021-11-05 22:16:04'),
(75, '33071010', 18, 1, '2021-11-06 17:55:16', '2021-11-05 22:16:25'),
(76, '33049990', 18, 1, '2021-11-06 17:55:03', '2021-11-05 22:16:50'),
(77, '33073090', 18, 1, '2021-11-11 18:01:19', '2021-11-11 18:01:19'),
(78, '82122011', 18, 1, '2021-12-02 16:28:53', '2021-12-02 16:28:53'),
(79, '34011930', 18, 1, '2021-12-03 00:18:13', '2021-12-03 00:18:13'),
(80, '33049120', 18, 1, '2022-01-04 23:32:40', '2022-01-04 23:32:40'),
(81, '33851090', 18, 1, '2022-01-10 00:35:21', '2022-01-10 00:35:21'),
(82, '34025000', 18, 1, '2022-10-02 21:29:41', '2022-10-02 21:29:41'),
(83, '19019090', 18, 1, '2022-10-08 13:48:56', '2022-10-08 13:48:56'),
(84, '33059040', 18, 1, '2022-10-15 22:42:38', '2022-10-15 22:42:38'),
(85, '14049090', 5, 1, '2022-10-15 22:45:18', '2022-10-15 22:45:18'),
(86, '38089191', 18, 1, '2022-10-15 22:48:14', '2022-10-15 22:48:14'),
(87, '38089192', 18, 1, '2022-10-15 22:51:28', '2022-10-15 22:51:28'),
(88, '09062000', 5, 1, '2022-10-17 15:21:25', '2022-10-17 15:21:25'),
(89, '15121910', 5, 1, '2022-10-28 14:16:59', '2022-10-28 14:16:59'),
(90, '15149920', 5, 1, '2022-10-28 14:17:20', '2022-10-28 14:17:20');

-- --------------------------------------------------------

--
-- Table structure for table `setting_rack`
--

CREATE TABLE `setting_rack` (
  `id` int(11) NOT NULL,
  `rack_name` varchar(200) DEFAULT NULL,
  `status` int(11) NOT NULL DEFAULT '1',
  `updated_at` timestamp NOT NULL DEFAULT CURRENT_TIMESTAMP,
  `created_at` timestamp NULL DEFAULT NULL
) ENGINE=InnoDB DEFAULT CHARSET=utf8mb4;

--
-- Dumping data for table `setting_rack`
--

INSERT INTO `setting_rack` (`id`, `rack_name`, `status`, `updated_at`, `created_at`) VALUES
(1, 'Demo', 1, '2021-05-27 09:17:39', '2021-05-27 09:17:39');

-- --------------------------------------------------------

--
-- Table structure for table `setting_sku_list`
--

CREATE TABLE `setting_sku_list` (
  `id` int(11) NOT NULL,
  `sku` varchar(200) DEFAULT NULL,
  `image` varchar(255) DEFAULT NULL,
  `status` int(11) NOT NULL DEFAULT '1',
  `updated_at` timestamp NOT NULL DEFAULT CURRENT_TIMESTAMP,
  `created_at` timestamp NULL DEFAULT NULL
) ENGINE=InnoDB DEFAULT CHARSET=utf8mb4;

--
-- Dumping data for table `setting_sku_list`
--

INSERT INTO `setting_sku_list` (`id`, `sku`, `image`, `status`, `updated_at`, `created_at`) VALUES
(1, 'TOOTH BRUSH', '578342023tooth-brush.jpg', 1, '2021-10-20 17:24:44', '2021-05-12 08:41:34'),
(2, 'FACE POWDER', '101659553facepowder.jpg', 1, '2021-10-20 17:25:13', '2021-05-28 19:53:36'),
(3, 'TOOTHPASTE', '1913078779toothpaste.jpg', 1, '2021-10-20 17:25:44', '2021-05-28 19:56:42'),
(5, 'BATH BAR & GEL', '639458277bath.jpg', 1, '2021-10-20 17:28:36', '2021-05-28 19:57:16'),
(6, 'HAND WASH & SANITIZER', '524694716hand-wash-&-sanitizer.jpg', 1, '2021-10-20 17:29:46', '2021-05-28 19:57:37'),
(7, 'HAIR COLOUR', '2099787208hair-color.jpg', 1, '2021-11-16 15:26:34', '2021-05-28 19:58:13'),
(8, 'HAIR OIL & SERUM', '312369390hair-oil-serum.jpg', 1, '2021-10-20 17:32:28', '2021-05-28 19:58:27'),
(9, 'SHAMPOO & CONDITIONER', '1912367476shampoo-&-conditioner.jpg', 1, '2021-10-20 17:31:32', '2021-05-28 19:58:51'),
(10, 'MOUTH FRESH', '691151453mouth-fresh.jpg', 1, '2021-10-20 17:23:04', '2021-05-28 19:59:12'),
(12, 'FACE WASH', '325393932face-wash.jpg', 1, '2021-10-20 17:22:39', '2021-08-12 11:56:16'),
(13, 'FACE CREAM', '841632761face-cream.jpg', 1, '2021-10-20 17:22:04', '2021-08-12 11:56:57'),
(14, 'EYE CARE', '953147287eye-care.jpg', 1, '2021-10-20 17:21:29', '2021-08-12 11:57:08'),
(15, 'SANITARY NAPKINS', '1366038886sanitary-napkins.jpg', 1, '2021-10-20 17:20:42', '2021-08-16 14:36:37'),
(16, 'HAIR REMOVAL', '77346255hair-removal.jpg', 1, '2021-10-20 17:20:13', '2021-08-16 14:37:05'),
(17, 'SAVING CREAM', '311775597saving-cream.jpg', 1, '2021-10-20 17:19:47', '2021-08-16 15:12:23'),
(18, 'SAVING LOTION', '834398413saving-lotion.jpg', 1, '2021-10-20 17:19:15', '2021-08-16 15:12:37'),
(19, 'SAVING ESSENTIAL', '1060871146saving-essential.jpg', 1, '2021-10-20 17:18:40', '2021-08-16 15:22:26'),
(20, 'DETERGENT POWDER & LIQUID', '611454873detergent-powder-&-liquid.jpg', 1, '2021-10-20 17:18:13', '2021-08-16 15:24:00'),
(21, 'DETERGENTS BAR', '849316153detergents-bar.jpg', 1, '2021-10-20 17:17:34', '2021-08-16 15:24:15'),
(22, 'FABRIC PRE POST WASH', '1096862855pabric-and-post-wash.jpg', 1, '2021-10-20 17:17:04', '2021-08-16 15:24:32'),
(23, 'FLOOR & TOILET CLEANER', '1243616056floor-&-toilet-cleaner.jpg', 1, '2021-10-20 17:15:47', '2021-08-16 15:24:49'),
(24, 'CAR FRESHENER', '285478161car-freshener.jpg', 1, '2021-10-20 17:14:38', '2021-08-16 15:26:05'),
(25, 'AIR FRESHENER', '2097104349air-freshener.jpg', 1, '2021-10-20 17:14:08', '2021-08-16 15:26:20'),
(26, 'INSECT REPELLENT', '1958769537insect-repellent.jpg', 1, '2021-10-20 17:13:00', '2021-08-16 15:26:36'),
(27, 'MOSQUITO REPELLENT', '908713746mosquito-repellent.jpg', 1, '2021-10-20 17:12:18', '2021-08-16 15:26:49'),
(28, 'BABY POWDER, OIL & LOTION', '1090943743baby-powder,-oil-&-lotion.jpg', 1, '2021-10-20 17:11:14', '2021-08-16 15:27:23'),
(29, 'BABY SHOPS & SHAMPOO', '1916239159baby-shop-and-sampoo.jpg', 1, '2021-10-20 17:10:17', '2021-08-16 15:27:51'),
(30, 'SCRUB PAD', '938544807scrub-pad.jpg', 1, '2021-10-20 17:08:32', '2021-08-16 15:28:40'),
(31, 'DUST CLOTH & WIPES', '82676784dust-cloth-&-wipes.jpg', 1, '2021-10-20 17:07:45', '2021-08-16 15:28:54'),
(32, 'DUSBIN, BROOMS & DUST PANS', '696420021dustbin,-brooms-&-dust-pans.jpg', 1, '2021-10-20 17:07:03', '2021-08-16 15:29:12'),
(33, 'TOILET & OTHER BRUSH', '1289241313toilet and other brush.jpg', 1, '2021-10-20 17:05:12', '2021-08-16 15:29:29'),
(34, 'BABY FOOD', '184334770download.jpg', 1, '2021-11-12 14:15:42', '2021-10-20 16:19:24'),
(35, 'CHOCOLATE', '549435769ChocolateBarBlack_61858ada-bdd2-49c2-b280-4d4df44e7dce.jpg', 1, '2021-11-12 14:17:22', '2021-10-28 22:15:57'),
(36, 'TEA & COFFEE', '205949695hot-tea-coffee-leaves-beans-260nw-1430096537.jpg', 1, '2021-11-12 14:24:31', '2021-10-28 23:29:18'),
(37, 'SAUCE & JAM', '1947868817Fruit-Jams-and-Sauces.jpg', 1, '2021-11-12 14:26:23', '2021-10-29 00:08:53'),
(38, 'NOODLE & PASTA', '2659028Best-Noodles-Pasta-In-India.jpg', 1, '2021-11-12 14:28:54', '2021-10-29 02:30:21'),
(39, 'CONCEND MILK', '1523495302k_archive_8cf1d61a04b47c60575e46a0e733886f60a5953e.jpg', 1, '2021-11-12 14:31:39', '2021-10-29 02:54:30'),
(40, 'BODY LOCTION', '122573326pixabay_body-lotion_1200.jpg', 1, '2021-11-12 14:34:51', '2021-10-31 15:41:35'),
(41, 'MILK & COCEND MILK', '299882317images.jpg', 1, '2021-11-12 14:37:49', '2021-11-02 12:49:01'),
(42, 'GHEE & CHEESE', '1155175736images-(1).jpg', 1, '2021-11-12 14:41:56', '2021-11-02 12:51:04'),
(43, 'DEO & PERFUM', '89476449intro-1593114618.jpg', 1, '2021-11-12 14:44:55', '2021-11-02 16:46:31'),
(44, 'BLENDED SPICE', '1504518854download-(2).jpg', 1, '2021-11-12 14:45:58', '2021-11-02 16:50:04'),
(45, 'WHOLE SPICE', '1518432300download-(3).jpg', 1, '2021-11-12 14:46:59', '2021-11-02 16:50:58'),
(46, 'PROCES ITEAM', '1458193838process-item.jpg', 1, '2021-11-12 17:04:35', '2021-11-02 16:52:05'),
(47, 'DIPERS', '1554073310FarmLife_6.jpg', 1, '2021-11-12 14:48:46', '2021-11-02 16:57:30'),
(48, 'NUTRATION POWDER', '1581914575images-(3).jpg', 1, '2021-11-12 14:51:25', '2021-11-02 16:59:47'),
(49, 'NUTRATION DRINK', '865960202protein-drink-royalty-free-image-1569598904.jpg', 1, '2021-11-12 14:55:28', '2021-11-02 17:00:01'),
(50, 'FLOUR', '826573879download-(4).jpg', 1, '2021-11-12 14:56:23', '2021-11-03 00:35:46'),
(51, 'DALS', '1920516352download-(5).jpg', 1, '2021-11-12 14:59:37', '2021-11-03 00:38:59'),
(52, 'ANTISEPTIC LIQUID &  CREAM', '1833360792organii-spf15-facial-sun-cream-texture.jpg', 1, '2021-11-12 15:04:44', '2021-11-03 00:50:17'),
(53, 'PAIN RELIVER', '1713727100arthritis-creams_thumb-732x549.jpg', 1, '2021-11-12 15:06:32', '2021-11-03 01:15:28'),
(54, 'SOUP', '1469824866download-(6).jpg', 1, '2021-11-12 15:09:34', '2021-11-09 16:39:37'),
(55, 'BISCUIT', '1092201453biscuit.jpg', 1, '2022-01-06 15:48:25', '2021-11-16 15:31:40'),
(56, 'MUSTARD OIL', '401058185mustard-oil.jpg', 1, '2022-01-06 15:40:58', '2022-01-02 16:15:26'),
(57, 'REFINED OIL', '206994626refind-oil.jpg', 1, '2022-01-06 15:39:44', '2022-01-02 16:16:04'),
(58, 'SUGAR', '1327507232sugar.jpg', 1, '2022-01-06 15:36:07', '2022-01-02 17:09:03'),
(59, 'BABY CREAM', '814298998baby-cream.jpg', 1, '2022-01-06 15:34:17', '2022-01-04 17:41:16'),
(60, 'ELECTRICAL SERVICE', '1463763855electrician.jpg', 1, '2022-02-01 17:54:41', '2022-01-19 16:40:39'),
(61, 'LED WALL BULB', NULL, 1, '2022-03-27 19:52:21', '2022-03-27 19:52:21'),
(62, 'LED INVERTOR BULB', NULL, 1, '2022-03-27 19:53:05', '2022-03-27 19:53:05'),
(63, 'LED BATTEN BULB', NULL, 1, '2022-03-27 19:53:53', '2022-03-27 19:53:53'),
(64, 'ZERO LIGHT BULB', NULL, 1, '2022-03-27 19:54:21', '2022-03-27 19:54:21'),
(65, 'MILK POWDER', NULL, 1, '2022-03-29 03:50:16', '2022-03-29 03:50:16'),
(66, 'DRY FRUITS', NULL, 1, '2022-07-28 03:07:01', '2022-07-28 03:07:01'),
(67, 'AGARBATI', NULL, 1, '2022-07-28 03:45:18', '2022-07-28 03:45:18'),
(68, 'MIXTURE', NULL, 1, '2022-07-30 02:26:01', '2022-07-30 02:26:01'),
(69, 'PICKLE', NULL, 1, '2022-07-30 02:54:30', '2022-07-30 02:54:30'),
(70, 'PAMPAD', NULL, 1, '2022-08-04 01:41:37', '2022-08-04 01:41:37'),
(71, 'RICE', NULL, 1, '2022-08-04 03:52:46', '2022-08-04 03:52:46'),
(72, 'KARPURA', NULL, 1, '2022-08-04 04:09:02', '2022-08-04 04:09:02'),
(73, 'NALI', NULL, 1, '2022-08-04 11:56:51', '2022-08-04 11:56:51'),
(74, 'PUJA BHOGA', NULL, 1, '2022-08-04 12:17:23', '2022-08-04 12:17:23'),
(75, 'BALITA', NULL, 1, '2022-08-04 12:36:44', '2022-08-04 12:36:44'),
(76, 'EAR CARE', NULL, 1, '2022-08-04 12:39:54', '2022-08-04 12:39:54'),
(77, 'JHUNA', NULL, 1, '2022-08-04 12:46:11', '2022-08-04 12:46:11'),
(78, 'BATTERY', NULL, 1, '2022-08-17 04:06:46', '2022-08-17 04:06:46'),
(79, 'CHAIN ITEAM', NULL, 1, '2023-05-19 01:22:47', '2023-05-19 01:22:47');

-- --------------------------------------------------------

--
-- Table structure for table `setting_storage`
--

CREATE TABLE `setting_storage` (
  `id` int(11) NOT NULL,
  `storage_name` varchar(200) DEFAULT NULL,
  `status` int(11) NOT NULL DEFAULT '1',
  `updated_at` timestamp NOT NULL DEFAULT CURRENT_TIMESTAMP,
  `created_at` timestamp NULL DEFAULT NULL
) ENGINE=InnoDB DEFAULT CHARSET=utf8mb4;

--
-- Dumping data for table `setting_storage`
--

INSERT INTO `setting_storage` (`id`, `storage_name`, `status`, `updated_at`, `created_at`) VALUES
(1, 'Costly', 1, '2021-05-26 00:14:29', '2021-05-26 00:14:35'),
(3, 'normal', 1, '2021-05-29 12:32:32', '2021-05-29 12:32:32'),
(4, '18* c', 1, '2021-05-29 12:33:19', '2021-05-29 12:33:19');

-- --------------------------------------------------------

--
-- Table structure for table `setting_unit`
--

CREATE TABLE `setting_unit` (
  `id` int(11) NOT NULL,
  `unit_name` varchar(200) DEFAULT NULL,
  `updated_at` timestamp NOT NULL DEFAULT CURRENT_TIMESTAMP,
  `created_at` timestamp NULL DEFAULT NULL
) ENGINE=InnoDB DEFAULT CHARSET=utf8mb4;

--
-- Dumping data for table `setting_unit`
--

INSERT INTO `setting_unit` (`id`, `unit_name`, `updated_at`, `created_at`) VALUES
(3, 'PCS', '2021-05-06 18:52:08', '2021-05-04 00:06:29'),
(4, 'BAG', '2021-05-05 16:23:36', '2021-05-05 16:23:36'),
(5, 'CASE', '2021-05-15 22:25:34', '2021-05-15 22:25:34');

-- --------------------------------------------------------

--
-- Table structure for table `stock_record`
--

CREATE TABLE `stock_record` (
  `id` int(11) NOT NULL,
  `productId` int(11) DEFAULT NULL,
  `previousStock` int(11) DEFAULT '0',
  `stockAdded` int(11) DEFAULT '0',
  `sku` varchar(255) DEFAULT NULL,
  `created_at` timestamp NULL DEFAULT NULL,
  `updated_at` timestamp NULL DEFAULT CURRENT_TIMESTAMP,
  `userId` int(11) DEFAULT NULL
) ENGINE=InnoDB DEFAULT CHARSET=utf8mb4;

-- --------------------------------------------------------

--
-- Table structure for table `wishlist`
--

CREATE TABLE `wishlist` (
  `id` int(11) NOT NULL,
  `productId` int(11) NOT NULL,
  `userId` int(11) NOT NULL,
  `updated_at` timestamp NOT NULL DEFAULT CURRENT_TIMESTAMP ON UPDATE CURRENT_TIMESTAMP,
  `created_at` timestamp NOT NULL DEFAULT '0000-00-00 00:00:00'
) ENGINE=InnoDB DEFAULT CHARSET=utf8 COLLATE=utf8_unicode_ci;

--
-- Dumping data for table `wishlist`
--

INSERT INTO `wishlist` (`id`, `productId`, `userId`, `updated_at`, `created_at`) VALUES
(1, 188, 22, '2021-11-30 19:40:23', '2021-11-30 19:40:23'),
(2, 536, 228, '2022-01-11 19:29:39', '2022-01-11 19:29:39'),
(3, 226, 230, '2022-01-12 04:20:58', '2022-01-12 04:20:58'),
(4, 601, 228, '2022-01-12 23:33:24', '2022-01-12 23:33:24'),
(5, 709, 282, '2022-02-07 02:05:15', '2022-02-07 02:05:15'),
(6, 56, 441, '2022-02-25 17:41:10', '2022-02-25 17:41:10'),
(7, 570, 153, '2022-03-01 01:23:39', '2022-03-01 01:23:39'),
(9, 781, 670, '2022-04-05 19:27:18', '2022-04-05 19:27:18'),
(10, 780, 604, '2022-04-06 23:48:08', '2022-04-06 23:48:08'),
(11, 199, 722, '2022-04-16 13:19:42', '2022-04-16 13:19:42'),
(12, 632, 443, '2022-05-03 15:16:21', '2022-05-03 15:16:21'),
(13, 300, 443, '2022-05-03 15:20:20', '2022-05-03 15:20:20'),
(14, 805, 760, '2022-06-16 14:52:54', '2022-06-16 14:52:54'),
(15, 815, 638, '2022-07-26 14:42:24', '2022-07-26 14:42:24'),
(16, 903, 523, '2022-08-07 16:56:38', '2022-08-07 16:56:38'),
(17, 1212, 523, '2022-08-31 17:36:47', '2022-08-31 17:36:47'),
(18, 1301, 379, '2022-09-08 12:56:14', '2022-09-08 12:56:14'),
(19, 1267, 448, '2022-12-01 16:57:03', '2022-12-01 16:57:03'),
(20, 2050, 1957, '2023-06-08 15:50:53', '2023-06-08 15:50:53'),
(21, 2047, 1110, '2023-07-07 15:20:14', '2023-07-07 15:20:14'),
(22, 2104, 1949, '2023-07-21 17:54:26', '2023-07-21 17:54:26'),
(23, 2105, 1949, '2023-07-21 17:58:00', '2023-07-21 17:58:00'),
(24, 1881, 2068, '2023-08-11 23:27:38', '2023-08-11 23:27:38'),
(25, 1675, 2110, '2023-09-05 22:50:43', '2023-09-05 22:50:43');

-- --------------------------------------------------------

--
-- Table structure for table `wishlists`
--

CREATE TABLE `wishlists` (
  `id` int(11) NOT NULL,
  `userId` int(11) DEFAULT NULL,
  `productId` int(11) DEFAULT NULL,
  `status` int(11) NOT NULL DEFAULT '1',
  `updated_at` timestamp NOT NULL DEFAULT CURRENT_TIMESTAMP ON UPDATE CURRENT_TIMESTAMP,
  `created_at` timestamp NULL DEFAULT NULL
) ENGINE=InnoDB DEFAULT CHARSET=utf8mb4;

--
-- Indexes for dumped tables
--

--
-- Indexes for table `addresses`
--
ALTER TABLE `addresses`
  ADD PRIMARY KEY (`id`);

--
-- Indexes for table `agent_commissions`
--
ALTER TABLE `agent_commissions`
  ADD PRIMARY KEY (`id`);

--
-- Indexes for table `banners`
--
ALTER TABLE `banners`
  ADD PRIMARY KEY (`id`);

--
-- Indexes for table `blogs`
--
ALTER TABLE `blogs`
  ADD PRIMARY KEY (`id`);

--
-- Indexes for table `cash_payment`
--
ALTER TABLE `cash_payment`
  ADD PRIMARY KEY (`id`);

--
-- Indexes for table `categories`
--
ALTER TABLE `categories`
  ADD PRIMARY KEY (`id`);

--
-- Indexes for table `cluster`
--
ALTER TABLE `cluster`
  ADD PRIMARY KEY (`id`);

--
-- Indexes for table `coupon_codes`
--
ALTER TABLE `coupon_codes`
  ADD PRIMARY KEY (`id`);

--
-- Indexes for table `credit_note`
--
ALTER TABLE `credit_note`
  ADD PRIMARY KEY (`id`);

--
-- Indexes for table `customer_groups`
--
ALTER TABLE `customer_groups`
  ADD PRIMARY KEY (`id`);

--
-- Indexes for table `debit_note`
--
ALTER TABLE `debit_note`
  ADD PRIMARY KEY (`id`);

--
-- Indexes for table `deliveryperson`
--
ALTER TABLE `deliveryperson`
  ADD PRIMARY KEY (`id`);

--
-- Indexes for table `expenses`
--
ALTER TABLE `expenses`
  ADD PRIMARY KEY (`id`);

--
-- Indexes for table `failed_jobs`
--
ALTER TABLE `failed_jobs`
  ADD PRIMARY KEY (`id`);

--
-- Indexes for table `faqs`
--
ALTER TABLE `faqs`
  ADD PRIMARY KEY (`id`);

--
-- Indexes for table `find_stocks`
--
ALTER TABLE `find_stocks`
  ADD PRIMARY KEY (`id`);

--
-- Indexes for table `migrations`
--
ALTER TABLE `migrations`
  ADD PRIMARY KEY (`id`);

--
-- Indexes for table `options`
--
ALTER TABLE `options`
  ADD PRIMARY KEY (`option_id`);

--
-- Indexes for table `option_values`
--
ALTER TABLE `option_values`
  ADD PRIMARY KEY (`option_value_id`);

--
-- Indexes for table `orders`
--
ALTER TABLE `orders`
  ADD PRIMARY KEY (`id`);

--
-- Indexes for table `order_details`
--
ALTER TABLE `order_details`
  ADD PRIMARY KEY (`id`);

--
-- Indexes for table `pages`
--
ALTER TABLE `pages`
  ADD PRIMARY KEY (`id`);

--
-- Indexes for table `parties`
--
ALTER TABLE `parties`
  ADD PRIMARY KEY (`id`);

--
-- Indexes for table `products`
--
ALTER TABLE `products`
  ADD PRIMARY KEY (`id`);

--
-- Indexes for table `product_image`
--
ALTER TABLE `product_image`
  ADD PRIMARY KEY (`id`);

--
-- Indexes for table `product_reviews`
--
ALTER TABLE `product_reviews`
  ADD PRIMARY KEY (`id`);

--
-- Indexes for table `product_varients`
--
ALTER TABLE `product_varients`
  ADD PRIMARY KEY (`id`);

--
-- Indexes for table `retailers_product`
--
ALTER TABLE `retailers_product`
  ADD PRIMARY KEY (`id`);

--
-- Indexes for table `sales_target`
--
ALTER TABLE `sales_target`
  ADD PRIMARY KEY (`id`);

--
-- Indexes for table `settings`
--
ALTER TABLE `settings`
  ADD PRIMARY KEY (`id`);

--
-- Indexes for table `settings_city`
--
ALTER TABLE `settings_city`
  ADD PRIMARY KEY (`id`);

--
-- Indexes for table `settings_localities`
--
ALTER TABLE `settings_localities`
  ADD PRIMARY KEY (`id`);

--
-- Indexes for table `settings_states`
--
ALTER TABLE `settings_states`
  ADD PRIMARY KEY (`id`);

--
-- Indexes for table `settings_taxs`
--
ALTER TABLE `settings_taxs`
  ADD PRIMARY KEY (`id`);

--
-- Indexes for table `setting_company`
--
ALTER TABLE `setting_company`
  ADD PRIMARY KEY (`id`);

--
-- Indexes for table `setting_hsn`
--
ALTER TABLE `setting_hsn`
  ADD PRIMARY KEY (`id`);

--
-- Indexes for table `setting_rack`
--
ALTER TABLE `setting_rack`
  ADD PRIMARY KEY (`id`);

--
-- Indexes for table `setting_sku_list`
--
ALTER TABLE `setting_sku_list`
  ADD PRIMARY KEY (`id`);

--
-- Indexes for table `setting_storage`
--
ALTER TABLE `setting_storage`
  ADD PRIMARY KEY (`id`);

--
-- Indexes for table `setting_unit`
--
ALTER TABLE `setting_unit`
  ADD PRIMARY KEY (`id`);

--
-- Indexes for table `stock_record`
--
ALTER TABLE `stock_record`
  ADD PRIMARY KEY (`id`);

--
-- Indexes for table `wishlist`
--
ALTER TABLE `wishlist`
  ADD PRIMARY KEY (`id`);

--
-- Indexes for table `wishlists`
--
ALTER TABLE `wishlists`
  ADD PRIMARY KEY (`id`);

--
-- AUTO_INCREMENT for dumped tables
--

--
-- AUTO_INCREMENT for table `addresses`
--
ALTER TABLE `addresses`
  MODIFY `id` int(11) NOT NULL AUTO_INCREMENT, AUTO_INCREMENT=5;

--
-- AUTO_INCREMENT for table `agent_commissions`
--
ALTER TABLE `agent_commissions`
  MODIFY `id` int(11) NOT NULL AUTO_INCREMENT, AUTO_INCREMENT=1416;

--
-- AUTO_INCREMENT for table `banners`
--
ALTER TABLE `banners`
  MODIFY `id` int(11) NOT NULL AUTO_INCREMENT, AUTO_INCREMENT=7;

--
-- AUTO_INCREMENT for table `blogs`
--
ALTER TABLE `blogs`
  MODIFY `id` bigint(20) NOT NULL AUTO_INCREMENT;

--
-- AUTO_INCREMENT for table `cash_payment`
--
ALTER TABLE `cash_payment`
  MODIFY `id` int(11) NOT NULL AUTO_INCREMENT, AUTO_INCREMENT=15;

--
-- AUTO_INCREMENT for table `categories`
--
ALTER TABLE `categories`
  MODIFY `id` int(11) NOT NULL AUTO_INCREMENT, AUTO_INCREMENT=109;

--
-- AUTO_INCREMENT for table `cluster`
--
ALTER TABLE `cluster`
  MODIFY `id` int(11) NOT NULL AUTO_INCREMENT, AUTO_INCREMENT=5;

--
-- AUTO_INCREMENT for table `coupon_codes`
--
ALTER TABLE `coupon_codes`
  MODIFY `id` int(11) NOT NULL AUTO_INCREMENT, AUTO_INCREMENT=2;

--
-- AUTO_INCREMENT for table `credit_note`
--
ALTER TABLE `credit_note`
  MODIFY `id` int(11) NOT NULL AUTO_INCREMENT;

--
-- AUTO_INCREMENT for table `customer_groups`
--
ALTER TABLE `customer_groups`
  MODIFY `id` int(11) NOT NULL AUTO_INCREMENT, AUTO_INCREMENT=3;

--
-- AUTO_INCREMENT for table `debit_note`
--
ALTER TABLE `debit_note`
  MODIFY `id` int(11) NOT NULL AUTO_INCREMENT;

--
-- AUTO_INCREMENT for table `deliveryperson`
--
ALTER TABLE `deliveryperson`
  MODIFY `id` int(11) NOT NULL AUTO_INCREMENT, AUTO_INCREMENT=6;

--
-- AUTO_INCREMENT for table `expenses`
--
ALTER TABLE `expenses`
  MODIFY `id` int(11) NOT NULL AUTO_INCREMENT;

--
-- AUTO_INCREMENT for table `failed_jobs`
--
ALTER TABLE `failed_jobs`
  MODIFY `id` bigint(20) UNSIGNED NOT NULL AUTO_INCREMENT;

--
-- AUTO_INCREMENT for table `faqs`
--
ALTER TABLE `faqs`
  MODIFY `id` int(11) NOT NULL AUTO_INCREMENT;

--
-- AUTO_INCREMENT for table `find_stocks`
--
ALTER TABLE `find_stocks`
  MODIFY `id` int(11) NOT NULL AUTO_INCREMENT, AUTO_INCREMENT=33441;

--
-- AUTO_INCREMENT for table `migrations`
--
ALTER TABLE `migrations`
  MODIFY `id` int(10) UNSIGNED NOT NULL AUTO_INCREMENT, AUTO_INCREMENT=7;

--
-- AUTO_INCREMENT for table `options`
--
ALTER TABLE `options`
  MODIFY `option_id` bigint(20) UNSIGNED NOT NULL AUTO_INCREMENT, AUTO_INCREMENT=7;

--
-- AUTO_INCREMENT for table `option_values`
--
ALTER TABLE `option_values`
  MODIFY `option_value_id` bigint(20) UNSIGNED NOT NULL AUTO_INCREMENT, AUTO_INCREMENT=118;

--
-- AUTO_INCREMENT for table `orders`
--
ALTER TABLE `orders`
  MODIFY `id` int(11) NOT NULL AUTO_INCREMENT, AUTO_INCREMENT=7180;

--
-- AUTO_INCREMENT for table `order_details`
--
ALTER TABLE `order_details`
  MODIFY `id` int(11) NOT NULL AUTO_INCREMENT, AUTO_INCREMENT=25926;

--
-- AUTO_INCREMENT for table `pages`
--
ALTER TABLE `pages`
  MODIFY `id` int(11) NOT NULL AUTO_INCREMENT, AUTO_INCREMENT=3;

--
-- AUTO_INCREMENT for table `parties`
--
ALTER TABLE `parties`
  MODIFY `id` int(11) NOT NULL AUTO_INCREMENT, AUTO_INCREMENT=18;

--
-- AUTO_INCREMENT for table `products`
--
ALTER TABLE `products`
  MODIFY `id` int(11) NOT NULL AUTO_INCREMENT, AUTO_INCREMENT=2294;

--
-- AUTO_INCREMENT for table `product_image`
--
ALTER TABLE `product_image`
  MODIFY `id` int(11) NOT NULL AUTO_INCREMENT, AUTO_INCREMENT=5;

--
-- AUTO_INCREMENT for table `product_reviews`
--
ALTER TABLE `product_reviews`
  MODIFY `id` int(11) NOT NULL AUTO_INCREMENT;

--
-- AUTO_INCREMENT for table `product_varients`
--
ALTER TABLE `product_varients`
  MODIFY `id` int(11) NOT NULL AUTO_INCREMENT, AUTO_INCREMENT=5498;

--
-- AUTO_INCREMENT for table `retailers_product`
--
ALTER TABLE `retailers_product`
  MODIFY `id` int(11) NOT NULL AUTO_INCREMENT, AUTO_INCREMENT=22155;

--
-- AUTO_INCREMENT for table `sales_target`
--
ALTER TABLE `sales_target`
  MODIFY `id` int(11) NOT NULL AUTO_INCREMENT, AUTO_INCREMENT=11;

--
-- AUTO_INCREMENT for table `settings`
--
ALTER TABLE `settings`
  MODIFY `id` int(11) NOT NULL AUTO_INCREMENT, AUTO_INCREMENT=2;

--
-- AUTO_INCREMENT for table `settings_city`
--
ALTER TABLE `settings_city`
  MODIFY `id` int(11) NOT NULL AUTO_INCREMENT, AUTO_INCREMENT=6;

--
-- AUTO_INCREMENT for table `settings_localities`
--
ALTER TABLE `settings_localities`
  MODIFY `id` int(11) NOT NULL AUTO_INCREMENT, AUTO_INCREMENT=96;

--
-- AUTO_INCREMENT for table `settings_states`
--
ALTER TABLE `settings_states`
  MODIFY `id` int(11) NOT NULL AUTO_INCREMENT, AUTO_INCREMENT=2;

--
-- AUTO_INCREMENT for table `settings_taxs`
--
ALTER TABLE `settings_taxs`
  MODIFY `id` int(11) NOT NULL AUTO_INCREMENT;

--
-- AUTO_INCREMENT for table `setting_company`
--
ALTER TABLE `setting_company`
  MODIFY `id` int(11) NOT NULL AUTO_INCREMENT, AUTO_INCREMENT=29;

--
-- AUTO_INCREMENT for table `setting_hsn`
--
ALTER TABLE `setting_hsn`
  MODIFY `id` int(11) NOT NULL AUTO_INCREMENT, AUTO_INCREMENT=91;

--
-- AUTO_INCREMENT for table `setting_rack`
--
ALTER TABLE `setting_rack`
  MODIFY `id` int(11) NOT NULL AUTO_INCREMENT, AUTO_INCREMENT=2;

--
-- AUTO_INCREMENT for table `setting_sku_list`
--
ALTER TABLE `setting_sku_list`
  MODIFY `id` int(11) NOT NULL AUTO_INCREMENT, AUTO_INCREMENT=80;

--
-- AUTO_INCREMENT for table `setting_storage`
--
ALTER TABLE `setting_storage`
  MODIFY `id` int(11) NOT NULL AUTO_INCREMENT, AUTO_INCREMENT=5;

--
-- AUTO_INCREMENT for table `setting_unit`
--
ALTER TABLE `setting_unit`
  MODIFY `id` int(11) NOT NULL AUTO_INCREMENT, AUTO_INCREMENT=6;

--
-- AUTO_INCREMENT for table `stock_record`
--
ALTER TABLE `stock_record`
  MODIFY `id` int(11) NOT NULL AUTO_INCREMENT;

--
-- AUTO_INCREMENT for table `wishlist`
--
ALTER TABLE `wishlist`
  MODIFY `id` int(11) NOT NULL AUTO_INCREMENT, AUTO_INCREMENT=26;

--
-- AUTO_INCREMENT for table `wishlists`
--
ALTER TABLE `wishlists`
  MODIFY `id` int(11) NOT NULL AUTO_INCREMENT;
COMMIT;

